000
CXUS55 KABR 161400
CF6PIR
PRELIMINARY LOCAL CLIMATOLOGICAL DATA (WS FORM: F-6)

                                          STATION:   PIERRE SD
                                          MONTH:     JANUARY
                                          YEAR:      2019
                                          LATITUDE:   44 22 N
                                          LONGITUDE: 100 17 W

  TEMPERATURE IN F:       :PCPN:    SNOW:  WIND      :SUNSHINE: SKY     :PK WND
================================================================================
1   2   3   4   5  6A  6B    7    8   9   10  11  12  13   14  15   16   17  18
                                     12Z  AVG MX 2MIN
DY MAX MIN AVG DEP HDD CDD  WTR  SNW DPTH SPD SPD DIR MIN PSBL S-S WX    SPD DR
================================================================================

 1   8  -7   1 -19  64   0 0.00  0.0    4  7.6 16 340   M    M   3        20 340
 2  37   1  19  -1  46   0    T    T    4 12.2 22 290   M    M   3 8      31 280
 3  42  27  35  15  30   0 0.00  0.0    4 12.7 22 240   M    M   0        28 250
 4  47  28  38  18  27   0 0.00  0.0    3  8.4 16 270   M    M   0        20 280
 5  47  28  38  18  27   0 0.00  0.0    2  6.2 16  80   M    M   0 1      20  90
 6  33  26  30  10  35   0 0.00  0.0    2 13.0 25 120   M    M   9 12     32 120
 7  45  29  37  17  28   0 0.00  0.0    1 11.0 28 320   M    M   4 1      37 310
 8  37  25  31  11  34   0 0.00  0.0    1 20.6 35 320   M    M   1        45 300
 9  25  11  18  -2  47   0 0.00  0.0    1 12.2 22 120   M    M   0        29 120
10  33  18  26   6  39   0 0.00  0.0    1  6.1 16 120   M    M   0        21 130
11  38  16  27   7  38   0 0.00  0.0    1  6.5 15  10   M    M   0        19  10
12  19  15  17  -3  48   0    T    T    T  5.8 15 360   M    M  10 1      18  10
13  34  17  26   6  39   0    T    T    0  7.4 14 190   M    M   8 12     17 170
14  25  18  22   2  43   0 0.00  0.0    0  5.0 13  10   M    M  10 12     16 360
15  38  20  29   9  36   0 0.00  0.0    0  9.7 23  10   M    M   8 12     27 360
================================================================================
SM  508  272       581   0    T     T    144.4          M       56
================================================================================
AV 33.9 18.1                               9.6 FASTST   M    M   4    MAX(MPH)
                                 MISC ---->  # 35 320               # 45  300
================================================================================
NOTES:
# LAST OF SEVERAL OCCURRENCES

COLUMN 17 PEAK WIND IN M.P.H.

PRELIMINARY LOCAL CLIMATOLOGICAL DATA (WS FORM: F-6) , PAGE 2

                                          STATION:  PIERRE SD
                                          MONTH:    JANUARY
                                          YEAR:     2019
                                          LATITUDE:   44 22 N
                                          LONGITUDE: 100 17 W

[TEMPERATURE DATA]      [PRECIPITATION DATA]       SYMBOLS USED IN COLUMN 16

AVERAGE MONTHLY: 26.0   TOTAL FOR MONTH:      T    1 = FOG OR MIST
DPTR FM NORMAL:   6.0   DPTR FM NORMAL:   -0.22    2 = FOG REDUCING VISIBILITY
HIGHEST:    47 ON  5, 4 GRTST 24HR  0.02 ON 31- 1      TO 1/4 MILE OR LESS
LOWEST:     -7 ON  1                               3 = THUNDER
                        SNOW, ICE PELLETS, HAIL    4 = ICE PELLETS
                        TOTAL MONTH:    T          5 = HAIL
                        GRTST 24HR    T  ON 13-13  6 = FREEZING RAIN OR DRIZZLE
                        GRTST DEPTH:   4 ON  3, 2  7 = DUSTSTORM OR SANDSTORM:
                                                       VSBY 1/2 MILE OR LESS
                                                   8 = SMOKE OR HAZE
[NO. OF DAYS WITH]      [WEATHER - DAYS WITH]      9 = BLOWING SNOW
                                                   X = TORNADO
MAX 32 OR BELOW:   4    0.01 INCH OR MORE:   0
MAX 90 OR ABOVE:   0    0.10 INCH OR MORE:   0
MIN 32 OR BELOW:  15    0.50 INCH OR MORE:   0
MIN  0 OR BELOW:   1    1.00 INCH OR MORE:   0

[HDD (BASE 65) ]
TOTAL THIS MO.   581    CLEAR  (SCALE 0-3)   9
DPTR FM NORMAL   -99    PTCLDY (SCALE 4-7)   3
TOTAL FM JUL 1  3533    CLOUDY (SCALE 8-10)  3
DPTR FM NORMAL  -109

[CDD (BASE 65) ]
TOTAL THIS MO.     0
DPTR FM NORMAL     0    [PRESSURE DATA]
TOTAL FM JAN 1     0    HIGHEST SLP M ON M
DPTR FM NORMAL     0    LOWEST  SLP 29.48 ON  7

[REMARKS]
