980
CXUS53 KFGF 210915
CF6PKD
PRELIMINARY LOCAL CLIMATOLOGICAL DATA (WS FORM: F-6)

                                          STATION:   PARK RAPIDS MN
                                          MONTH:     OCTOBER
                                          YEAR:      2019
                                          LATITUDE:   46 54 N
                                          LONGITUDE:  95  4 W

  TEMPERATURE IN F:       :PCPN:    SNOW:  WIND      :SUNSHINE: SKY     :PK WND
================================================================================
1   2   3   4   5  6A  6B    7    8   9   10  11  12  13   14  15   16   17  18
                                     12Z  AVG MX 2MIN
DY MAX MIN AVG DEP HDD CDD  WTR  SNW DPTH SPD SPD DIR MIN PSBL S-S WX    SPD DR
================================================================================

 1  50  42  46  -3  19   0 0.00  0.0    0 10.0 16  10   M    M   8 1      24 350
 2  46  39  43  -6  22   0 0.20    M    0  6.9 15  60   M    M  10 1      20  10
 3  46  37  42  -6  23   0 0.06    M    M  7.9 15 340   M    M  10 1      19 340
 4  47  42  45  -3  20   0 0.01    M    0 11.8 20 140   M    M  10 1      27 160
 5  52  43  48   1  17   0 0.93    M    M 14.4 28 300   M    M   9 1      36 290
 6  57  39  48   1  17   0 0.01    M    0 12.3 26 290   M    M   6        38 300
 7  63  34  49   2  16   0 0.00    M    M  7.9 16 220   M    M   0        21 240
 8  69  43  56  10   9   0 0.00    M    0 15.0 30 180   M    M   0        42 170
 9  70  49  60  14   5   0 0.00    M    M 13.1 23 170   M    M   3        30 170
10  59  38  49   4  16   0 0.92    M    M  8.6 21 300   M    M   9 18     26 270
11  38  31  35 -10  30   0 0.10    M    M 13.9 22 250   M    M  10 18     29 230
12  35  31  33 -12  32   0 0.12    M    M 12.8 20 300   M    M   9 18     29 240
13  40  29  35  -9  30   0 0.02    M    M 10.2 21 310   M    M   8 1      26 310
14  45  29  37  -7  28   0 0.00    M    M  4.3 12 250   M    M   7        14 230
15  42  31  37  -6  28   0 0.02    M    M  9.5 18 330   M    M   9        24 330
16  46  36  41  -2  24   0 0.00    M    M  4.9 13 310   M    M  10 1      16 330
17  55  28  42   0  23   0 0.00  0.0    0  9.4 18 140   M    M   3 12     24 150
18  63  43  53  11  12   0 0.00  0.0    0 14.3 25 150   M    M   3        34 150
19  61  33  47   5  18   0 0.00  0.0    0  6.0 21 270   M    M   1        28 230
20  57  27  42   1  23   0 0.01  0.0    0  3.8 13  70   M    M   3        17  90
================================================================================
SM 1041  724       412   0  2.40     0.0 197.0          M      128
================================================================================
AV 52.1 36.2                               9.8 FASTST   M    M   6    MAX(MPH)
                                 MISC ---->  # 30 180               # 42  170
================================================================================
NOTES:
# LAST OF SEVERAL OCCURRENCES

COLUMN 17 PEAK WIND IN M.P.H.

PRELIMINARY LOCAL CLIMATOLOGICAL DATA (WS FORM: F-6) , PAGE 2

                                          STATION:  PARK RAPIDS MN
                                          MONTH:    OCTOBER
                                          YEAR:     2019
                                          LATITUDE:   46 54 N
                                          LONGITUDE:  95  4 W

[TEMPERATURE DATA]      [PRECIPITATION DATA]       SYMBOLS USED IN COLUMN 16

AVERAGE MONTHLY: 44.1   TOTAL FOR MONTH:   2.40    1 = FOG OR MIST
DPTR FM NORMAL:  -1.0   DPTR FM NORMAL:    0.47    2 = FOG REDUCING VISIBILITY
HIGHEST:    70 ON  9    GRTST 24HR  0.93 ON  5- 5      TO 1/4 MILE OR LESS
LOWEST:     27 ON 20                               3 = THUNDER
                        SNOW, ICE PELLETS, HAIL    4 = ICE PELLETS
                        TOTAL MONTH:   0.0 INCH    5 = HAIL
                        GRTST 24HR     0.0         6 = FREEZING RAIN OR DRIZZLE
                        GRTST DEPTH:   0           7 = DUSTSTORM OR SANDSTORM:
                                                       VSBY 1/2 MILE OR LESS
                                                   8 = SMOKE OR HAZE
[NO. OF DAYS WITH]      [WEATHER - DAYS WITH]      9 = BLOWING SNOW
                                                   X = TORNADO
MAX 32 OR BELOW:   0    0.01 INCH OR MORE:  11
MAX 90 OR ABOVE:   0    0.10 INCH OR MORE:   5
MIN 32 OR BELOW:   7    0.50 INCH OR MORE:   2
MIN  0 OR BELOW:   0    1.00 INCH OR MORE:   0

[HDD (BASE 65) ]
TOTAL THIS MO.   412    CLEAR  (SCALE 0-3)   7
DPTR FM NORMAL    14    PTCLDY (SCALE 4-7)   3
TOTAL FM JUL 1   722    CLOUDY (SCALE 8-10) 10
DPTR FM NORMAL   -74

[CDD (BASE 65) ]
TOTAL THIS MO.     0
DPTR FM NORMAL     0    [PRESSURE DATA]
TOTAL FM JAN 1   331    HIGHEST SLP M ON M
DPTR FM NORMAL    31    LOWEST  SLP 29.37 ON 12

[REMARKS]
