000
CXUS55 KPAH 190628
CF6POF
PRELIMINARY LOCAL CLIMATOLOGICAL DATA (WS FORM: F-6)

                                          STATION:   POPLAR BLUFF MO
                                          MONTH:     JANUARY
                                          YEAR:      2019
                                          LATITUDE:   36 46 N
                                          LONGITUDE:  90 19 W

  TEMPERATURE IN F:       :PCPN:    SNOW:  WIND      :SUNSHINE: SKY     :PK WND
================================================================================
1   2   3   4   5  6A  6B    7    8   9   10  11  12  13   14  15   16   17  18
                                     12Z  AVG MX 2MIN
DY MAX MIN AVG DEP HDD CDD  WTR  SNW DPTH SPD SPD DIR MIN PSBL S-S WX    SPD DR
================================================================================

 1  44  38  41   6  24   0 0.00    M    M  7.0 14 350   M    M  10        19 360
 2  40  36  38   3  27   0 0.00    M    M  3.5  9 230   M    M   8        14 310
 3  40  35  38   3  27   0 0.00    M    M  5.9 14  20   M    M   5        19  20
 4  41  35  38   3  27   0 1.37    M    M  9.3 22  10   M    M   8 1      34  30
 5  56  32  44   9  21   0 0.00  0.0    0  5.5 10 210   M    M   0 1      14 220
 6  58  33  46  11  19   0 0.00    M    M  4.1 13 200   M    M   1 12     18 190
 7  59  51  55  20  10   0 0.01    M    M 12.7 24 210   M    M   7 1      36 190
 8  60  42  51  16  14   0 0.00    M    M  9.6 23 300   M    M   4 12     37 300
 9  47  32  40   5  25   0 0.00    M    M  9.0 18 300   M    M   0        25 280
10  38  26  32  -3  33   0 0.00    M    M  4.8 13  20   M    M   0 8      16  20
11  33  25  29  -6  36   0 0.28    M    0  5.1 12  70   M    M   9 16     16 110
12  42  33  38   3  27   0 0.44    M    M  7.2 14 100   M    M  10 1      19  70
13  38  32  35   0  30   0 0.01    M    M 10.1 16 340   M    M  10 1      21 350
14  38  32  35   0  30   0    T    M    M  3.0  9 350   M    M  10 1      12 340
15  39  32  36   1  29   0 0.00    M    M  6.0 13 210   M    M   9 1      18 210
16  43  29  36   1  29   0 0.00    M    M  2.2  7 150   M    M   8 12     10 150
17  50  40  45  10  20   0 0.17    M    M  4.1 10 360   M    M   9 1      14 350
18  47  41  44   9  21   0 0.23    M    M  7.0 13 120   M    M  10 13     20 110
================================================================================
SM  813  624       449   0  2.51     0.0 116.1          M      118
================================================================================
AV 45.2 34.7                               6.4 FASTST   M    M   7    MAX(MPH)
                                 MISC ---->  # 24 210               # 37  300
================================================================================
NOTES:
# LAST OF SEVERAL OCCURRENCES

COLUMN 17 PEAK WIND IN M.P.H.

PRELIMINARY LOCAL CLIMATOLOGICAL DATA (WS FORM: F-6) , PAGE 2

                                          STATION:  POPLAR BLUFF MO
                                          MONTH:    JANUARY
                                          YEAR:     2019
                                          LATITUDE:   36 46 N
                                          LONGITUDE:  90 19 W

[TEMPERATURE DATA]      [PRECIPITATION DATA]       SYMBOLS USED IN COLUMN 16

AVERAGE MONTHLY: 39.9   TOTAL FOR MONTH:   2.51    1 = FOG OR MIST
DPTR FM NORMAL:   4.9   DPTR FM NORMAL:    0.32    2 = FOG REDUCING VISIBILITY
HIGHEST:    60 ON  8    GRTST 24HR  1.37 ON  4- 4      TO 1/4 MILE OR LESS
LOWEST:     25 ON 11                               3 = THUNDER
                        SNOW, ICE PELLETS, HAIL    4 = ICE PELLETS
                        TOTAL MONTH:   0.0 INCH    5 = HAIL
                        GRTST 24HR     0.0         6 = FREEZING RAIN OR DRIZZLE
                        GRTST DEPTH:   0           7 = DUSTSTORM OR SANDSTORM:
                                                       VSBY 1/2 MILE OR LESS
                                                   8 = SMOKE OR HAZE
[NO. OF DAYS WITH]      [WEATHER - DAYS WITH]      9 = BLOWING SNOW
                                                   X = TORNADO
MAX 32 OR BELOW:   0    0.01 INCH OR MORE:   7
MAX 90 OR ABOVE:   0    0.10 INCH OR MORE:   5
MIN 32 OR BELOW:   8    0.50 INCH OR MORE:   1
MIN  0 OR BELOW:   0    1.00 INCH OR MORE:   1

[HDD (BASE 65) ]
TOTAL THIS MO.   449    CLEAR  (SCALE 0-3)   4
DPTR FM NORMAL   -91    PTCLDY (SCALE 4-7)   4
TOTAL FM JUL 1  2119    CLOUDY (SCALE 8-10) 10
DPTR FM NORMAL   -62

[CDD (BASE 65) ]
TOTAL THIS MO.     0
DPTR FM NORMAL     0    [PRESSURE DATA]
TOTAL FM JAN 1     0    HIGHEST SLP M ON M
DPTR FM NORMAL     0    LOWEST  SLP 29.62 ON  4

[REMARKS]
