000
CXUS55 KALY 160710
CF6POU
PRELIMINARY LOCAL CLIMATOLOGICAL DATA (WS FORM: F-6)

                                          STATION:   POUGHKEEPSIE NY
                                          MONTH:     OCTOBER
                                          YEAR:      2019
                                          LATITUDE:   41 37 N
                                          LONGITUDE:  73 53 W

  TEMPERATURE IN F:       :PCPN:    SNOW:  WIND      :SUNSHINE: SKY     :PK WND
================================================================================
1   2   3   4   5  6A  6B    7    8   9   10  11  12  13   14  15   16   17  18
                                     12Z  AVG MX 2MIN
DY MAX MIN AVG DEP HDD CDD  WTR  SNW DPTH SPD SPD DIR MIN PSBL S-S WX    SPD DR
================================================================================

 1  82  59  71  14   0   6 0.00    M    M  5.4 17 240   M    M   5        23 240
 2  88  54  71  15   0   6    T    M    M  8.0 22  20   M    M   6        27  10
 3  54  47  51  -5  14   0 0.33    M    M  4.7 16  30   M    M  10 18     22  40
 4  60  40  50  -6  15   0 0.00    M    M  6.9 22  30   M    M   6 12     29  40
 5  61  32  47  -8  18   0 0.00    M    M  2.2 12 360   M    M   0        13  10
 6  69  41  55   0  10   0 0.00    M    M  4.0 12 210   M    M  10        18 170
 7  72  58  65  11   0   0 0.45    M    M  5.8 17  10   M    M  10 1      21 240
 8  65  48  57   3   8   0 0.06    M    M  4.3 13  10   M    M   1 12     17  10
 9  61  48  55   2  10   0 0.14    M    M  7.7 22  20   M    M   5        31  20
10  69  50  60   7   5   0 0.00    M    M  6.3 17  10   M    M   6        22  40
11  65  43  54   1  11   0 0.00    M    M  8.2 20  40   M    M   6        27 360
12  68  49  59   7   6   0 0.00    M    M  1.6 10  30   M    M   7        13  20
13  65  44  55   3  10   0 0.00    M    M  2.8 12 350   M    M   3        15  50
14  72  42  57   5   8   0 0.00    M    M  5.3 15  20   M    M   2        21 360
15  63  36  50  -1  15   0 0.00    M    M  0.5  7 210   M    M   0        11 230
================================================================================
SM 1014  691       130  12  0.98    M     73.7          M       77
================================================================================
AV 67.6 46.1                               4.9 FASTST   M    M   5    MAX(MPH)
                                 MISC ---->  # 22  20               # 31   20
================================================================================
NOTES:
# LAST OF SEVERAL OCCURRENCES

COLUMN 17 PEAK WIND IN M.P.H.

PRELIMINARY LOCAL CLIMATOLOGICAL DATA (WS FORM: F-6) , PAGE 2

                                          STATION:  POUGHKEEPSIE NY
                                          MONTH:    OCTOBER
                                          YEAR:     2019
                                          LATITUDE:   41 37 N
                                          LONGITUDE:  73 53 W

[TEMPERATURE DATA]      [PRECIPITATION DATA]       SYMBOLS USED IN COLUMN 16

AVERAGE MONTHLY: 56.8   TOTAL FOR MONTH:   0.98    1 = FOG OR MIST
DPTR FM NORMAL:   2.9   DPTR FM NORMAL:   -1.27    2 = FOG REDUCING VISIBILITY
HIGHEST:    88 ON  2    GRTST 24HR  0.45 ON  7- 7      TO 1/4 MILE OR LESS
LOWEST:     32 ON  5                               3 = THUNDER
                        SNOW, ICE PELLETS, HAIL    4 = ICE PELLETS
                        TOTAL MONTH:    M          5 = HAIL
                        GRTST 24HR    M  ON   M    6 = FREEZING RAIN OR DRIZZLE
                        GRTST DEPTH:  M  ON   M    7 = DUSTSTORM OR SANDSTORM:
                                                       VSBY 1/2 MILE OR LESS
                                                   8 = SMOKE OR HAZE
[NO. OF DAYS WITH]      [WEATHER - DAYS WITH]      9 = BLOWING SNOW
                                                   X = TORNADO
MAX 32 OR BELOW:   0    0.01 INCH OR MORE:   4
MAX 90 OR ABOVE:   0    0.10 INCH OR MORE:   3
MIN 32 OR BELOW:   1    0.50 INCH OR MORE:   0
MIN  0 OR BELOW:   0    1.00 INCH OR MORE:   0

[HDD (BASE 65) ]
TOTAL THIS MO.   130    CLEAR  (SCALE 0-3)   5
DPTR FM NORMAL   -42    PTCLDY (SCALE 4-7)   7
TOTAL FM JUL 1   197    CLOUDY (SCALE 8-10)  3
DPTR FM NORMAL  -115

[CDD (BASE 65) ]
TOTAL THIS MO.    12
DPTR FM NORMAL    12    [PRESSURE DATA]
TOTAL FM JAN 1   807    HIGHEST SLP M ON M
DPTR FM NORMAL   139    LOWEST  SLP 29.77 ON  2

[REMARKS]
