000
CXUS56 KLOX 241655
CF6PRB
PRELIMINARY LOCAL CLIMATOLOGICAL DATA (WS FORM: F-6)

                                          STATION:   PASO ROBLES AIRPORT CA
                                          MONTH:     JANUARY
                                          YEAR:      2020
                                          LATITUDE:   35 40 N
                                          LONGITUDE: 120 38 W

  TEMPERATURE IN F:       :PCPN:    SNOW:  WIND      :SUNSHINE: SKY     :PK WND
================================================================================
1   2   3   4   5  6A  6B    7    8   9   10  11  12  13   14  15   16   17  18
                                     12Z  AVG MX 2MIN
DY MAX MIN AVG DEP HDD CDD  WTR  SNW DPTH SPD SPD DIR MIN PSBL S-S WX    SPD DR
================================================================================

 1  62  35  49   3  16   0 0.00  0.0    0  5.9 20 330   M    M   1 1      25 330
 2  62  41  52   6  13   0 0.00  0.0    0  4.4 13 100   M    M   5 12     16 110
 3  69  35  52   6  13   0 0.00  0.0    0  2.1  9 240   M    M   0        11 230
 4  62  34  48   2  17   0 0.00  0.0    0  3.6 10 310   M    M   1 1      12 300
 5  60  39  50   4  15   0 0.00  0.0    0  6.7 20 340   M    M   5 12     23 320
 6  62  32  47   1  18   0 0.00  0.0    0  3.7 15 110   M    M   0        18 100
 7  61  31  46  -1  19   0 0.00  0.0    0  2.4 16 320   M    M   0 1      20 310
 8  57  36  47   0  18   0 0.00  0.0    0  5.9 18  90   M    M   6 12     22  80
 9  56  39  48   1  17   0 0.03    M    0  5.9 22 340   M    M   7 1      26 340
10  59  31  45  -2  20   0 0.00  0.0    0  2.6 13 120   M    M   0        15 120
11  56  35  46  -1  19   0 0.00  0.0    0  4.6 18 350   M    M   6 1      23 340
12  56  32  44  -3  21   0 0.00  0.0    0  4.7 14 320   M    M   3 12     17 320
13  57  31  44  -3  21   0 0.00  0.0    0  2.3  9  90   M    M   4 12     11  90
14  56  32  44  -3  21   0 0.00  0.0    0  5.2 16 330   M    M   6 12     20 330
15  59  30  45  -2  20   0 0.00  0.0    0  4.8 13  90   M    M   0 1      15  90
16  51  34  43  -4  22   0 0.57    M    0  8.3 29 180   M    M   6 1      38 180
17  52  32  42  -5  23   0 0.00  0.0    0  3.4 13 100   M    M   4 12     16  90
18  54  32  43  -4  22   0 0.00  0.0    0  6.8 16 100   M    M   0 1      20  90
19  51  32  42  -5  23   0 0.00  0.0    0  1.7 13  40   M    M   0 12     17  90
20  55  42  49   2  16   0    T    M    0  2.1  8 190   M    M   5 1      10 200
21  62  43  53   5  12   0 0.00  0.0    0  3.3 12 200   M    M   3 1      14 190
22  64  44  54   6  11   0    T    M    0  3.3 12  80   M    M   7 8      15  90
23  67  43  55   7  10   0 0.00  0.0    0  4.5 14  90   M    M   2 1      18  90
================================================================================
SM 1350  815       407   0  0.60     0.0  98.2          M       71
================================================================================
AV 58.7 35.4                               4.3 FASTST   M    M   3    MAX(MPH)
                                 MISC ---->  # 29 180               # 38  180
================================================================================
NOTES:
# LAST OF SEVERAL OCCURRENCES

COLUMN 17 PEAK WIND IN M.P.H.

PRELIMINARY LOCAL CLIMATOLOGICAL DATA (WS FORM: F-6) , PAGE 2

                                          STATION:  PASO ROBLES AIRPORT CA
                                          MONTH:    JANUARY
                                          YEAR:     2020
                                          LATITUDE:   35 40 N
                                          LONGITUDE: 120 38 W

[TEMPERATURE DATA]      [PRECIPITATION DATA]       SYMBOLS USED IN COLUMN 16

AVERAGE MONTHLY: 47.1   TOTAL FOR MONTH:   0.60    1 = FOG OR MIST
DPTR FM NORMAL:   0.2   DPTR FM NORMAL:   -1.44    2 = FOG REDUCING VISIBILITY
HIGHEST:    69 ON  3    GRTST 24HR  0.57 ON 16-16      TO 1/4 MILE OR LESS
LOWEST:     30 ON 15                               3 = THUNDER
                        SNOW, ICE PELLETS, HAIL    4 = ICE PELLETS
                        TOTAL MONTH:   0.0 INCH    5 = HAIL
                        GRTST 24HR     0.0         6 = FREEZING RAIN OR DRIZZLE
                        GRTST DEPTH:   0           7 = DUSTSTORM OR SANDSTORM:
                                                       VSBY 1/2 MILE OR LESS
                                                   8 = SMOKE OR HAZE
[NO. OF DAYS WITH]      [WEATHER - DAYS WITH]      9 = BLOWING SNOW
                                                   X = TORNADO
MAX 32 OR BELOW:   0    0.01 INCH OR MORE:   2
MAX 90 OR ABOVE:   0    0.10 INCH OR MORE:   1
MIN 32 OR BELOW:  10    0.50 INCH OR MORE:   1
MIN  0 OR BELOW:   0    1.00 INCH OR MORE:   0

[HDD (BASE 65) ]
TOTAL THIS MO.   407    CLEAR  (SCALE 0-3)  11
DPTR FM NORMAL    -9    PTCLDY (SCALE 4-7)  12
TOTAL FM JUL 1  1329    CLOUDY (SCALE 8-10)  0
DPTR FM NORMAL  -211

[CDD (BASE 65) ]
TOTAL THIS MO.     0
DPTR FM NORMAL     0    [PRESSURE DATA]
TOTAL FM JAN 1     0    HIGHEST SLP M ON M
DPTR FM NORMAL     0    LOWEST  SLP 29.85 ON  9

[REMARKS]
