000
CXUS55 KALY 230710
CF6PSF
PRELIMINARY LOCAL CLIMATOLOGICAL DATA (WS FORM: F-6)

                                          STATION:   PITTSFIELD MA
                                          MONTH:     FEBRUARY
                                          YEAR:      2018
                                          LATITUDE:   42 25 N
                                          LONGITUDE:  73 18 W

  TEMPERATURE IN F:       :PCPN:    SNOW:  WIND      :SUNSHINE: SKY     :PK WND
================================================================================
1   2   3   4   5  6A  6B    7    8   9   10  11  12  13   14  15   16   17  18
                                     12Z  AVG MX 2MIN
DY MAX MIN AVG DEP HDD CDD  WTR  SNW DPTH SPD SPD DIR MIN PSBL S-S WX    SPD DR
================================================================================

 1  40  24  32  11  33   0 0.09    M    M  5.0 17 220   M    M   9 18     26 210
 2  34   5  20  -1  45   0 0.09    M    M 13.2 29 290   M    M   7 189    40 310
 3  23  -3  10 -11  55   0 0.00    M    M  6.9 16 290   M    M   1        25 290
 4  38  23  31   9  34   0 0.87    M    M  8.7 23 180   M    M  10 128    32 180
 5  35   8  22   0  43   0    T    M    M 12.8 35 290   M    M   5 18     45 270
 6  28   8  18  -4  47   0    T    M    M  4.8 13 300   M    M   6 8      17 240
 7  32   8  20  -2  45   0 0.56    M    M  6.3 25 300   M    M   7 1268   37 290
 8  23   9  16  -6  49   0    T    M    M  7.8 24 290   M    M   6        35 290
 9  30   4  17  -5  48   0    T    M    M  5.5 18 190   M    M   7 8      26 190
10  45  30  38  15  27   0 0.09    M    M  7.3 18 230   M    M  10 128    25 200
11  53  36  45  22  20   0 0.58    M    M  4.0 15 220   M    M  10 12     25 210
12  52  20  36  13  29   0 0.03    M    M 12.3 24 270   M    M   5 1      38 300
13  29  14  22  -1  43   0 0.00    M    M  5.4 14 310   M    M   1        20 310
14  44  22  33   9  32   0 0.00    M    M  5.2 15 220   M    M   6 1      20 230
15  52  28  40  16  25   0    T    M    M  2.6 15 250   M    M   6 12     18 240
16  47  27  37  13  28   0 0.12    M    M  9.7 29 290   M    M   9 12     39 270
17  35  19  27   3  38   0 0.22    M    M  5.4 15 200   M    M   3 1      24 150
18  33  17  25   1  40   0 0.10    M    M  9.9 30 280   M    M   8 18     40 300
19  45  13  29   4  36   0 0.37    M    M  6.5 18 190   M    M   5 1      28 240
20  64  39  52  27  13   0 0.02    M    M  4.9 15 220   M    M   5 12     23 200
21  73  39  56  31   9   0    T    M    M  9.8 29 300   M    M   4 12     34 290
22  39  25  32   7  33   0 0.18    M    M  3.0 16 290   M    M   8 128    22 290
================================================================================
SM  894  415       772   0  3.32    M    157.0          M      138
================================================================================
AV 40.6 18.9                               7.1 FASTST   M    M   6    MAX(MPH)
                                 MISC ---->  # 35 290               # 45  270
================================================================================
NOTES:
# LAST OF SEVERAL OCCURRENCES

COLUMN 17 PEAK WIND IN M.P.H.

PRELIMINARY LOCAL CLIMATOLOGICAL DATA (WS FORM: F-6) , PAGE 2

                                          STATION:  PITTSFIELD MA
                                          MONTH:    FEBRUARY
                                          YEAR:     2018
                                          LATITUDE:   42 25 N
                                          LONGITUDE:  73 18 W

[TEMPERATURE DATA]      [PRECIPITATION DATA]       SYMBOLS USED IN COLUMN 16

AVERAGE MONTHLY: 29.8   TOTAL FOR MONTH:   3.32    1 = FOG OR MIST
DPTR FM NORMAL:   6.7   DPTR FM NORMAL:    1.21    2 = FOG REDUCING VISIBILITY
HIGHEST:    73 ON 21    GRTST 24HR  0.87 ON  4- 4      TO 1/4 MILE OR LESS
LOWEST:     -3 ON  3                               3 = THUNDER
                        SNOW, ICE PELLETS, HAIL    4 = ICE PELLETS
                        TOTAL MONTH:    M          5 = HAIL
                        GRTST 24HR    M  ON   M    6 = FREEZING RAIN OR DRIZZLE
                        GRTST DEPTH:  M  ON   M    7 = DUSTSTORM OR SANDSTORM:
                                                       VSBY 1/2 MILE OR LESS
                                                   8 = SMOKE OR HAZE
[NO. OF DAYS WITH]      [WEATHER - DAYS WITH]      9 = BLOWING SNOW
                                                   X = TORNADO
MAX 32 OR BELOW:   6    0.01 INCH OR MORE:  13
MAX 90 OR ABOVE:   0    0.10 INCH OR MORE:   8
MIN 32 OR BELOW:  19    0.50 INCH OR MORE:   3
MIN  0 OR BELOW:   1    1.00 INCH OR MORE:   0

[HDD (BASE 65) ]
TOTAL THIS MO.   772    CLEAR  (SCALE 0-3)   3
DPTR FM NORMAL  -152    PTCLDY (SCALE 4-7)  14
TOTAL FM JUL 1  4675    CLOUDY (SCALE 8-10)  5
DPTR FM NORMAL  -474

[CDD (BASE 65) ]
TOTAL THIS MO.     0
DPTR FM NORMAL     0    [PRESSURE DATA]
TOTAL FM JAN 1     0    HIGHEST SLP M ON M
DPTR FM NORMAL     0    LOWEST  SLP 29.57 ON 16

[REMARKS]
