000
CXUS55 KALY 230710
CF6PSF
PRELIMINARY LOCAL CLIMATOLOGICAL DATA (WS FORM: F-6)

                                          STATION:   PITTSFIELD MA
                                          MONTH:     JANUARY
                                          YEAR:      2019
                                          LATITUDE:   42 25 N
                                          LONGITUDE:  73 18 W

  TEMPERATURE IN F:       :PCPN:    SNOW:  WIND      :SUNSHINE: SKY     :PK WND
================================================================================
1   2   3   4   5  6A  6B    7    8   9   10  11  12  13   14  15   16   17  18
                                     12Z  AVG MX 2MIN
DY MAX MIN AVG DEP HDD CDD  WTR  SNW DPTH SPD SPD DIR MIN PSBL S-S WX    SPD DR
================================================================================

 1  49  27  38  16  27   0 0.07    M    M 15.0 35 290   M    M   9 1      50 290
 2  32  19  26   5  39   0 0.00    M    M  4.8 14 280   M    M   2        19 290
 3  36  29  33  12  32   0    T    M    M  8.8 24 290   M    M  10 18     31 280
 4  41  25  33  12  32   0 0.00    M    M  4.3 13 240   M    M   2        19 230
 5  39  29  34  13  31   0 0.45    M    M  4.1 16 300   M    M   7 16     19 300
 6  38  19  29   8  36   0 0.02    M    M 13.8 31 300   M    M   8 18     45 310
 7  24  11  18  -2  47   0 0.00    M    M  7.1 16 140   M    M   2        25 330
 8  40  24  32  12  33   0 0.17    M    M  6.1 17 120   M    M  10 18     27 130
 9  38  28  33  13  32   0 0.51    M    M 15.6 31 290   M    M   9 128    47 320
10  28  19  24   4  41   0    T    M    M 16.4 29 300   M    M  10 8      38 300
11  20   7  14  -6  51   0    T    M    M 12.1 26 280   M    M   5 8      36 280
12  21   7  14  -6  51   0 0.00    M    M  5.1 15 270   M    M   3        19 320
13  24   6  15  -5  50   0 0.00    M    M  2.5 13 260   M    M   0        14 260
14  26   2  14  -6  51   0    T    M    M  4.7 10 280   M    M   0        12 300
15  27  13  20   0  45   0    T    M    M  4.8 13 280   M    M   6        15 280
16  34  18  26   6  39   0    T    M    M 10.5 26 290   M    M   8 8      40 280
17  24   6  15  -5  50   0 0.00    M    M  3.4 16 320   M    M   2        23 300
18  32  19  26   6  39   0 0.01    M    M  5.2 15 300   M    M  10 18     21 300
19  29  22  26   6  39   0 0.12    M    M  5.0 14 280   M    M  10 18     18  70
20  24  -4  10 -10  55   0 0.75    M    M 14.4 31 290   M    M  10 1689   41 310
21   0 -11  -5 -25  70   0    T    M    M 17.5 33 290   M    M   7 8      46 320
22  17  -3   7 -13  58   0 0.00    M    M  5.6 15 290   M    M   1        26 290
================================================================================
SM  643  312       948   0  2.10    M    186.8          M      131
================================================================================
AV 29.2 14.2                               8.5 FASTST   M    M   6    MAX(MPH)
                                 MISC ---->  # 35 290               # 50  290
================================================================================
NOTES:
# LAST OF SEVERAL OCCURRENCES

COLUMN 17 PEAK WIND IN M.P.H.

PRELIMINARY LOCAL CLIMATOLOGICAL DATA (WS FORM: F-6) , PAGE 2

                                          STATION:  PITTSFIELD MA
                                          MONTH:    JANUARY
                                          YEAR:     2019
                                          LATITUDE:   42 25 N
                                          LONGITUDE:  73 18 W

[TEMPERATURE DATA]      [PRECIPITATION DATA]       SYMBOLS USED IN COLUMN 16

AVERAGE MONTHLY: 21.7   TOTAL FOR MONTH:   2.10    1 = FOG OR MIST
DPTR FM NORMAL:   1.4   DPTR FM NORMAL:   -0.05    2 = FOG REDUCING VISIBILITY
HIGHEST:    49 ON  1    GRTST 24HR  0.75 ON 20-20      TO 1/4 MILE OR LESS
LOWEST:    -11 ON 21                               3 = THUNDER
                        SNOW, ICE PELLETS, HAIL    4 = ICE PELLETS
                        TOTAL MONTH:    M          5 = HAIL
                        GRTST 24HR    M  ON   M    6 = FREEZING RAIN OR DRIZZLE
                        GRTST DEPTH:  M  ON   M    7 = DUSTSTORM OR SANDSTORM:
                                                       VSBY 1/2 MILE OR LESS
                                                   8 = SMOKE OR HAZE
[NO. OF DAYS WITH]      [WEATHER - DAYS WITH]      9 = BLOWING SNOW
                                                   X = TORNADO
MAX 32 OR BELOW:  14    0.01 INCH OR MORE:   8
MAX 90 OR ABOVE:   0    0.10 INCH OR MORE:   5
MIN 32 OR BELOW:  22    0.50 INCH OR MORE:   2
MIN  0 OR BELOW:   3    1.00 INCH OR MORE:   0

[HDD (BASE 65) ]
TOTAL THIS MO.   948    CLEAR  (SCALE 0-3)   8
DPTR FM NORMAL   -35    PTCLDY (SCALE 4-7)   6
TOTAL FM JUL 1  3549    CLOUDY (SCALE 8-10)  8
DPTR FM NORMAL  -272

[CDD (BASE 65) ]
TOTAL THIS MO.     0
DPTR FM NORMAL     0    [PRESSURE DATA]
TOTAL FM JAN 1     0    HIGHEST SLP M ON M
DPTR FM NORMAL     0    LOWEST  SLP 29.41 ON  9

[REMARKS]
