000
CXUS55 KALY 180710
CF6PSF
PRELIMINARY LOCAL CLIMATOLOGICAL DATA (WS FORM: F-6)

                                          STATION:   PITTSFIELD MA
                                          MONTH:     OCTOBER
                                          YEAR:      2019
                                          LATITUDE:   42 25 N
                                          LONGITUDE:  73 18 W

  TEMPERATURE IN F:       :PCPN:    SNOW:  WIND      :SUNSHINE: SKY     :PK WND
================================================================================
1   2   3   4   5  6A  6B    7    8   9   10  11  12  13   14  15   16   17  18
                                     12Z  AVG MX 2MIN
DY MAX MIN AVG DEP HDD CDD  WTR  SNW DPTH SPD SPD DIR MIN PSBL S-S WX    SPD DR
================================================================================

 1  73  56  65  13   0   0 0.23    M    M  6.3 15 250   M    M   6 13     21 240
 2  73  48  61   9   4   0 0.17    M    M  7.8 15 260   M    M  10 1      19 240
 3  50  44  47  -5  18   0 0.28    M    M  5.7 12 130   M    M   9 18     17 140
 4  53  37  45  -6  20   0 0.05    M    M  9.2 23 330   M    M   6 1      32 280
 5  57  29  43  -8  22   0 0.00    M    M  1.5  9 290   M    M   1 12     12 250
 6  64  34  49  -2  16   0    T    M    M  8.8 21 180   M    M   9 18     27 200
 7  64  53  59   9   6   0 0.64    M    M  8.6 18 190   M    M  10 1      27 170
 8  65  46  56   6   9   0 0.05    M    M  2.7 10 360   M    M   1 1      13 360
 9  56  43  50   0  15   0 0.01    M    M  6.4 17  50   M    M   4        24  30
10  68  49  59  10   6   0    T    M    M  9.0 17  50   M    M   3        23  50
11  62  46  54   5  11   0 0.00    M    M  9.7 18  50   M    M   6        25  60
12  66  50  58   9   7   0 0.00    M    M  5.8 15 300   M    M   7        22 300
13  63  39  51   3  14   0 0.00    M    M  4.2 12 230   M    M   1        19 270
14  67  36  52   4  13   0 0.00    M    M  4.3 14 230   M    M   4 1      23 290
15  57  35  46  -2  19   0 0.00    M    M  3.6 12 280   M    M   0 1      15 290
16  58  31  45  -2  20   0 0.92    M    M  7.7 22  70   M    M   6 12     38 110
17  50  42  46  -1  19   0 3.84    M    M 21.0 35 270   M    M  10 1      48 280
================================================================================
SM 1046  718       219   0  6.19    M    122.3          M       93
================================================================================
AV 61.5 42.2                               7.2 FASTST   M    M   5    MAX(MPH)
                                 MISC ---->  # 35 270               # 48  280
================================================================================
NOTES:
# LAST OF SEVERAL OCCURRENCES

COLUMN 17 PEAK WIND IN M.P.H.

PRELIMINARY LOCAL CLIMATOLOGICAL DATA (WS FORM: F-6) , PAGE 2

                                          STATION:  PITTSFIELD MA
                                          MONTH:    OCTOBER
                                          YEAR:     2019
                                          LATITUDE:   42 25 N
                                          LONGITUDE:  73 18 W

[TEMPERATURE DATA]      [PRECIPITATION DATA]       SYMBOLS USED IN COLUMN 16

AVERAGE MONTHLY: 51.9   TOTAL FOR MONTH:   6.19    1 = FOG OR MIST
DPTR FM NORMAL:   2.2   DPTR FM NORMAL:    3.31    2 = FOG REDUCING VISIBILITY
HIGHEST:    73 ON  2, 1 GRTST 24HR  3.84 ON 17-17      TO 1/4 MILE OR LESS
LOWEST:     29 ON  5                               3 = THUNDER
                        SNOW, ICE PELLETS, HAIL    4 = ICE PELLETS
                        TOTAL MONTH:    M          5 = HAIL
                        GRTST 24HR    M  ON   M    6 = FREEZING RAIN OR DRIZZLE
                        GRTST DEPTH:  M  ON   M    7 = DUSTSTORM OR SANDSTORM:
                                                       VSBY 1/2 MILE OR LESS
                                                   8 = SMOKE OR HAZE
[NO. OF DAYS WITH]      [WEATHER - DAYS WITH]      9 = BLOWING SNOW
                                                   X = TORNADO
MAX 32 OR BELOW:   0    0.01 INCH OR MORE:   9
MAX 90 OR ABOVE:   0    0.10 INCH OR MORE:   6
MIN 32 OR BELOW:   2    0.50 INCH OR MORE:   3
MIN  0 OR BELOW:   0    1.00 INCH OR MORE:   1

[HDD (BASE 65) ]
TOTAL THIS MO.   219    CLEAR  (SCALE 0-3)   4
DPTR FM NORMAL   -42    PTCLDY (SCALE 4-7)   8
TOTAL FM JUL 1   401    CLOUDY (SCALE 8-10)  5
DPTR FM NORMAL  -152

[CDD (BASE 65) ]
TOTAL THIS MO.     0
DPTR FM NORMAL     0    [PRESSURE DATA]
TOTAL FM JAN 1   416    HIGHEST SLP M ON M
DPTR FM NORMAL   127    LOWEST  SLP 29.10 ON 17

[REMARKS]
