000
CXUS54 KFWD 180730
CF6RBD
PRELIMINARY LOCAL CLIMATOLOGICAL DATA (WS FORM: F-6)

                                          STATION:   DALLAS EXECUTIVE
                                          MONTH:     NOVEMBER
                                          YEAR:      2018
                                          LATITUDE:   32 40 N
                                          LONGITUDE:  96 52 W

  TEMPERATURE IN F:       :PCPN:    SNOW:  WIND      :SUNSHINE: SKY     :PK WND
================================================================================
1   2   3   4   5  6A  6B    7    8   9   10  11  12  13   14  15   16   17  18
                                     12Z  AVG MX 2MIN
DY MAX MIN AVG DEP HDD CDD  WTR  SNW DPTH SPD SPD DIR MIN PSBL S-S WX    SPD DR
================================================================================

 1  62  47  55  -7  10   0 0.00  0.0    0 11.4 24 360   M    M   3 18     35  10
 2  71  46  59  -3   6   0 0.00  0.0    0  7.8 16 290   M    M   0 8      22 270
 3  74  53  64   2   1   0 0.57  0.0    0 14.3 29 170   M    M   1 13     38 180
 4  64  49  57  -4   8   0 0.00  0.0    0  6.8 14 320   M    M   0        18 350
 5  79  51  65   4   0   0 0.00  0.0    0  8.9 21 200   M    M   4 18     26 230
 6  73  54  64   4   1   0 0.00  0.0    0  7.1 16 120   M    M   4 18     20 120
 7  69  56  63   3   2   0    T  0.0    0 10.4 17  60   M    M   8 1      22  50
 8  56  50  53  -7  12   0 0.47  0.0    0  8.7 16 360   M    M  10 13     20  10
 9  54  40  47 -12  18   0    T  0.0    0 12.7 22 360   M    M   4        29 350
10  51  34  43 -16  22   0 0.00  0.0    0  6.7 13  30   M    M   4        16 140
11  51  44  48 -10  17   0 0.18  0.0    0  9.7 15 120   M    M  10 1      20 150
12  46  33  40 -18  25   0 0.34    M    0 15.9 28 330   M    M  10 1      34 330
13  40  27  34 -24  31   0 0.00  0.0    0 14.3 23 340   M    M   4        30 340
14  47  23  35 -22  30   0 0.00  0.0    0  6.5 16 320   M    M   0        22 330
15  75  34  55  -2  10   0 0.00  0.0    0  6.9 13 190   M    M   0        17 220
16  70  46  58   2   7   0 0.00  0.0    0  7.6 18 180   M    M   0        23 190
17  69  46  58   2   7   0 0.00  0.0    0  9.3 21 170   M    M   1        26 150
================================================================================
SM 1051  733       207   0  1.56     0.0 165.0          M       63
================================================================================
AV 61.8 43.1                               9.7 FASTST   M    M   4    MAX(MPH)
                                 MISC ---->  # 29 170               # 38  180
================================================================================
NOTES:
# LAST OF SEVERAL OCCURRENCES

COLUMN 17 PEAK WIND IN M.P.H.

PRELIMINARY LOCAL CLIMATOLOGICAL DATA (WS FORM: F-6) , PAGE 2

                                          STATION:  DALLAS EXECUTIVE
                                          MONTH:    NOVEMBER
                                          YEAR:     2018
                                          LATITUDE:   32 40 N
                                          LONGITUDE:  96 52 W

[TEMPERATURE DATA]      [PRECIPITATION DATA]       SYMBOLS USED IN COLUMN 16

AVERAGE MONTHLY: 52.5   TOTAL FOR MONTH:   1.56    1 = FOG OR MIST
DPTR FM NORMAL:  -6.7   DPTR FM NORMAL:   -0.39    2 = FOG REDUCING VISIBILITY
HIGHEST:    79 ON  5    GRTST 24HR  0.86 ON 31- 1      TO 1/4 MILE OR LESS
LOWEST:     23 ON 14                               3 = THUNDER
                        SNOW, ICE PELLETS, HAIL    4 = ICE PELLETS
                        TOTAL MONTH:   0.0 INCH    5 = HAIL
                        GRTST 24HR     0.0         6 = FREEZING RAIN OR DRIZZLE
                        GRTST DEPTH:   0           7 = DUSTSTORM OR SANDSTORM:
                                                       VSBY 1/2 MILE OR LESS
                                                   8 = SMOKE OR HAZE
[NO. OF DAYS WITH]      [WEATHER - DAYS WITH]      9 = BLOWING SNOW
                                                   X = TORNADO
MAX 32 OR BELOW:   0    0.01 INCH OR MORE:   4
MAX 90 OR ABOVE:   0    0.10 INCH OR MORE:   4
MIN 32 OR BELOW:   2    0.50 INCH OR MORE:   1
MIN  0 OR BELOW:   0    1.00 INCH OR MORE:   0

[HDD (BASE 65) ]
TOTAL THIS MO.   207    CLEAR  (SCALE 0-3)   8
DPTR FM NORMAL    87    PTCLDY (SCALE 4-7)   6
TOTAL FM JUL 1   317    CLOUDY (SCALE 8-10)  3
DPTR FM NORMAL   121

[CDD (BASE 65) ]
TOTAL THIS MO.     0
DPTR FM NORMAL   -23    [PRESSURE DATA]
TOTAL FM JAN 1  3234    HIGHEST SLP M ON M
DPTR FM NORMAL   671    LOWEST  SLP 29.64 ON  5

[REMARKS]
