000
CXUS51 KPHI 221500
CF6RDG
PRELIMINARY LOCAL CLIMATOLOGICAL DATA (WS FORM: F-6)

                                          STATION:   READING PA
                                          MONTH:     OCTOBER
                                          YEAR:      2019
                                          LATITUDE:   40 22 N
                                          LONGITUDE:  75 58 W

  TEMPERATURE IN F:       :PCPN:    SNOW:  WIND      :SUNSHINE: SKY     :PK WND
================================================================================
1   2   3   4   5  6A  6B    7    8   9   10  11  12  13   14  15   16   17  18
                                     12Z  AVG MX 2MIN
DY MAX MIN AVG DEP HDD CDD  WTR  SNW DPTH SPD SPD DIR MIN PSBL S-S WX    SPD DR
================================================================================

 1  86  63  75  16   0  10 0.00    M    M  4.0 13 210   M    M   5        16 210
 2  93  66  80  22   0  15 0.00    M    M  5.9 21 270   M    M   3 18     24  10
 3  70  53  62   4   3   0 0.14    M    M  5.9 15  20   M    M  10 1      20  20
 4  68  40  54  -4  11   0 0.00    M    M 10.7 25 350   M    M   M        31 360
 5  62  40  51  -6  14   0 0.00    M    M  6.2 13  80   M    M   1        18  90
 6  68  53  61   4   4   0 0.20    M    M  3.7 10 180   M    M  10 1      13 160
 7  73  57  65   8   0   0 0.60    M    M  7.3 20 200   M    M  10 1      25 200
 8  66  54  60   4   5   0 0.00    M    M  5.8 16  60   M    M   5        23  40
 9  63  53  58   2   7   0 0.01    M    M  6.9 18  40   M    M   7        27  20
10  75  52  64   8   1   0 0.00    M    M  5.6 13  50   M    M   5        19  60
11  72  43  58   3   7   0 0.00    M    M  5.1 16  60   M    M   0        24  30
12  66  44  55   0  10   0 0.00    M    M  2.3  9 300   M    M   3        11 300
13  66  39  53  -1  12   0 0.00    M    M  3.6 12 170   M    M   5 1      15 160
14  73  48  61   7   4   0 0.00    M    M  4.0 20 250   M    M   3        25 260
15  67  42  55   1  10   0 0.00    M    M  2.6  9 170   M    M   0        12 170
16  62  48  55   1  10   0 1.62    M    M  8.9 29 310   M    M   8 1      36 310
17  57  50  54   1  11   0 0.00    M    M 18.6 33 290   M    M   9        43 280
18  61  41  51  -2  14   0 0.00    M    M 10.6 22 320   M    M   4        30 310
19  63  34  49  -4  16   0 0.00    M    M  1.6 10 240   M    M   0 1      12 230
20  53  45  49  -3  16   0 0.33    M    M  4.5 12  20   M    M   7 1      13  20
21  69  52  61   9   4   0 0.00    M    M  4.7 10 140   M    M   4        14  10
================================================================================
SM 1433 1017       159  25  2.90    M    128.5          M       99
================================================================================
AV 68.2 48.4                               6.1 FASTST   M    M   5    MAX(MPH)
                                 MISC ---->  # 33 290               # 43  280
================================================================================
NOTES:
# LAST OF SEVERAL OCCURRENCES

COLUMN 17 PEAK WIND IN M.P.H.

PRELIMINARY LOCAL CLIMATOLOGICAL DATA (WS FORM: F-6) , PAGE 2

                                          STATION:  READING PA
                                          MONTH:    OCTOBER
                                          YEAR:     2019
                                          LATITUDE:   40 22 N
                                          LONGITUDE:  75 58 W

[TEMPERATURE DATA]      [PRECIPITATION DATA]       SYMBOLS USED IN COLUMN 16

AVERAGE MONTHLY: 58.3   TOTAL FOR MONTH:   2.90    1 = FOG OR MIST
DPTR FM NORMAL:   3.0   DPTR FM NORMAL:    0.47    2 = FOG REDUCING VISIBILITY
HIGHEST:    93 ON  2    GRTST 24HR  1.62 ON 16-16      TO 1/4 MILE OR LESS
LOWEST:     34 ON 19                               3 = THUNDER
                        SNOW, ICE PELLETS, HAIL    4 = ICE PELLETS
                        TOTAL MONTH:    M          5 = HAIL
                        GRTST 24HR    M  ON   M    6 = FREEZING RAIN OR DRIZZLE
                        GRTST DEPTH:  M  ON   M    7 = DUSTSTORM OR SANDSTORM:
                                                       VSBY 1/2 MILE OR LESS
                                                   8 = SMOKE OR HAZE
[NO. OF DAYS WITH]      [WEATHER - DAYS WITH]      9 = BLOWING SNOW
                                                   X = TORNADO
MAX 32 OR BELOW:   0    0.01 INCH OR MORE:   6
MAX 90 OR ABOVE:   1    0.10 INCH OR MORE:   5
MIN 32 OR BELOW:   0    0.50 INCH OR MORE:   2
MIN  0 OR BELOW:   0    1.00 INCH OR MORE:   1

[HDD (BASE 65) ]
TOTAL THIS MO.   159    CLEAR  (SCALE 0-3)   7
DPTR FM NORMAL   -55    PTCLDY (SCALE 4-7)   9
TOTAL FM JUL 1   175    CLOUDY (SCALE 8-10)  4
DPTR FM NORMAL  -118

[CDD (BASE 65) ]
TOTAL THIS MO.    25
DPTR FM NORMAL    20    [PRESSURE DATA]
TOTAL FM JAN 1  1239    HIGHEST SLP M ON M
DPTR FM NORMAL   347    LOWEST  SLP 29.28 ON 16

[REMARKS]
