000
CXUS51 KPHI 240915
CF6RDG
PRELIMINARY LOCAL CLIMATOLOGICAL DATA (WS FORM: F-6)

                                          STATION:   READING PA
                                          MONTH:     JANUARY
                                          YEAR:      2020
                                          LATITUDE:   40 22 N
                                          LONGITUDE:  75 58 W

  TEMPERATURE IN F:       :PCPN:    SNOW:  WIND      :SUNSHINE: SKY     :PK WND
================================================================================
1   2   3   4   5  6A  6B    7    8   9   10  11  12  13   14  15   16   17  18
                                     12Z  AVG MX 2MIN
DY MAX MIN AVG DEP HDD CDD  WTR  SNW DPTH SPD SPD DIR MIN PSBL S-S WX    SPD DR
================================================================================

 1  39  24  32   1  33   0 0.00    M    M  9.4 23 310   M    M   6        29 310
 2  50  21  36   6  29   0 0.00    M    M  1.2 15 220   M    M   2 1      18 220
 3  46  41  44  14  21   0 0.17    M    M  0.9  6  10   M    M  10 1       7  10
 4  51  39  45  15  20   0 0.10    M    M  5.4 22 330   M    M  10 12     28 330
 5  41  31  36   6  29   0    T    M    M 14.4 29 300   M    M   9 1      36 320
 6  50  31  41  11  24   0    T    M    M  6.6 21 300   M    M   5 1      28 300
 7  42  28  35   5  30   0 0.13    M    M  3.0 12 190   M    M   5 1      13 200
 8  35  23  29  -1  36   0    T    M    M 11.9 30 290   M    M   5 128    41 310
 9  31  17  24  -6  41   0 0.00    M    M  5.1 20 310   M    M   0        24 310
10  53  26  40  10  25   0 0.00    M    M  3.7 10 220   M    M   5        14 230
11  67  40  54  24  11   0    T    M    M  9.0 23 190   M    M   7        35 200
12  66  39  53  23  12   0 0.28    M    M    M 31 280   M    M   M 1      42 200
13  44  33  39   9  26   0 0.00    M    M  2.8  9  20   M    M   2        12  20
14  42  32  37   7  28   0 0.04    M    M  2.0  7 140   M    M   6 1       9 150
15  52  37  45  15  20   0 0.01    M    M  3.6 13 280   M    M   6 18     16 320
16  50  32  41  12  24   0    T    M    M 19.2 40 310   M    M   6 1      51 320
17  32  20  26  -3  39   0 0.00    M    M 11.7 32 340   M    M   0        43 320
18  35  20  28  -1  37   0 0.27    M    M  6.4 16 210   M    M   8 128    21 220
19  38  24  31   2  34   0 0.02    M    M 13.3 28 290   M    M   6 128    35 280
20  31  19  25  -4  40   0 0.00    M    M 12.1 24 340   M    M   3        30 340
21  33  16  25  -4  40   0 0.00    M    M  6.4 16 320   M    M   0        22 320
22  39  17  28  -1  37   0 0.00    M    M  1.9  8 310   M    M   0         9 230
23  42  17  30   1  35   0 0.00    M    M  1.2  6 310   M    M   0 18      7 350
================================================================================
SM 1009  627       671   0  1.02    M    151.2          M      101
================================================================================
AV 43.9 27.3                               6.9 FASTST   M    M   5    MAX(MPH)
                                 MISC ---->    40 310                 51 320
================================================================================
NOTES:
# LAST OF SEVERAL OCCURRENCES

COLUMN 17 PEAK WIND IN M.P.H.

PRELIMINARY LOCAL CLIMATOLOGICAL DATA (WS FORM: F-6) , PAGE 2

                                          STATION:   READING PA
                                          MONTH:     JANUARY
                                          YEAR:      2020
                                          LATITUDE:   40 22 N
                                          LONGITUDE:  75 58 W

[TEMPERATURE DATA]      [PRECIPITATION DATA]       SYMBOLS USED IN COLUMN 16

AVERAGE MONTHLY: 35.6   TOTAL FOR MONTH:   1.02    1 = FOG OR MIST
DPTR FM NORMAL:   5.9   DPTR FM NORMAL:   -1.34    2 = FOG REDUCING VISIBILITY
HIGHEST:    67 ON 11    GRTST 24HR  0.28 ON  3- 4      TO 1/4 MILE OR LESS
LOWEST:     16 ON 21                               3 = THUNDER
                        SNOW, ICE PELLETS, HAIL    4 = ICE PELLETS
                        TOTAL MONTH:  M            5 = HAIL
                        GRTST 24HR    M  ON   M    6 = FREEZING RAIN OR DRIZZLE
                        GRTST DEPTH:  M  ON   M    7 = DUSTSTORM OR SANDSTORM:
                                                       VSBY 1/2 MILE OR LESS
                                                   8 = SMOKE OR HAZE
[NO. OF DAYS WITH]      [WEATHER - DAYS WITH]      9 = BLOWING SNOW
                                                   X = TORNADO
MAX 32 OR BELOW:   3    0.01 INCH OR MORE:   8
MAX 90 OR ABOVE:   0    0.10 INCH OR MORE:   5
MIN 32 OR BELOW:  17    0.50 INCH OR MORE:   0
MIN  0 OR BELOW:   0    1.00 INCH OR MORE:   0

[HDD (BASE 65) ]
TOTAL THIS MO.   671    CLEAR  (SCALE 0-3)   8
DPTR FM NORMAL  -142    PTCLDY (SCALE 4-7)  11
TOTAL FM JUL 1  2524    CLOUDY (SCALE 8-10)  4
DPTR FM NORMAL  -320

[CDD (BASE 65) ]
TOTAL THIS MO.     0
DPTR FM NORMAL     0    [PRESSURE DATA]
TOTAL FM JAN 1     0    HIGHEST SLP M ON M
DPTR FM NORMAL     0    LOWEST  SLP 29.57 ON  4

[REMARKS]
