000
CXUS55 KRIW 180945
CF6RKS
PRELIMINARY LOCAL CLIMATOLOGICAL DATA (WS FORM: F-6)

                                          STATION:   ROCK SPRINGS WY
                                          MONTH:     FEBRUARY
                                          YEAR:      2020
                                          LATITUDE:   41 35 N
                                          LONGITUDE: 109  4 W

  TEMPERATURE IN F:       :PCPN:    SNOW:  WIND      :SUNSHINE: SKY     :PK WND
================================================================================
1   2   3   4   5  6A  6B    7    8   9   10  11  12  13   14  15   16   17  18
                                     12Z  AVG MX 2MIN
DY MAX MIN AVG DEP HDD CDD  WTR  SNW DPTH SPD SPD DIR MIN PSBL S-S WX    SPD DR
================================================================================

 1  40  28  34  12  31   0 0.00  0.0    M 15.8 37 250   M    M   1        44 250
 2  45  21  33  11  32   0 0.00  0.0    M  7.5 28  70   M    M   0        34  60
 3  24   5  15  -7  50   0 0.02    M    M 31.4 45  40   M    M  10 129    58  40
 4  12   0   6 -16  59   0 0.00  0.0    M 11.4 28 260   M    M   4        34 250
 5  19   4  12 -10  53   0 0.00  0.0    M 24.1 39 260   M    M   5        47 270
 6  32  16  24   2  41   0    T    M    M 22.3 38 280   M    M   5 1      59 280
 7  35  25  30   8  35   0 0.01    M    M 25.5 39 270   M    M   8 1      52 260
 8  40  16  28   6  37   0 0.00    M    M 18.5 37 260   M    M   4        54 310
 9  23  13  18  -4  47   0    T    M    M 14.7 28  60   M    M   4 1      39  50
10  26   8  17  -6  48   0    T    M    M 11.5 26 250   M    M   5 1      31 260
11  23   2  13 -10  52   0    T    M    M 13.4 41 260   M    M   3 12     49 260
12  29  15  22  -1  43   0    T    M    M  8.7 17 270   M    M   7 8      23 290
13  30  15  23   0  42   0 0.00    M    M 14.7 30 270   M    M   4 1      37 270
14  39  15  27   4  38   0 0.00    M    M 12.1 33 290   M    M   1        48 290
15  31  13  22  -2  43   0 0.00    M    M 15.3 32 280   M    M   5        48 270
16  35  24  30   6  35   0    T    M    M 22.3 31 260   M    M   9 1      41 250
17  26  10  18  -6  47   0    T    M    M 16.1 28 270   M    M   1 1      36 270
================================================================================
SM  509  230       733   0  0.03     0.0 285.3          M       76
================================================================================
AV 29.9 13.5                              16.8 FASTST   M    M   4    MAX(MPH)
                                 MISC ---->  # 45  40               # 59  280
================================================================================
NOTES:
# LAST OF SEVERAL OCCURRENCES

COLUMN 17 PEAK WIND IN M.P.H.

PRELIMINARY LOCAL CLIMATOLOGICAL DATA (WS FORM: F-6) , PAGE 2

                                          STATION:  ROCK SPRINGS WY
                                          MONTH:    FEBRUARY
                                          YEAR:     2020
                                          LATITUDE:   41 35 N
                                          LONGITUDE: 109  4 W

[TEMPERATURE DATA]      [PRECIPITATION DATA]       SYMBOLS USED IN COLUMN 16

AVERAGE MONTHLY: 21.7   TOTAL FOR MONTH:   0.03    1 = FOG OR MIST
DPTR FM NORMAL:  -0.9   DPTR FM NORMAL:   -0.26    2 = FOG REDUCING VISIBILITY
HIGHEST:    45 ON  2    GRTST 24HR  0.02 ON  3- 3      TO 1/4 MILE OR LESS
LOWEST:      0 ON  4                               3 = THUNDER
                        SNOW, ICE PELLETS, HAIL    4 = ICE PELLETS
                        TOTAL MONTH:   0.0 INCH    5 = HAIL
                        GRTST 24HR     0.0         6 = FREEZING RAIN OR DRIZZLE
                        GRTST DEPTH:  M  ON   M    7 = DUSTSTORM OR SANDSTORM:
                                                       VSBY 1/2 MILE OR LESS
                                                   8 = SMOKE OR HAZE
[NO. OF DAYS WITH]      [WEATHER - DAYS WITH]      9 = BLOWING SNOW
                                                   X = TORNADO
MAX 32 OR BELOW:  11    0.01 INCH OR MORE:   2
MAX 90 OR ABOVE:   0    0.10 INCH OR MORE:   0
MIN 32 OR BELOW:  17    0.50 INCH OR MORE:   0
MIN  0 OR BELOW:   1    1.00 INCH OR MORE:   0

[HDD (BASE 65) ]
TOTAL THIS MO.   733    CLEAR  (SCALE 0-3)   5
DPTR FM NORMAL    13    PTCLDY (SCALE 4-7)   9
TOTAL FM JUL 1  5609    CLOUDY (SCALE 8-10)  3
DPTR FM NORMAL   185

[CDD (BASE 65) ]
TOTAL THIS MO.     0
DPTR FM NORMAL     0    [PRESSURE DATA]
TOTAL FM JAN 1     0    HIGHEST SLP 99.90 ON 15
DPTR FM NORMAL     0    LOWEST  SLP 29.69 ON  8

[REMARKS]
