000
CXUS55 KABQ 261000
CF6ROW
PRELIMINARY LOCAL CLIMATOLOGICAL DATA (WS FORM: F-6)

                                          STATION:   ROSWELL NM
                                          MONTH:     MAY
                                          YEAR:      2020
                                          LATITUDE:   33 17 N
                                          LONGITUDE: 104 32 W

  TEMPERATURE IN F:       :PCPN:    SNOW:  WIND      :SUNSHINE: SKY     :PK WND
================================================================================
1   2   3   4   5  6A  6B    7    8   9   10  11  12  13   14  15   16   17  18
                                     12Z  AVG MX 2MIN
DY MAX MIN AVG DEP HDD CDD  WTR  SNW DPTH SPD SPD DIR MIN PSBL S-S WX    SPD DR
================================================================================

 1 101  63  82  17   0  17 0.00  0.0    0  9.8 24 270   M    M   0        30 260
 2 101  54  78  12   0  13 0.00  0.0    0  9.3 25 260   M    M   0        32 240
 3 100  56  78  12   0  13 0.00  0.0    0 12.5 30 210   M    M   0        38 200
 4  97  58  78  12   0  13 0.00  0.0    0  8.1 18 140   M    M   0        26 140
 5  82  61  72   5   0   7 0.00  0.0    0 10.5 25  20   M    M   2        30  20
 6  90  53  72   5   0   7 0.00  0.0    0 10.8 21 160   M    M   0        27 150
 7 102  61  82  15   0  17 0.00  0.0    0 12.8 39  10   M    M   0 8      46  10
 8  73  53  63  -5   2   0 0.00  0.0    0 12.7 38  40   M    M   1 8      44  40
 9  86  50  68   0   0   3 0.00  0.0    0 11.8 22 170   M    M   0        29 170
10  81  56  69   1   0   4 0.00  0.0    0  8.1 24 180   M    M   0        29 170
11  88  57  73   5   0   8 0.20  0.0    0  9.0 33 280   M    M   1 38     39 270
12  94  57  76   7   0  11 0.00  0.0    0  8.0 30 180   M    M   1        36 180
13  95  60  78   9   0  13 0.00  0.0    0 10.8 29 210   M    M   0        37 210
14  92  54  73   4   0   8 0.00  0.0    0  6.5 17 190   M    M   0        21 200
15  92  57  75   5   0  10 0.00  0.0    0  6.8 17 360   M    M   0        25 360
16  91  56  74   4   0   9 0.00  0.0    0  7.8 17 150   M    M   0        22 150
17  94  61  78   8   0  13 0.00  0.0    0 10.5 22 160   M    M   1        28 170
18 104  57  81  10   0  16 0.00  0.0    0  8.8 24 140   M    M   0        36 160
19 100  62  81  10   0  16 0.00  0.0    0  9.6 36 170   M    M   0 8      44 180
20  99  63  81  10   0  16 0.00  0.0    0 10.3 28 200   M    M   0        36 180
21  95  55  75   3   0  10 0.00  0.0    0  7.9 23 270   M    M   0        29 270
22  95  56  76   4   0  11 0.00  0.0    0  8.9 25 200   M    M   0        33 180
23  98  59  79   7   0  14 0.00  0.0    0 11.9 31 190   M    M   0        39 200
24  94  58  76   4   0  11 0.00  0.0    0  9.0 25 270   M    M   0        32 290
25  74  58  66  -7   0   1    T  0.0    0 11.4 26 350   M    M   5        34 350
================================================================================
SM 2318 1435         2 261  0.20     0.0 243.6          M       11
================================================================================
AV 92.7 57.4                               9.7 FASTST   M    M   0    MAX(MPH)
                                 MISC ---->  # 39  10               # 46   10
================================================================================
NOTES:
# LAST OF SEVERAL OCCURRENCES

COLUMN 17 PEAK WIND IN M.P.H.

PRELIMINARY LOCAL CLIMATOLOGICAL DATA (WS FORM: F-6) , PAGE 2

                                          STATION:  ROSWELL NM
                                          MONTH:    MAY
                                          YEAR:     2020
                                          LATITUDE:   33 17 N
                                          LONGITUDE: 104 32 W

[TEMPERATURE DATA]      [PRECIPITATION DATA]       SYMBOLS USED IN COLUMN 16

AVERAGE MONTHLY: 75.1   TOTAL FOR MONTH:   0.20    1 = FOG OR MIST
DPTR FM NORMAL:   6.0   DPTR FM NORMAL:   -0.79    2 = FOG REDUCING VISIBILITY
HIGHEST:   104 ON 18    GRTST 24HR  0.20 ON 11-11      TO 1/4 MILE OR LESS
LOWEST:     50 ON  9                               3 = THUNDER
                        SNOW, ICE PELLETS, HAIL    4 = ICE PELLETS
                        TOTAL MONTH:   0.0 INCH    5 = HAIL
                        GRTST 24HR     0.0         6 = FREEZING RAIN OR DRIZZLE
                        GRTST DEPTH:   0           7 = DUSTSTORM OR SANDSTORM:
                                                       VSBY 1/2 MILE OR LESS
                                                   8 = SMOKE OR HAZE
[NO. OF DAYS WITH]      [WEATHER - DAYS WITH]      9 = BLOWING SNOW
                                                   X = TORNADO
MAX 32 OR BELOW:   0    0.01 INCH OR MORE:   1
MAX 90 OR ABOVE:  19    0.10 INCH OR MORE:   1
MIN 32 OR BELOW:   0    0.50 INCH OR MORE:   0
MIN  0 OR BELOW:   0    1.00 INCH OR MORE:   0

[HDD (BASE 65) ]
TOTAL THIS MO.     2    CLEAR  (SCALE 0-3)  24
DPTR FM NORMAL   -25    PTCLDY (SCALE 4-7)   1
TOTAL FM JUL 1  2785    CLOUDY (SCALE 8-10)  0
DPTR FM NORMAL  -500

[CDD (BASE 65) ]
TOTAL THIS MO.   261
DPTR FM NORMAL   130    [PRESSURE DATA]
TOTAL FM JAN 1   346    HIGHEST SLP  0.00 ON 24
DPTR FM NORMAL   175    LOWEST  SLP 29.55 ON 23

[REMARKS]
