000
CXUS52 KFFC 241110
CF6RYY
PRELIMINARY LOCAL CLIMATOLOGICAL DATA (WS FORM: F-6)

                                          STATION:   MARIETTA
                                          MONTH:     JANUARY
                                          YEAR:      2020
                                          LATITUDE:   34  0 N
                                          LONGITUDE:  84 36 W

  TEMPERATURE IN F:       :PCPN:    SNOW:  WIND      :SUNSHINE: SKY     :PK WND
================================================================================
1   2   3   4   5  6A  6B    7    8   9   10  11  12  13   14  15   16   17  18
                                     12Z  AVG MX 2MIN
DY MAX MIN AVG DEP HDD CDD  WTR  SNW DPTH SPD SPD DIR MIN PSBL S-S WX    SPD DR
================================================================================

 1  54  34  44   M  21   0 0.00    M    M  5.4 12 280   M    M   0 M      17 290
 2   M   M   M   M   M   M    T    M    0  4.5 12 100   M    M   8 1      16 100
 3  58  48  53   M  12   0    M    M    0  3.6  8  80   M    M  10 1      16 100
 4  57  37  47   M  18   0    M    M    0 11.2 21 280   M    M   7 1      36 270
 5  52  30  41   M  24   0    M    M    0  6.0 12 300   M    M   1        20 310
 6  60  29  45   M  20   0    M    M    0  1.9  8 290   M    M   0         M  M
 7  56  43  50   M  15   0    M    M    0 11.5 20 280   M    M   3        31 280
 8  59  30  45   M  20   0    M    M    0  5.1 12 300   M    M   0        17 300
 9  61  34  48   M  17   0 0.00  0.0    0  9.2 14  90   M    M   3        24 140
10  65  50  58   M   7   0    M  0.0    0 10.6 16  90   M    M   4        22  90
11   M   M   M   M   M   M    T    M    0 12.4 21 160   M    M  10 3      32 150
12   M   M   M   M   M   M    T    M    0  2.5  9 260   M    M   4 12      M  M
13   M   M   M   M   M   M    T    M    0  0.9  5  90   M    M   8 13      M  M
14  63  56  60   M   5   0    T  0.0    0  3.2 10 280   M    M   8 12      M  M
15  69  52  61   M   4   0    T  0.0    0  1.9  6 240   M    M   9 1       M  M
16  64  48  56   M   9   0    T    M    0  8.3 14 340   M    M   4 1      22 340
17  53  40  47   M  18   0    M    M    0  7.5 15 100   M    M   3        23 100
18   M   M   M   M   M   M    M    M    0  9.5 15  90   M    M  10 1      24  90
19  52  31  42   M  23   0    M    M    0 10.4 16 290   M    M   3        28 320
20  34  22  28   M  37   0 0.03    M    0  9.2 14 330   M    M   0        23 340
21  38  22  30   M  35   0 0.08    M    0  6.0  9 340   M    M   3        16 320
22  49  19  34   M  31   0 0.09    M    0  4.4 16 110   M    M   0        23 110
23  47  36  42   M  23   0 0.10    M    0 10.0 13 100   M    M   9 1      21 100
================================================================================
SM  991  661       339   0  0.30     0.0 155.2          M      107
================================================================================
AV 55.1 36.7                               6.7 FASTST   M    M   5    MAX(MPH)
                                 MISC ---->  # 21 280               # 36  270
================================================================================
NOTES:
# LAST OF SEVERAL OCCURRENCES

COLUMN 17 PEAK WIND IN M.P.H.

PRELIMINARY LOCAL CLIMATOLOGICAL DATA (WS FORM: F-6) , PAGE 2

                                          STATION:  MARIETTA
                                          MONTH:    JANUARY
                                          YEAR:     2020
                                          LATITUDE:   34  0 N
                                          LONGITUDE:  84 36 W

[TEMPERATURE DATA]      [PRECIPITATION DATA]       SYMBOLS USED IN COLUMN 16

AVERAGE MONTHLY: 45.9   TOTAL FOR MONTH:   0.30    1 = FOG OR MIST
DPTR FM NORMAL:     M   DPTR FM NORMAL:       M    2 = FOG REDUCING VISIBILITY
HIGHEST:    69 ON 15    GRTST 24HR  0.10 ON 23-23      TO 1/4 MILE OR LESS
LOWEST:     19 ON 22                               3 = THUNDER
                        SNOW, ICE PELLETS, HAIL    4 = ICE PELLETS
                        TOTAL MONTH:   0.0 INCH    5 = HAIL
                        GRTST 24HR     0.0         6 = FREEZING RAIN OR DRIZZLE
                        GRTST DEPTH:   0           7 = DUSTSTORM OR SANDSTORM:
                                                       VSBY 1/2 MILE OR LESS
                                                   8 = SMOKE OR HAZE
[NO. OF DAYS WITH]      [WEATHER - DAYS WITH]      9 = BLOWING SNOW
                                                   X = TORNADO
MAX 32 OR BELOW:   0    0.01 INCH OR MORE:   4
MAX 90 OR ABOVE:   0    0.10 INCH OR MORE:   1
MIN 32 OR BELOW:   7    0.50 INCH OR MORE:   0
MIN  0 OR BELOW:   0    1.00 INCH OR MORE:   0

[HDD (BASE 65) ]
TOTAL THIS MO.   339    CLEAR  (SCALE 0-3)   9
DPTR FM NORMAL     M    PTCLDY (SCALE 4-7)   6
TOTAL FM JUL 1  1373    CLOUDY (SCALE 8-10)  8
DPTR FM NORMAL     M

[CDD (BASE 65) ]
TOTAL THIS MO.     0
DPTR FM NORMAL     M    [PRESSURE DATA]
TOTAL FM JAN 1     0    HIGHEST SLP M ON M
DPTR FM NORMAL     M    LOWEST  SLP M ON M

[REMARKS]
