000
CXUS55 KABQ 181000
CF6SAF
PRELIMINARY LOCAL CLIMATOLOGICAL DATA (WS FORM: F-6)

                                          STATION:   SANTA FE NM
                                          MONTH:     OCTOBER
                                          YEAR:      2019
                                          LATITUDE:   35 37 N
                                          LONGITUDE: 106  5 W

  TEMPERATURE IN F:       :PCPN:    SNOW:  WIND      :SUNSHINE: SKY     :PK WND
================================================================================
1   2   3   4   5  6A  6B    7    8   9   10  11  12  13   14  15   16   17  18
                                     12Z  AVG MX 2MIN
DY MAX MIN AVG DEP HDD CDD  WTR  SNW DPTH SPD SPD DIR MIN PSBL S-S WX    SPD DR
================================================================================

 1  76  60  68   9   0   3 0.00    M    M  7.0 18 240   M    M   2        24 230
 2  76  45  61   3   4   0 0.00    M    M  9.7 23 270   M    M   0 8      31 260
 3  74  45  60   2   5   0 0.00    M    M 14.4 26 140   M    M   3 8      32 150
 4  63  49  56  -1   9   0 0.51    M    M  6.4 18 280   M    M   7 13     24 150
 5  75  46  61   4   4   0 0.00    M    M  6.6 23 250   M    M   2 12     30 260
 6  73  38  56  -1   9   0 0.00    M    M  9.9 24 160   M    M   0        32 160
 7  69  40  55  -1  10   0 0.00    M    M  6.7 18 150   M    M   0        23 150
 8  74  42  58   2   7   0    T    M    M  6.1 33 300   M    M   1        43 300
 9  74  42  58   3   7   0 0.00    M    M  7.5 22 260   M    M   0        29 250
10  69  31  50  -5  15   0 0.00    M    M 10.1 23 250   M    M   1        32 240
11  60  18  39 -16  26   0 0.00    M    M  6.1 18 340   M    M   0        23  10
12  66  25  46  -8  19   0 0.00    M    M  8.8 18 230   M    M   0        24 230
13  70  35  53  -1  12   0 0.00    M    M  7.2 18 360   M    M   0        24 360
14  73  36  55   2  10   0 0.00    M    M  9.8 24 260   M    M   0        32 230
15  72  41  57   4   8   0 0.00    M    M 10.3 18 350   M    M   1 8      23  10
16  72  32  52  -1  13   0 0.00    M    M  5.8 15 250   M    M   0        18 240
17  70  36  53   1  12   0 0.00    M    M  7.3 17 230   M    M   0        23 230
================================================================================
SM 1206  661       170   3  0.51    M    139.7          M       17
================================================================================
AV 70.9 38.9                               8.2 FASTST   M    M   1    MAX(MPH)
                                 MISC ---->  # 33 300               # 43  300
================================================================================
NOTES:
# LAST OF SEVERAL OCCURRENCES

COLUMN 17 PEAK WIND IN M.P.H.

PRELIMINARY LOCAL CLIMATOLOGICAL DATA (WS FORM: F-6) , PAGE 2

                                          STATION:  SANTA FE NM
                                          MONTH:    OCTOBER
                                          YEAR:     2019
                                          LATITUDE:   35 37 N
                                          LONGITUDE: 106  5 W

[TEMPERATURE DATA]      [PRECIPITATION DATA]       SYMBOLS USED IN COLUMN 16

AVERAGE MONTHLY: 54.9   TOTAL FOR MONTH:   0.51    1 = FOG OR MIST
DPTR FM NORMAL:  -0.4   DPTR FM NORMAL:   -0.38    2 = FOG REDUCING VISIBILITY
HIGHEST:    76 ON  2, 1 GRTST 24HR  0.51 ON  4- 4      TO 1/4 MILE OR LESS
LOWEST:     18 ON 11                               3 = THUNDER
                        SNOW, ICE PELLETS, HAIL    4 = ICE PELLETS
                        TOTAL MONTH:    M          5 = HAIL
                        GRTST 24HR    M  ON   M    6 = FREEZING RAIN OR DRIZZLE
                        GRTST DEPTH:  M  ON   M    7 = DUSTSTORM OR SANDSTORM:
                                                       VSBY 1/2 MILE OR LESS
                                                   8 = SMOKE OR HAZE
[NO. OF DAYS WITH]      [WEATHER - DAYS WITH]      9 = BLOWING SNOW
                                                   X = TORNADO
MAX 32 OR BELOW:   0    0.01 INCH OR MORE:   1
MAX 90 OR ABOVE:   0    0.10 INCH OR MORE:   1
MIN 32 OR BELOW:   4    0.50 INCH OR MORE:   1
MIN  0 OR BELOW:   0    1.00 INCH OR MORE:   0

[HDD (BASE 65) ]
TOTAL THIS MO.   170    CLEAR  (SCALE 0-3)  16
DPTR FM NORMAL     5    PTCLDY (SCALE 4-7)   1
TOTAL FM JUL 1   196    CLOUDY (SCALE 8-10)  0
DPTR FM NORMAL   -49

[CDD (BASE 65) ]
TOTAL THIS MO.     3
DPTR FM NORMAL     3    [PRESSURE DATA]
TOTAL FM JAN 1   793    HIGHEST SLP M ON M
DPTR FM NORMAL   154    LOWEST  SLP 29.59 ON  9

[REMARKS]
