000
CXUS51 KAKQ 210833
CF6SBY
PRELIMINARY LOCAL CLIMATOLOGICAL DATA (WS FORM: F-6)

                                          STATION:   SALISBURY MD
                                          MONTH:     OCTOBER
                                          YEAR:      2019
                                          LATITUDE:   38 20 N
                                          LONGITUDE:  75 30 W

  TEMPERATURE IN F:       :PCPN:    SNOW:  WIND      :SUNSHINE: SKY     :PK WND
================================================================================
1   2   3   4   5  6A  6B    7    8   9   10  11  12  13   14  15   16   17  18
                                     12Z  AVG MX 2MIN
DY MAX MIN AVG DEP HDD CDD  WTR  SNW DPTH SPD SPD DIR MIN PSBL S-S WX    SPD DR
================================================================================

 1  85  61  73  11   0   8 0.00  0.0    0  4.5 14 200   M    M   4        17 220
 2  96  68  82  20   0  17 0.00  0.0    0  6.7 16 250   M    M   1        21 260
 3  77  72  75  13   0  10 0.00  0.0    0  8.7 17  50   M    M  10 18     23  50
 4  79  51  65   4   0   0 0.00  0.0    0 11.9 23 340   M    M   3 1      34 340
 5  68  48  58  -3   7   0 0.00  0.0    0  7.5 20  60   M    M   5        23  60
 6  76  53  65   5   0   0    T  0.0    0  6.5 14 170   M    M   9        19 150
 7  84  60  72  12   0   7 0.00  0.0    0  6.0 18 200   M    M   2        23 200
 8  69  62  66   6   0   1 0.18  0.0    0 12.4 20  30   M    M  10 1      29  20
 9  63  56  60   1   5   0    T  0.0    0 11.8 20  10   M    M  10 18     25  20
10  76  53  65   6   0   0 0.00  0.0    0  9.7 21  10   M    M   5        26  10
11  69  49  59   0   6   0 0.00  0.0    0  6.7 16  40   M    M   4        22  10
12  76  46  61   3   4   0 0.00  0.0    0  2.9 10 240   M    M   1 8      16 320
13  72  55  64   6   1   0 0.12  0.0    0  6.4 16 120   M    M   8 1      22 120
14  76  52  64   6   1   0    T  0.0    0  4.6 14 270   M    M   4 12     18 300
15  73  48  61   4   4   0 0.00  0.0    0  3.6 11  40   M    M   0 1      15  40
16  70  53  62   5   3   0 1.14  0.0    0  9.8 23 300   M    M   6 128    37 140
17  63  52  58   1   7   0 0.00  0.0    0 16.7 30 270   M    M   2        43 260
18  62  40  51  -5  14   0 0.00  0.0    0  8.6 20 320   M    M   1        25 320
19  66  36  51  -5  14   0 0.00  0.0    0  2.3 12 240   M    M   0        14 240
20  64  47  56   0   9   0 1.84  0.0    0 12.1 26  30   M    M   8 1      39  30
================================================================================
SM 1464 1062        75  43  3.28     0.0 159.4          M       93
================================================================================
AV 73.2 53.1                               8.0 FASTST   M    M   5    MAX(MPH)
                                 MISC ---->  # 30 270               # 43  260
================================================================================
NOTES:
# LAST OF SEVERAL OCCURRENCES

COLUMN 17 PEAK WIND IN M.P.H.

PRELIMINARY LOCAL CLIMATOLOGICAL DATA (WS FORM: F-6) , PAGE 2

                                          STATION:  SALISBURY MD
                                          MONTH:    OCTOBER
                                          YEAR:     2019
                                          LATITUDE:   38 20 N
                                          LONGITUDE:  75 30 W

[TEMPERATURE DATA]      [PRECIPITATION DATA]       SYMBOLS USED IN COLUMN 16

AVERAGE MONTHLY: 63.2   TOTAL FOR MONTH:   3.28    1 = FOG OR MIST
DPTR FM NORMAL:   4.2   DPTR FM NORMAL:    1.02    2 = FOG REDUCING VISIBILITY
HIGHEST:    96 ON  2    GRTST 24HR  1.84 ON 20-20      TO 1/4 MILE OR LESS
LOWEST:     36 ON 19                               3 = THUNDER
                        SNOW, ICE PELLETS, HAIL    4 = ICE PELLETS
                        TOTAL MONTH:   0.0 INCH    5 = HAIL
                        GRTST 24HR     0.0         6 = FREEZING RAIN OR DRIZZLE
                        GRTST DEPTH:   0           7 = DUSTSTORM OR SANDSTORM:
                                                       VSBY 1/2 MILE OR LESS
                                                   8 = SMOKE OR HAZE
[NO. OF DAYS WITH]      [WEATHER - DAYS WITH]      9 = BLOWING SNOW
                                                   X = TORNADO
MAX 32 OR BELOW:   0    0.01 INCH OR MORE:   4
MAX 90 OR ABOVE:   1    0.10 INCH OR MORE:   4
MIN 32 OR BELOW:   0    0.50 INCH OR MORE:   2
MIN  0 OR BELOW:   0    1.00 INCH OR MORE:   2

[HDD (BASE 65) ]
TOTAL THIS MO.    75    CLEAR  (SCALE 0-3)   7
DPTR FM NORMAL   -68    PTCLDY (SCALE 4-7)   7
TOTAL FM JUL 1    86    CLOUDY (SCALE 8-10)  6
DPTR FM NORMAL  -105

[CDD (BASE 65) ]
TOTAL THIS MO.    43
DPTR FM NORMAL    21    [PRESSURE DATA]
TOTAL FM JAN 1  1638    HIGHEST SLP M ON M
DPTR FM NORMAL   491    LOWEST  SLP 29.45 ON 16

[REMARKS]
