000
CXUS51 KAKQ 190833
CF6SBY
PRELIMINARY LOCAL CLIMATOLOGICAL DATA (WS FORM: F-6)

                                          STATION:   SALISBURY MD
                                          MONTH:     JANUARY
                                          YEAR:      2019
                                          LATITUDE:   38 20 N
                                          LONGITUDE:  75 30 W

  TEMPERATURE IN F:       :PCPN:    SNOW:  WIND      :SUNSHINE: SKY     :PK WND
================================================================================
1   2   3   4   5  6A  6B    7    8   9   10  11  12  13   14  15   16   17  18
                                     12Z  AVG MX 2MIN
DY MAX MIN AVG DEP HDD CDD  WTR  SNW DPTH SPD SPD DIR MIN PSBL S-S WX    SPD DR
================================================================================

 1  67  45  56  20   9   0 0.00  0.0    0 13.8 26 330   M    M   2        37 210
 2  48  34  41   5  24   0    T  0.0    0  4.4 10 140   M    M   6 1      14 150
 3  50  30  40   4  25   0 0.14  0.0    0  6.1 16 340   M    M   3 1      22 350
 4  52  29  41   5  24   0 0.01  0.0    0  5.6 24 100   M    M   4 1      32  90
 5  54  43  49  13  16   0 0.18  0.0    0  9.1 25 300   M    M   8 1      36 310
 6  55  34  45   9  20   0 0.00  0.0    0  7.9 23 310   M    M   0        31 300
 7  40  31  36   1  29   0 0.00  0.0    0  5.1 13  40   M    M   1        16  60
 8  59  34  47  12  18   0 0.07  0.0    0  7.9 24 290   M    M   7 1      32 280
 9  53  34  44   9  21   0 0.07  0.0    0 14.8 29 310   M    M   6 1      36 320
10  39  29  34  -1  31   0 0.00  0.0    0 16.6 28 310   M    M   2        37 300
11  37  22  30  -5  35   0 0.00  0.0    0  9.5 23 310   M    M   0        29 330
12  36  22  29  -6  36   0 0.11  1.0    0  2.8 12  40   M    M   6 1      15  20
13  37  29  33  -2  32   0 0.52  2.5    4 11.3 23  60   M    M  10 146    32  60
14  34  20  27  -8  38   0 0.02  0.2    2  7.6 15 350   M    M   5 1      20 340
15  40  18  29  -6  36   0 0.00  0.0    1  3.1 15 330   M    M   0 1      19 340
16  43  22  33  -2  32   0 0.00  0.0    T  4.6 21 320   M    M   1 1      25 340
17  41  24  33  -2  32   0 0.00  0.0    0  3.7 12  50   M    M   4        13  70
18  49  31  40   5  25   0    T    M    0  3.4 13 320   M    M   6 1      15 320
================================================================================
SM  834  531       483   0  1.12     3.7 137.3          M       71
================================================================================
AV 46.3 29.5                               7.6 FASTST   M    M   4    MAX(MPH)
                                 MISC ---->  # 29 310               # 37  210
================================================================================
NOTES:
# LAST OF SEVERAL OCCURRENCES

COLUMN 17 PEAK WIND IN M.P.H.

PRELIMINARY LOCAL CLIMATOLOGICAL DATA (WS FORM: F-6) , PAGE 2

                                          STATION:  SALISBURY MD
                                          MONTH:    JANUARY
                                          YEAR:     2019
                                          LATITUDE:   38 20 N
                                          LONGITUDE:  75 30 W

[TEMPERATURE DATA]      [PRECIPITATION DATA]       SYMBOLS USED IN COLUMN 16

AVERAGE MONTHLY: 37.9   TOTAL FOR MONTH:   1.12    1 = FOG OR MIST
DPTR FM NORMAL:   2.6   DPTR FM NORMAL:   -0.93    2 = FOG REDUCING VISIBILITY
HIGHEST:    67 ON  1    GRTST 24HR  0.52 ON 13-13      TO 1/4 MILE OR LESS
LOWEST:     18 ON 15                               3 = THUNDER
                        SNOW, ICE PELLETS, HAIL    4 = ICE PELLETS
                        TOTAL MONTH:   3.7 INCHES  5 = HAIL
                        GRTST 24HR   2.5 ON 13-13  6 = FREEZING RAIN OR DRIZZLE
                        GRTST DEPTH:   4 ON 13     7 = DUSTSTORM OR SANDSTORM:
                                                       VSBY 1/2 MILE OR LESS
                                                   8 = SMOKE OR HAZE
[NO. OF DAYS WITH]      [WEATHER - DAYS WITH]      9 = BLOWING SNOW
                                                   X = TORNADO
MAX 32 OR BELOW:   0    0.01 INCH OR MORE:   8
MAX 90 OR ABOVE:   0    0.10 INCH OR MORE:   4
MIN 32 OR BELOW:  12    0.50 INCH OR MORE:   1
MIN  0 OR BELOW:   0    1.00 INCH OR MORE:   0

[HDD (BASE 65) ]
TOTAL THIS MO.   483    CLEAR  (SCALE 0-3)   7
DPTR FM NORMAL   -52    PTCLDY (SCALE 4-7)  10
TOTAL FM JUL 1  1973    CLOUDY (SCALE 8-10)  1
DPTR FM NORMAL  -186

[CDD (BASE 65) ]
TOTAL THIS MO.     0
DPTR FM NORMAL     0    [PRESSURE DATA]
TOTAL FM JAN 1     0    HIGHEST SLP M ON M
DPTR FM NORMAL     0    LOWEST  SLP 29.47 ON  5

[REMARKS]
