000
CXUS55 KLOX 201655
CF6SDB
PRELIMINARY LOCAL CLIMATOLOGICAL DATA (WS FORM: F-6)

                                          STATION:   SANDBERG CA
                                          MONTH:     JUNE
                                          YEAR:      2018
                                          LATITUDE:   34 45 N
                                          LONGITUDE: 118 44 W

  TEMPERATURE IN F:       :PCPN:    SNOW:  WIND      :SUNSHINE: SKY     :PK WND
================================================================================
1   2   3   4   5  6A  6B    7    8   9   10  11  12  13   14  15   16   17  18
                                     12Z  AVG MX 2MIN
DY MAX MIN AVG DEP HDD CDD  WTR  SNW DPTH SPD SPD DIR MIN PSBL S-S WX    SPD DR
================================================================================

 1  80  43  62   0   3   0 0.00  0.0    0 13.8 35 340   M    M   0        42 340
 2  87  61  74  12   0   9 0.00  0.0    0 13.2 24  80   M    M   0        30  90
 3  91  70  81  18   0  16 0.00  0.0    0 12.9 26 330   M    M   0        33 330
 4  84  65  75  12   0  10 0.00  0.0    0 13.4 25 330   M    M   0        36 320
 5  78  52  65   2   0   0 0.00  0.0    0 10.7 32 340   M    M   0        39 340
 6  73  41  57  -7   8   0 0.00  0.0    0 11.2 22 330   M    M   0        26 330
 7  73  37  55  -9  10   0 0.00  0.0    0 16.2 35 330   M    M   0        46 340
 8  79  56  68   4   0   3 0.00  0.0    0 19.8 36 350   M    M   0        49 330
 9  74  52  63  -1   2   0 0.00  0.0    0 19.6 32 340   M    M   0        42 340
10  67  45  56  -9   9   0 0.00  0.0    0 20.2 35 340   M    M   0        42 340
11  89  55  72   7   0   7 0.00  0.0    0 14.9 36 340   M    M   0        44 340
12  90  65  78  13   0  13 0.00  0.0    0 10.4 20 210   M    M   0        29 210
13  88  68  78  12   0  13 0.00  0.0    0 11.4 23 160   M    M   0        31 170
14  84  65  75   9   0  10 0.00  0.0    0 10.9 26 170   M    M   0        37 160
15  80  59  70   4   0   5 0.00  0.0    0 14.2 26 190   M    M   0        35 180
16  65  46  56 -11   9   0 0.00  0.0    0 18.1 30 180   M    M   2 12     40 170
17  58  45  52 -15  13   0 0.00  0.0    0 15.9 28 180   M    M   8 12     36 180
18  74  57  66  -1   0   1 0.00  0.0    0 17.4 30 330   M    M   0        35 340
19  90  58  74   6   0   9 0.00  0.0    0 15.4 28 350   M    M   0        36 350
================================================================================
SM 1504 1040        54  96  0.00     0.0 279.6          M       10
================================================================================
AV 79.2 54.7                              14.7 FASTST   M    M   1    MAX(MPH)
                                 MISC ---->    36   M                 49    M
================================================================================
NOTES:
# LAST OF SEVERAL OCCURRENCES

COLUMN 17 PEAK WIND IN M.P.H.

PRELIMINARY LOCAL CLIMATOLOGICAL DATA (WS FORM: F-6) , PAGE 2

                                          STATION:  SANDBERG CA
                                          MONTH:    JUNE
                                          YEAR:     2018
                                          LATITUDE:   34 45 N
                                          LONGITUDE: 118 44 W

[TEMPERATURE DATA]      [PRECIPITATION DATA]       SYMBOLS USED IN COLUMN 16

AVERAGE MONTHLY: 67.0   TOTAL FOR MONTH:   0.00    1 = FOG OR MIST
DPTR FM NORMAL:   2.2   DPTR FM NORMAL:   -0.05    2 = FOG REDUCING VISIBILITY
HIGHEST:    91 ON  3    GRTST 24HR  0.00 ON 19-19      TO 1/4 MILE OR LESS
LOWEST:     37 ON  7                               3 = THUNDER
                        SNOW, ICE PELLETS, HAIL    4 = ICE PELLETS
                        TOTAL MONTH:   0.0 INCH    5 = HAIL
                        GRTST 24HR     0.0         6 = FREEZING RAIN OR DRIZZLE
                        GRTST DEPTH:   0           7 = DUSTSTORM OR SANDSTORM:
                                                       VSBY 1/2 MILE OR LESS
                                                   8 = SMOKE OR HAZE
[NO. OF DAYS WITH]      [WEATHER - DAYS WITH]      9 = BLOWING SNOW
                                                   X = TORNADO
MAX 32 OR BELOW:   0    0.01 INCH OR MORE:   0
MAX 90 OR ABOVE:   3    0.10 INCH OR MORE:   0
MIN 32 OR BELOW:   0    0.50 INCH OR MORE:   0
MIN  0 OR BELOW:   0    1.00 INCH OR MORE:   0

[HDD (BASE 65) ]
TOTAL THIS MO.    54    CLEAR  (SCALE 0-3)  18
DPTR FM NORMAL   -14    PTCLDY (SCALE 4-7)   1
TOTAL FM JUL 1  2841    CLOUDY (SCALE 8-10)  0
DPTR FM NORMAL -1255

[CDD (BASE 65) ]
TOTAL THIS MO.    96
DPTR FM NORMAL    29    [PRESSURE DATA]
TOTAL FM JAN 1   121    HIGHEST SLP M ON M
DPTR FM NORMAL     9    LOWEST  SLP 29.67 ON M

[REMARKS]
