378
CXUS56 KLOX 271156
CF6SDB
PRELIMINARY LOCAL CLIMATOLOGICAL DATA (WS FORM: F-6)

                                          STATION:   SANDBERG CA
                                          MONTH:     MAY
                                          YEAR:      2024
                                          LATITUDE:   34 45 N
                                          LONGITUDE: 118 44 W

  TEMPERATURE IN F:       :PCPN:    SNOW:  WIND      :SUNSHINE: SKY     :PK WND
================================================================================
1   2   3   4   5  6A  6B    7    8   9   10  11  12  13   14  15   16   17  18
                                     12Z  AVG MX 2MIN
DY MAX MIN AVG DEP HDD CDD  WTR  SNW DPTH SPD SPD DIR MIN PSBL S-S WX    SPD DR
================================================================================

 1  62  44  53  -3  12   0 0.00    M    M 25.4 43 330   M    M   0        64 300
 2  66  49  58   2   7   0 0.00    M    M 19.3 43 330   M    M   0        59 300
 3  68  50  59   3   6   0 0.00    M    M 15.3 29 330   M    M   0        38 330
 4  55  43  49  -7  16   0 0.03    M    M 12.9 24 160   M    M   7 2      37 170
 5  46  33  40 -17  25   0    T    M    M 22.5 49 320   M    M   6 12     68 300
 6  58  36  47 -10  18   0 0.00    M    M 18.9 32 320   M    M   0        42 320
 7  62  41  52  -5  13   0 0.00    M    M 16.4 39 330   M    M   0        51 300
 8  71  45  58   0   7   0 0.00    M    M 14.1 41 320   M    M   0        59 290
 9  70  52  61   3   4   0 0.00    M    M 12.7 31  70   M    M   0        45  90
10  74  53  64   6   1   0 0.00    M    M  8.9 21  90   M    M   0        28 100
11  74  56  65   7   0   0 0.00    M    M 13.2 25 330   M    M   0        35 340
12  79  59  69  10   0   4 0.00    M    M 11.6 25 320   M    M   0        35 320
13  74  59  67   8   0   2 0.00    M    M 12.1 26 320   M    M   0        39 310
14  75  57  66   7   0   1 0.00    M    M 12.2 30 320   M    M   0        39 320
15  79  60  70  11   0   5 0.00    M    M 15.7 33 310   M    M   0        48 330
16  80  59  70  10   0   5 0.00    M    M 16.8 32 310   M    M   0        45 320
17  74  52  63   3   2   0 0.00    M    M 10.9 24 320   M    M   0 18     34 310
18  66  46  56  -4   9   0 0.00    M    M 10.1 17 180   M    M   4 128    26 210
19  75  49  62   2   3   0 0.00    M    M 12.1 24 340   M    M   0        35 300
20  64  45  55  -6  10   0 0.00    M    M 13.4 33 310   M    M   2 128    57 290
21  76  50  63   2   2   0 0.00    M    M 13.2 28 330   M    M   0        42 340
22  74  51  63   2   2   0 0.00    M    M 12.5 24 330   M    M   0        33 340
23  69  52  61  -1   4   0 0.00    M    M 12.6 26 300   M    M   0 8      39 310
24  57  43  50 -12  15   0 0.00    M    M 12.6 22 180   M    M   6 128    33 180
25  65  43  54  -8  11   0 0.00    M    M 13.8 32 320   M    M   0        50 300
26  70  47  59  -3   6   0 0.00    M    M 15.5 33 320   M    M   0        56 280
================================================================================
SM 1783 1274       173  17  0.03    M    374.7          M       25
================================================================================
AV 68.6 49.0                              14.4 FASTST   M    M   1    MAX(MPH)
                                 MISC ---->    49 320                 68 300
================================================================================
NOTES:
# LAST OF SEVERAL OCCURRENCES

COLUMN 17 PEAK WIND IN M.P.H.

PRELIMINARY LOCAL CLIMATOLOGICAL DATA (WS FORM: F-6) , PAGE 2

                                          STATION:   SANDBERG CA
                                          MONTH:     MAY
                                          YEAR:      2024
                                          LATITUDE:   34 45 N
                                          LONGITUDE: 118 44 W

[TEMPERATURE DATA]      [PRECIPITATION DATA]       SYMBOLS USED IN COLUMN 16

AVERAGE MONTHLY: 58.8   TOTAL FOR MONTH:   0.03    1 = FOG OR MIST
DPTR FM NORMAL:  -0.2   DPTR FM NORMAL:   -0.34    2 = FOG REDUCING VISIBILITY
HIGHEST:    80 ON 16    GRTST 24HR  0.03 ON  4- 4      TO 1/4 MILE OR LESS
LOWEST:     33 ON  5                               3 = THUNDER
                        SNOW, ICE PELLETS, HAIL    4 = ICE PELLETS
                        TOTAL MONTH:  M            5 = HAIL
                        GRTST 24HR    M  ON   M    6 = FREEZING RAIN OR DRIZZLE
                        GRTST DEPTH:  M  ON   M    7 = DUSTSTORM OR SANDSTORM:
                                                       VSBY 1/2 MILE OR LESS
                                                   8 = SMOKE OR HAZE
[NO. OF DAYS WITH]      [WEATHER - DAYS WITH]      9 = BLOWING SNOW
                                                   X = TORNADO
MAX 32 OR BELOW:   0    0.01 INCH OR MORE:   1
MAX 90 OR ABOVE:   0    0.10 INCH OR MORE:   0
MIN 32 OR BELOW:   0    0.50 INCH OR MORE:   0
MIN  0 OR BELOW:   0    1.00 INCH OR MORE:   0

[HDD (BASE 65) ]
TOTAL THIS MO.   173    CLEAR  (SCALE 0-3)  22
DPTR FM NORMAL   -22    PTCLDY (SCALE 4-7)   4
TOTAL FM JUL 1  3495    CLOUDY (SCALE 8-10)  0
DPTR FM NORMAL    13

[CDD (BASE 65) ]
TOTAL THIS MO.    17
DPTR FM NORMAL   -22    [PRESSURE DATA]
TOTAL FM JAN 1    20    HIGHEST SLP M ON M
DPTR FM NORMAL   -30    LOWEST  SLP 29.76 ON  4

[REMARKS]