000
CXUS56 KLOX 241655
CF6SDB
PRELIMINARY LOCAL CLIMATOLOGICAL DATA (WS FORM: F-6)

                                          STATION:   SANDBERG CA
                                          MONTH:     MAY
                                          YEAR:      2020
                                          LATITUDE:   34 45 N
                                          LONGITUDE: 118 44 W

  TEMPERATURE IN F:       :PCPN:    SNOW:  WIND      :SUNSHINE: SKY     :PK WND
================================================================================
1   2   3   4   5  6A  6B    7    8   9   10  11  12  13   14  15   16   17  18
                                     12Z  AVG MX 2MIN
DY MAX MIN AVG DEP HDD CDD  WTR  SNW DPTH SPD SPD DIR MIN PSBL S-S WX    SPD DR
================================================================================

 1  65  51  58   4   7   0 0.00  0.0    0 25.7 48 330   M    M   0        65 330
 2  67  50  59   5   6   0 0.00  0.0    0 19.9 43 320   M    M   0        55 320
 3  65  47  56   2   9   0 0.00  0.0    0 14.6 44 330   M    M   2 12     54 340
 4  76  48  62   7   3   0 0.00  0.0    0 18.0 40 330   M    M   0        58 330
 5  81  56  69  14   0   4 0.00  0.0    0 12.7 29 330   M    M   0        38 330
 6  71  54  63   8   2   0 0.00  0.0    0 21.7 39 330   M    M   0        48 340
 7  85  57  71  15   0   6 0.00  0.0    0 12.5 24 330   M    M   0        29 320
 8  83  66  75  19   0  10 0.00  0.0    0  8.0 21 150   M    M   0        27 160
 9  80  62  71  15   0   6 0.00  0.0    0 10.9 23 160   M    M   0        30 160
10  74  51  63   7   2   0 0.00    M    M   M   M   M   M    M   M         M  M
11  66  47  57   0   8   0 0.00  0.0    0   M   M   M   M    M   0         M  M
12  60  45  53  -4  12   0 0.00  0.0    0  8.8 17 320   M    M   4 12     32 320
13  63  42  53  -4  12   0 0.00  0.0    0 19.1 36 320   M    M   8        41 320
14  61  45  53  -5  12   0    T    M    M 20.5 36 330   M    M   1 2      48 330
15  63  47  55  -3  10   0 0.00  0.0    0 21.1 44 340   M    M   4 1      51 340
16  79  52  66   8   0   1 0.00  0.0    0 13.9 32 320   M    M   0        42 320
17  70  51  61   3   4   0 0.00  0.0    0 11.2 24 140   M    M   0        31 170
18  61  42  52  -7  13   0 0.03    M    0 14.3 26 320   M    M   8 12     35 180
19  57  39  48 -11  17   0 0.00  0.0    0 17.9 32 310   M    M   2        40 330
20  64  44  54  -5  11   0 0.00  0.0    0 15.8 29 320   M    M   1        37 340
21  78  48  63   4   2   0 0.00  0.0    0 13.4 23 340   M    M   0        29 340
22  71  52  62   2   3   0 0.00  0.0    0 11.1 25 330   M    M   1        32 330
23  73  48  61   1   4   0 0.00  0.0    0 15.4 29 330   M    M   0        35 320
================================================================================
SM 1613 1144       137  27  0.03     0.0 326.5          M       31
================================================================================
AV 70.1 49.7                              15.5 FASTST   M    M   1    MAX(MPH)
                                 MISC ---->  # 48 330               # 65  330
================================================================================
NOTES:
# LAST OF SEVERAL OCCURRENCES

COLUMN 17 PEAK WIND IN M.P.H.

PRELIMINARY LOCAL CLIMATOLOGICAL DATA (WS FORM: F-6) , PAGE 2

                                          STATION:  SANDBERG CA
                                          MONTH:    MAY
                                          YEAR:     2020
                                          LATITUDE:   34 45 N
                                          LONGITUDE: 118 44 W

[TEMPERATURE DATA]      [PRECIPITATION DATA]       SYMBOLS USED IN COLUMN 16

AVERAGE MONTHLY: 59.9   TOTAL FOR MONTH:   0.03    1 = FOG OR MIST
DPTR FM NORMAL:   3.0   DPTR FM NORMAL:   -0.32    2 = FOG REDUCING VISIBILITY
HIGHEST:    85 ON  7    GRTST 24HR  0.03 ON 18-18      TO 1/4 MILE OR LESS
LOWEST:     39 ON 19                               3 = THUNDER
                        SNOW, ICE PELLETS, HAIL    4 = ICE PELLETS
                        TOTAL MONTH:   0.0 INCH    5 = HAIL
                        GRTST 24HR     0.0         6 = FREEZING RAIN OR DRIZZLE
                        GRTST DEPTH:   0           7 = DUSTSTORM OR SANDSTORM:
                                                       VSBY 1/2 MILE OR LESS
                                                   8 = SMOKE OR HAZE
[NO. OF DAYS WITH]      [WEATHER - DAYS WITH]      9 = BLOWING SNOW
                                                   X = TORNADO
MAX 32 OR BELOW:   0    0.01 INCH OR MORE:   1
MAX 90 OR ABOVE:   0    0.10 INCH OR MORE:   0
MIN 32 OR BELOW:   0    0.50 INCH OR MORE:   0
MIN  0 OR BELOW:   0    1.00 INCH OR MORE:   0

[HDD (BASE 65) ]
TOTAL THIS MO.   137    CLEAR  (SCALE 0-3)  18
DPTR FM NORMAL   -69    PTCLDY (SCALE 4-7)   4
TOTAL FM JUL 1  3446    CLOUDY (SCALE 8-10)  0
DPTR FM NORMAL  -535

[CDD (BASE 65) ]
TOTAL THIS MO.    27
DPTR FM NORMAL     5    [PRESSURE DATA]
TOTAL FM JAN 1    46    HIGHEST SLP M ON M
DPTR FM NORMAL    16    LOWEST  SLP 29.77 ON M

[REMARKS]
