000
CXUS56 KLOX 231155
CF6SDB
PRELIMINARY LOCAL CLIMATOLOGICAL DATA (WS FORM: F-6)

                                          STATION:   SANDBERG CA
                                          MONTH:     OCTOBER
                                          YEAR:      2019
                                          LATITUDE:   34 45 N
                                          LONGITUDE: 118 44 W

  TEMPERATURE IN F:       :PCPN:    SNOW:  WIND      :SUNSHINE: SKY     :PK WND
================================================================================
1   2   3   4   5  6A  6B    7    8   9   10  11  12  13   14  15   16   17  18
                                     12Z  AVG MX 2MIN
DY MAX MIN AVG DEP HDD CDD  WTR  SNW DPTH SPD SPD DIR MIN PSBL S-S WX    SPD DR
================================================================================

 1  60  38  49 -15  16   0 0.00  0.0    0 16.5 37 320   M    M   0        46 320
 2  69  45  57  -7   8   0 0.00  0.0    0 11.9 23 100   M    M   0        29  70
 3  73  53  63  -1   2   0 0.00  0.0    0 10.2 22 320   M    M   0        29 330
 4  65  45  55  -8  10   0 0.00  0.0    0 19.4 29 320   M    M   0        35 330
 5  81  53  67   4   0   2 0.00  0.0    0 10.4 21 320   M    M   0        24 320
 6  79  62  71   8   0   6 0.00  0.0    0 14.6 25  60   M    M   0        34  70
 7  83  65  74  12   0   9 0.00  0.0    0 11.3 21 320   M    M   0        26 330
 8  81  61  71   9   0   6 0.00  0.0    0 15.3 24 320   M    M   0        29 320
 9  75  48  62   0   3   0 0.00  0.0    0 11.9 26 330   M    M   0        36 320
10  61  47  54  -7  11   0 0.00    M    0 27.9 40  60   M    M   0        54  60
11  63  45  54  -7  11   0 0.00    M    0 22.8 36  70   M    M   0        45  60
12  70  53  62   1   3   0 0.00  0.0    0 12.3 20  60   M    M   0        24  70
13  72  52  62   2   3   0 0.00  0.0    0  7.4 17 160   M    M   0        23 190
14  71  49  60   0   5   0 0.00  0.0    0 12.1 22 320   M    M   0        26 330
15  76  56  66   6   0   1 0.00  0.0    0  9.9 23  70   M    M   0        28  60
16  78  61  70  11   0   5 0.00  0.0    0  9.4 20 330   M    M   0        26 150
17  63  45  54  -5  11   0 0.00  0.0    0 17.2 38 330   M    M   2 8      52 320
18  63  41  52  -7  13   0 0.00  0.0    0 18.1 59 330   M    M   0        70 320
19  63  45  54  -4  11   0 0.00  0.0    0 24.1 45 320   M    M   0        54 320
20  61  47  54  -4  11   0 0.00  0.0    0 19.4 43 320   M    M   2        52 330
21  75  54  65   7   0   0 0.00  0.0    0 10.7 22  70   M    M   0        27  70
22  84  61  73  16   0   8 0.00  0.0    0  8.5 20 330   M    M   0        23 330
================================================================================
SM 1566 1126       118  37  0.00     0.0 321.3          M        4
================================================================================
AV 71.2 51.2                              14.6 FASTST   M    M   0    MAX(MPH)
                                 MISC ---->  # 59 330               # 70  320
================================================================================
NOTES:
# LAST OF SEVERAL OCCURRENCES

COLUMN 17 PEAK WIND IN M.P.H.

PRELIMINARY LOCAL CLIMATOLOGICAL DATA (WS FORM: F-6) , PAGE 2

                                          STATION:  SANDBERG CA
                                          MONTH:    OCTOBER
                                          YEAR:     2019
                                          LATITUDE:   34 45 N
                                          LONGITUDE: 118 44 W

[TEMPERATURE DATA]      [PRECIPITATION DATA]       SYMBOLS USED IN COLUMN 16

AVERAGE MONTHLY: 61.2   TOTAL FOR MONTH:   0.00    1 = FOG OR MIST
DPTR FM NORMAL:   0.4   DPTR FM NORMAL:   -0.38    2 = FOG REDUCING VISIBILITY
HIGHEST:    84 ON 22    GRTST 24HR  0.00 ON 22-22      TO 1/4 MILE OR LESS
LOWEST:     38 ON  1                               3 = THUNDER
                        SNOW, ICE PELLETS, HAIL    4 = ICE PELLETS
                        TOTAL MONTH:   0.0 INCH    5 = HAIL
                        GRTST 24HR     0.0         6 = FREEZING RAIN OR DRIZZLE
                        GRTST DEPTH:   0           7 = DUSTSTORM OR SANDSTORM:
                                                       VSBY 1/2 MILE OR LESS
                                                   8 = SMOKE OR HAZE
[NO. OF DAYS WITH]      [WEATHER - DAYS WITH]      9 = BLOWING SNOW
                                                   X = TORNADO
MAX 32 OR BELOW:   0    0.01 INCH OR MORE:   0
MAX 90 OR ABOVE:   0    0.10 INCH OR MORE:   0
MIN 32 OR BELOW:   0    0.50 INCH OR MORE:   0
MIN  0 OR BELOW:   0    1.00 INCH OR MORE:   0

[HDD (BASE 65) ]
TOTAL THIS MO.   118    CLEAR  (SCALE 0-3)  22
DPTR FM NORMAL   -17    PTCLDY (SCALE 4-7)   0
TOTAL FM JUL 1   203    CLOUDY (SCALE 8-10)  0
DPTR FM NORMAL   -10

[CDD (BASE 65) ]
TOTAL THIS MO.    37
DPTR FM NORMAL    -7    [PRESSURE DATA]
TOTAL FM JAN 1  1123    HIGHEST SLP M ON M
DPTR FM NORMAL   133    LOWEST  SLP 29.71 ON 17

[REMARKS]
