000
CXUS53 KLMK 190800
CF6SDF
PRELIMINARY LOCAL CLIMATOLOGICAL DATA (WS FORM: F-6)

                                          STATION:   LOUISVILLE KY
                                          MONTH:     JANUARY
                                          YEAR:      2019
                                          LATITUDE:   38 10 N
                                          LONGITUDE:  85 44 W

  TEMPERATURE IN F:       :PCPN:    SNOW:  WIND      :SUNSHINE: SKY     :PK WND
================================================================================
1   2   3   4   5  6A  6B    7    8   9   10  11  12  13   14  15   16   17  18
                                     12Z  AVG MX 2MIN
DY MAX MIN AVG DEP HDD CDD  WTR  SNW DPTH SPD SPD DIR MIN PSBL S-S WX    SPD DR
================================================================================

 1  54  42  48  13  17   0    T  0.0    0  6.1 23 260   M    M  10        32 250
 2  45  40  43   8  22   0    T  0.0    0  7.0 16 280   M    M   9 18     22 250
 3  45  37  41   6  24   0 0.00  0.0    0  4.0 14 300   M    M  10        19 310
 4  47  37  42   7  23   0 0.68  0.0    0  5.9 14 350   M    M  10 18     19 350
 5  57  36  47  12  18   0    T  0.0    0  7.8 17 270   M    M   3        22 260
 6  59  36  48  13  17   0 0.00  0.0    0  3.5 10  90   M    M   5        14 100
 7  65  48  57  22   8   0    T  0.0    0 12.2 26 230   M    M   9        38 230
 8  67  44  56  21   9   0    T  0.0    0 15.2 33 290   M    M   5        47 290
 9  44  26  35   0  30   0    T    T    0 16.8 28 290   M    M   5        38 310
10  34  24  29  -6  36   0    T    T    0  7.0 15 360   M    M   6        20 350
11  37  23  30  -5  35   0 0.03  0.8    0  5.4 13 120   M    M   6 1      16 130
12  40  31  36   1  29   0 0.32  2.1    3  6.0 13  80   M    M  10 16     17 100
13  39  33  36   1  29   0 0.15    T    0  8.7 16  10   M    M  10 14     20 360
14  37  28  33  -2  32   0    T    T    0  6.9 14  30   M    M   7 1      18  30
15  36  28  32  -3  33   0    T    T    0  7.4 13 210   M    M  10        20 250
16  41  36  39   4  26   0    T  0.0    0  6.0 13 280   M    M  10 18     18 220
17  46  40  43   8  22   0 0.14  0.0    0  7.4 15 290   M    M  10 18     20 300
18  42  38  40   5  25   0 0.00  0.0    0  5.8 15 100   M    M  10        20 120
================================================================================
SM  835  627       435   0  1.32     2.9 139.1          M      145
================================================================================
AV 46.4 34.8                               7.7 FASTST   M    M   8    MAX(MPH)
                                 MISC ---->  # 33 290               # 47  290
================================================================================
NOTES:
# LAST OF SEVERAL OCCURRENCES

COLUMN 17 PEAK WIND IN M.P.H.

PRELIMINARY LOCAL CLIMATOLOGICAL DATA (WS FORM: F-6) , PAGE 2

                                          STATION:  LOUISVILLE KY
                                          MONTH:    JANUARY
                                          YEAR:     2019
                                          LATITUDE:   38 10 N
                                          LONGITUDE:  85 44 W

[TEMPERATURE DATA]      [PRECIPITATION DATA]       SYMBOLS USED IN COLUMN 16

AVERAGE MONTHLY: 40.6   TOTAL FOR MONTH:   1.32    1 = FOG OR MIST
DPTR FM NORMAL:   5.6   DPTR FM NORMAL:   -0.56    2 = FOG REDUCING VISIBILITY
HIGHEST:    67 ON  8    GRTST 24HR  1.48 ON 31- 1      TO 1/4 MILE OR LESS
LOWEST:     23 ON 11                               3 = THUNDER
                        SNOW, ICE PELLETS, HAIL    4 = ICE PELLETS
                        TOTAL MONTH:   2.9 INCHES  5 = HAIL
                        GRTST 24HR   2.1 ON 12-12  6 = FREEZING RAIN OR DRIZZLE
                        GRTST DEPTH:   3 ON 12     7 = DUSTSTORM OR SANDSTORM:
                                                       VSBY 1/2 MILE OR LESS
                                                   8 = SMOKE OR HAZE
[NO. OF DAYS WITH]      [WEATHER - DAYS WITH]      9 = BLOWING SNOW
                                                   X = TORNADO
MAX 32 OR BELOW:   0    0.01 INCH OR MORE:   5
MAX 90 OR ABOVE:   0    0.10 INCH OR MORE:   4
MIN 32 OR BELOW:   6    0.50 INCH OR MORE:   1
MIN  0 OR BELOW:   0    1.00 INCH OR MORE:   0

[HDD (BASE 65) ]
TOTAL THIS MO.   435    CLEAR  (SCALE 0-3)   1
DPTR FM NORMAL  -105    PTCLDY (SCALE 4-7)   6
TOTAL FM JUL 1  2006    CLOUDY (SCALE 8-10) 11
DPTR FM NORMAL  -110

[CDD (BASE 65) ]
TOTAL THIS MO.     0
DPTR FM NORMAL     0    [PRESSURE DATA]
TOTAL FM JAN 1     0    HIGHEST SLP M ON M
DPTR FM NORMAL     0    LOWEST  SLP 29.55 ON  4

[REMARKS]
