000
CXUS54 KHGX 311515
CF6SGR
PRELIMINARY LOCAL CLIMATOLOGICAL DATA (WS FORM: F-6)

                                          STATION:   SUGAR LAND/HULL FLD
                                          MONTH:     MARCH
                                          YEAR:      2020
                                          LATITUDE:   29 37 N
                                          LONGITUDE:  95 39 W

  TEMPERATURE IN F:       :PCPN:    SNOW:  WIND      :SUNSHINE: SKY     :PK WND
================================================================================
1   2   3   4   5  6A  6B    7    8   9   10  11  12  13   14  15   16   17  18
                                     12Z  AVG MX 2MIN
DY MAX MIN AVG DEP HDD CDD  WTR  SNW DPTH SPD SPD DIR MIN PSBL S-S WX    SPD DR
================================================================================

 1  72  59  66   7   0   1 0.01  0.0    0 12.5 24 170   M    M   8        32 180
 2  81  62  72  13   0   7 0.00  0.0    0  8.6 18 190   M    M   8 18     25 190
 3  81  67  74  15   0   9    T  0.0    0  6.8 21 120   M    M   7 128    27 120
 4  77  56  67   8   0   2 0.04  0.0    0 10.4 24  20   M    M  10 18     30  20
 5  74  49  62   2   3   0 0.00  0.0    0 10.9 22  10   M    M   5        27  10
 6  74  46  60   0   5   0 0.00  0.0    0  7.5 18  60   M    M   0        24  70
 7  63  43  53  -7  12   0 0.00  0.0    0  7.1 13 110   M    M   0        17 110
 8  75  53  64   4   1   0 0.00  0.0    0 12.9 22 150   M    M   2        30 140
 9  76  63  70  10   0   5    T  0.0    0 10.6 22 180   M    M   7        28 150
10  84  62  73  12   0   8 0.03  0.0    0  5.5 16 180   M    M   7 12     19 190
11  82  63  73  12   0   8 0.00  0.0    0  8.3 16 170   M    M   8 12     22 210
12  84  68  76  15   0  11 0.00  0.0    0 11.8 23 170   M    M   7        29 180
13  84  70  77  16   0  12 0.00  0.0    0 11.3 21 140   M    M   9        26 160
14  83  71  77  16   0  12 0.01  0.0    0 11.0 20 150   M    M   7 1      24 140
15  81  67  74  12   0   9 0.01  0.0    0  7.2 18 150   M    M   8 1      21 140
16  75  63  69   7   0   4    T  0.0    0  6.3 18 130   M    M   7 1      23 130
17  84  69  77  15   0  12    T  0.0    0  9.8 21 160   M    M   7 1      25 140
18  85  71  78  16   0  13 0.00  0.0    0 12.5 21 180   M    M   7        26 180
19  85  73  79  17   0  14 0.01  0.0    0 14.0 25 160   M    M   8        30 150
20  75  57  66   3   0   1 0.26  0.0    0 10.0 20  10   M    M   9 13     25  10
21  62  55  59  -4   6   0 0.88  0.0    0 10.2 20  20   M    M  10 138    23  20
22  78  60  69   6   0   4 0.01  0.0    0  9.7 21 180   M    M   9 1      28 180
23  86  68  77  14   0  12 0.00  0.0    0  9.9 21 170   M    M   8 1      24 180
24  88  70  79  16   0  14 0.00  0.0    0 10.8 23 220   M    M   9 1      30 190
25  88  70  79  15   0  14 0.00  0.0    0  7.0 16 180   M    M   5 1      20 140
26  88  68  78  14   0  13 0.00  0.0    0 10.4 24 160   M    M   4 1      29 160
27  88  69  79  15   0  14 0.00  0.0    0 13.9 24 160   M    M   5        31 170
28  80  61  71   7   0   6 0.01  0.0    0  8.4 18 180   M    M   9 3      23 170
29  82  53  68   4   0   3 0.00  0.0    0  6.7 18  50   M    M   4        22  60
30  85  69  77  12   0  12    T  0.0    0 11.2 24 160   M    M   6        31 140
================================================================================
SM 2400 1875        27 220  1.27     0.0 293.2          M      200
================================================================================
AV 80.0 62.5                               9.8 FASTST   M    M   7    MAX(MPH)
                                 MISC ---->  # 25 160               # 32  180
================================================================================
NOTES:
# LAST OF SEVERAL OCCURRENCES

COLUMN 17 PEAK WIND IN M.P.H.

PRELIMINARY LOCAL CLIMATOLOGICAL DATA (WS FORM: F-6) , PAGE 2

                                          STATION:  SUGAR LAND/HULL FLD
                                          MONTH:    MARCH
                                          YEAR:     2020
                                          LATITUDE:   29 37 N
                                          LONGITUDE:  95 39 W

[TEMPERATURE DATA]      [PRECIPITATION DATA]       SYMBOLS USED IN COLUMN 16

AVERAGE MONTHLY: 71.3   TOTAL FOR MONTH:   1.27    1 = FOG OR MIST
DPTR FM NORMAL:   9.5   DPTR FM NORMAL:   -1.85    2 = FOG REDUCING VISIBILITY
HIGHEST:    88 ON 27,26 GRTST 24HR  0.88 ON 21-21      TO 1/4 MILE OR LESS
LOWEST:     43 ON  7                               3 = THUNDER
                        SNOW, ICE PELLETS, HAIL    4 = ICE PELLETS
                        TOTAL MONTH:   0.0 INCH    5 = HAIL
                        GRTST 24HR     0.0         6 = FREEZING RAIN OR DRIZZLE
                        GRTST DEPTH:   0           7 = DUSTSTORM OR SANDSTORM:
                                                       VSBY 1/2 MILE OR LESS
                                                   8 = SMOKE OR HAZE
[NO. OF DAYS WITH]      [WEATHER - DAYS WITH]      9 = BLOWING SNOW
                                                   X = TORNADO
MAX 32 OR BELOW:   0    0.01 INCH OR MORE:  10
MAX 90 OR ABOVE:   0    0.10 INCH OR MORE:   2
MIN 32 OR BELOW:   0    0.50 INCH OR MORE:   1
MIN  0 OR BELOW:   0    1.00 INCH OR MORE:   0

[HDD (BASE 65) ]
TOTAL THIS MO.    27    CLEAR  (SCALE 0-3)   3
DPTR FM NORMAL  -125    PTCLDY (SCALE 4-7)  17
TOTAL FM JUL 1   993    CLOUDY (SCALE 8-10) 10
DPTR FM NORMAL  -381

[CDD (BASE 65) ]
TOTAL THIS MO.   220
DPTR FM NORMAL   167    [PRESSURE DATA]
TOTAL FM JAN 1   279    HIGHEST SLP M ON M
DPTR FM NORMAL   195    LOWEST  SLP 29.66 ON  4

[REMARKS]
