000
CXUS54 KHGX 220757
CF6SGR
PRELIMINARY LOCAL CLIMATOLOGICAL DATA (WS FORM: F-6)

                                          STATION:   SUGAR LAND/HULL FLD
                                          MONTH:     JUNE
                                          YEAR:      2021
                                          LATITUDE:   29 37 N
                                          LONGITUDE:  95 39 W

  TEMPERATURE IN F:       :PCPN:    SNOW:  WIND      :SUNSHINE: SKY     :PK WND
================================================================================
1   2   3   4   5  6A  6B    7    8   9   10  11  12  13   14  15   16   17  18
                                     12Z  AVG MX 2MIN
DY MAX MIN AVG DEP HDD CDD  WTR  SNW DPTH SPD SPD DIR MIN PSBL S-S WX    SPD DR
================================================================================

 1  85  73  79  -3   0  14 0.05  0.0    0  4.6 14 190   M    M   3 13     18 180
 2  91  70  81  -1   0  16 0.01  0.0    0  4.1 14 230   M    M   2 3      18 230
 3  89  69  79  -3   0  14 1.97  0.0    0  6.4 21 130   M    M   5 13     27 130
 4  84  72  78  -4   0  13 0.20  0.0    0  5.3 15 100   M    M   6 13     19  80
 5  90  71  81  -1   0  16    T  0.0    0  4.6 22 160   M    M   3 3      26 170
 6  92  72  82   0   0  17 0.00  0.0    0  7.9 16 170   M    M   2        21 160
 7  91  80  86   4   0  21 0.00  0.0    0 12.5 24 160   M    M   7        30 180
 8  93  80  87   4   0  22 0.00  0.0    0 11.1 25 180   M    M   6        31 180
 9  93  80  87   4   0  22 0.00  0.0    0  9.9 17 160   M    M   5        22 160
10  94  78  86   3   0  21 0.00  0.0    0  9.2 18 170   M    M   3        23 170
11  94  77  86   3   0  21 0.00  0.0    0  9.3 17 170   M    M   2        20 190
12  97  77  87   4   0  22 0.00  0.0    0  4.6 15 190   M    M   2        19 180
13  97  79  88   5   0  23 0.07  0.0    0  3.5 12 170   M    M   1        17 170
14  98  77  88   5   0  23 0.00  0.0    0  4.6 14 290   M    M   2        20 280
15  97  72  85   2   0  20 0.44  0.0    0  4.8 24  80   M    M   3 138    31  60
16  98  71  85   2   0  20 0.10  0.0    0  5.3 31  60   M    M   2 3      38  60
17  96  74  85   1   0  20 0.00  0.0    0  6.3 17 140   M    M   3        21 140
18  95  71  83  -1   0  18 0.00  0.0    0  4.3 13  70   M    M   0        20  40
19  96  75  86   2   0  21 0.00  0.0    0  5.5 18 170   M    M   1        23 170
20  92  77  85   1   0  20 0.11  0.0    0  7.9 21 200   M    M   2        26 150
21  93  81  87   3   0  22    T  0.0    0 10.9 22 170   M    M   6 3      26 170
================================================================================
SM 1955 1576         0 406  2.95  0.0    142.6          M       66
================================================================================
AV 93.1 75.0                               6.8 FASTST   M    M   3    MAX(MPH)
                                 MISC ---->    31  60                 38  60
================================================================================
NOTES:
# LAST OF SEVERAL OCCURRENCES

COLUMN 17 PEAK WIND IN M.P.H.

PRELIMINARY LOCAL CLIMATOLOGICAL DATA (WS FORM: F-6) , PAGE 2

                                          STATION:   SUGAR LAND/HULL FLD
                                          MONTH:     JUNE
                                          YEAR:      2021
                                          LATITUDE:   29 37 N
                                          LONGITUDE:  95 39 W

[TEMPERATURE DATA]      [PRECIPITATION DATA]       SYMBOLS USED IN COLUMN 16

AVERAGE MONTHLY: 84.1   TOTAL FOR MONTH:   2.95    1 = FOG OR MIST
DPTR FM NORMAL:   1.2   DPTR FM NORMAL:   -0.02    2 = FOG REDUCING VISIBILITY
HIGHEST:    98 ON 16,14  GRTST 24HR  1.97 ON  3- 3      TO 1/4 MILE OR LESS
LOWEST:     69 ON  3                               3 = THUNDER
                        SNOW, ICE PELLETS, HAIL    4 = ICE PELLETS
                        TOTAL MONTH:   0.0 INCH    5 = HAIL
                        GRTST 24HR  0.0            6 = FREEZING RAIN OR DRIZZLE
                        GRTST DEPTH:  0            7 = DUSTSTORM OR SANDSTORM:
                                                       VSBY 1/2 MILE OR LESS
                                                   8 = SMOKE OR HAZE
[NO. OF DAYS WITH]      [WEATHER - DAYS WITH]      9 = BLOWING SNOW
                                                   X = TORNADO
MAX 32 OR BELOW:   0    0.01 INCH OR MORE:   8
MAX 90 OR ABOVE:  18    0.10 INCH OR MORE:   5
MIN 32 OR BELOW:   0    0.50 INCH OR MORE:   1
MIN  0 OR BELOW:   0    1.00 INCH OR MORE:   1

[HDD (BASE 65) ]
TOTAL THIS MO.     0    CLEAR  (SCALE 0-3)  14
DPTR FM NORMAL     0    PTCLDY (SCALE 4-7)   7
TOTAL FM JUL 1  1139    CLOUDY (SCALE 8-10)  0
DPTR FM NORMAL    -7

[CDD (BASE 65) ]
TOTAL THIS MO.   406
DPTR FM NORMAL    32    [PRESSURE DATA]
TOTAL FM JAN 1  1214    HIGHEST SLP M ON M
DPTR FM NORMAL    95    LOWEST  SLP 29.75 ON  6

[REMARKS]
