000
CXUS54 KHGX 191515
CF6SGR
PRELIMINARY LOCAL CLIMATOLOGICAL DATA (WS FORM: F-6)

                                          STATION:   SUGAR LAND/HULL FLD
                                          MONTH:     OCTOBER
                                          YEAR:      2019
                                          LATITUDE:   29 37 N
                                          LONGITUDE:  95 39 W

  TEMPERATURE IN F:       :PCPN:    SNOW:  WIND      :SUNSHINE: SKY     :PK WND
================================================================================
1   2   3   4   5  6A  6B    7    8   9   10  11  12  13   14  15   16   17  18
                                     12Z  AVG MX 2MIN
DY MAX MIN AVG DEP HDD CDD  WTR  SNW DPTH SPD SPD DIR MIN PSBL S-S WX    SPD DR
================================================================================

 1  92  78  85  10   0  20 0.00  0.0    0  9.2 20 150   M    M   2        26 150
 2  92  74  83   8   0  18 0.00  0.0    0  6.3 15 110   M    M   1        20 140
 3  93  74  84  10   0  19 0.10  0.0    0  5.7 22  50   M    M   1 3      28  50
 4  93  73  83   9   0  18 0.00  0.0    0  4.7 13 140   M    M   0        16 130
 5  94  72  83   9   0  18 0.00  0.0    0  3.8 14 150   M    M   0 1      17 160
 6  92  71  82   8   0  17 0.00  0.0    0  4.4 12  80   M    M   1 1      16 350
 7  86  70  78   5   0  13 0.00  0.0    0 10.1 18  20   M    M   4        23  20
 8  84  68  76   3   0  11 0.00  0.0    0  6.6 14  40   M    M   5        18  40
 9  90  66  78   5   0  13 0.00  0.0    0  7.4 17 150   M    M   2 1      22 150
10  92  74  83  11   0  18 0.00  0.0    0 11.2 20 160   M    M   1        25 170
11  82  53  68  -4   0   3 0.08  0.0    0 13.9 26 360   M    M   4 13     35 350
12  74  54  64  -8   1   0 0.00  0.0    0 11.9 23  20   M    M   5        29  10
13  83  57  70  -2   0   5 0.00  0.0    0  4.4 12 120   M    M   5        17 120
14  91  75  83  12   0  18    T  0.0    0  7.0 15 130   M    M   5        26 170
15  93  76  85  14   0  20 0.00  0.0    0  8.7 15 160   M    M   2        18 160
16  78  63  71   0   0   6 0.15  0.0    0  8.9 20 360   M    M   8 13     24 330
17  71  58  65  -6   0   0 0.00  0.0    0  7.9 14  50   M    M   0        17  60
18  83  54  69  -1   0   4 0.00  0.0    0  3.8  9 150   M    M   0        13 150
================================================================================
SM 1563 1210         1 221  0.33     0.0 135.9          M       46
================================================================================
AV 86.8 67.2                               7.6 FASTST   M    M   3    MAX(MPH)
                                 MISC ---->  # 26 360               # 35  350
================================================================================
NOTES:
# LAST OF SEVERAL OCCURRENCES

COLUMN 17 PEAK WIND IN M.P.H.

PRELIMINARY LOCAL CLIMATOLOGICAL DATA (WS FORM: F-6) , PAGE 2

                                          STATION:  SUGAR LAND/HULL FLD
                                          MONTH:    OCTOBER
                                          YEAR:     2019
                                          LATITUDE:   29 37 N
                                          LONGITUDE:  95 39 W

[TEMPERATURE DATA]      [PRECIPITATION DATA]       SYMBOLS USED IN COLUMN 16

AVERAGE MONTHLY: 77.0   TOTAL FOR MONTH:   0.33    1 = FOG OR MIST
DPTR FM NORMAL:   4.4   DPTR FM NORMAL:   -2.79    2 = FOG REDUCING VISIBILITY
HIGHEST:    94 ON  5    GRTST 24HR  0.15 ON 16-16      TO 1/4 MILE OR LESS
LOWEST:     53 ON 11                               3 = THUNDER
                        SNOW, ICE PELLETS, HAIL    4 = ICE PELLETS
                        TOTAL MONTH:   0.0 INCH    5 = HAIL
                        GRTST 24HR     0.0         6 = FREEZING RAIN OR DRIZZLE
                        GRTST DEPTH:   0           7 = DUSTSTORM OR SANDSTORM:
                                                       VSBY 1/2 MILE OR LESS
                                                   8 = SMOKE OR HAZE
[NO. OF DAYS WITH]      [WEATHER - DAYS WITH]      9 = BLOWING SNOW
                                                   X = TORNADO
MAX 32 OR BELOW:   0    0.01 INCH OR MORE:   3
MAX 90 OR ABOVE:  10    0.10 INCH OR MORE:   2
MIN 32 OR BELOW:   0    0.50 INCH OR MORE:   0
MIN  0 OR BELOW:   0    1.00 INCH OR MORE:   0

[HDD (BASE 65) ]
TOTAL THIS MO.     1    CLEAR  (SCALE 0-3)  11
DPTR FM NORMAL    -3    PTCLDY (SCALE 4-7)   6
TOTAL FM JUL 1     1    CLOUDY (SCALE 8-10)  1
DPTR FM NORMAL    -3

[CDD (BASE 65) ]
TOTAL THIS MO.   221
DPTR FM NORMAL    77    [PRESSURE DATA]
TOTAL FM JAN 1  3343    HIGHEST SLP M ON M
DPTR FM NORMAL   545    LOWEST  SLP 29.74 ON 18

[REMARKS]
