000
CXUS55 KBYZ 181057
CF6SHR
PRELIMINARY LOCAL CLIMATOLOGICAL DATA (WS FORM: F-6)

                                          STATION:   SHERIDAN WY
                                          MONTH:     OCTOBER
                                          YEAR:      2019
                                          LATITUDE:   44 46 N
                                          LONGITUDE: 106 58 W

  TEMPERATURE IN F:       :PCPN:    SNOW:  WIND      :SUNSHINE: SKY     :PK WND
================================================================================
1   2   3   4   5  6A  6B    7    8   9   10  11  12  13   14  15   16   17  18
                                     12Z  AVG MX 2MIN
DY MAX MIN AVG DEP HDD CDD  WTR  SNW DPTH SPD SPD DIR MIN PSBL S-S WX    SPD DR
================================================================================

 1  40  33  37 -14  28   0 0.15    M    M  5.2 12  50   M    M  10 1      14  40
 2  44  27  36 -15  29   0 0.01    M    M  3.7 13 340   M    M   7 1      15 320
 3  63  23  43  -7  22   0 0.00    M    M  4.4 13 110   M    M   0        17 120
 4  66  30  48  -2  17   0 0.15    M    M  9.3 24 310   M    M   3        30 310
 5  57  34  46  -3  19   0    T    M    M 11.7 31 290   M    M   5        39 300
 6  60  29  45  -4  20   0 0.00    M    M  5.0 14 140   M    M   0        17 170
 7  76  29  53   4  12   0 0.00    M    M  7.2 20 240   M    M   0        27 240
 8  69  36  53   5  12   0 0.00    M    M  6.9 35 310   M    M   1        42 310
 9  36  23  30 -18  35   0 0.02    M    M 17.7 26 330   M    M  10 16     31 330
10  31  17  24 -24  41   0    T    M    M 12.2 24 330   M    M   8        29 340
11  46  14  30 -17  35   0 0.00    M    M 10.1 30 330   M    M   0        35 330
12  57  20  39  -8  26   0 0.00    M    M  6.7 21 330   M    M   0        25 310
13  68  21  45  -1  20   0 0.00    M    M  3.1  9  40   M    M   0        12  30
14  63  31  47   1  18   0 0.00    M    M  9.8 25 330   M    M   3        34 360
15  56  27  42  -4  23   0 0.00    M    M  3.5 13 300   M    M   2        25  10
16  77  31  54   8  11   0 0.00    M    M  2.6 12 170   M    M   0        14 180
17  63  35  49   4  16   0 0.00    M    M  6.5 24 310   M    M   0        34 310
================================================================================
SM  972  460       384   0  0.33    M    125.6          M       49
================================================================================
AV 57.2 27.1                               7.4 FASTST   M    M   3    MAX(MPH)
                                 MISC ---->  # 35 310               # 42  310
================================================================================
NOTES:
# LAST OF SEVERAL OCCURRENCES

COLUMN 17 PEAK WIND IN M.P.H.

PRELIMINARY LOCAL CLIMATOLOGICAL DATA (WS FORM: F-6) , PAGE 2

                                          STATION:  SHERIDAN WY
                                          MONTH:    OCTOBER
                                          YEAR:     2019
                                          LATITUDE:   44 46 N
                                          LONGITUDE: 106 58 W

[TEMPERATURE DATA]      [PRECIPITATION DATA]       SYMBOLS USED IN COLUMN 16

AVERAGE MONTHLY: 42.1   TOTAL FOR MONTH:   0.33    1 = FOG OR MIST
DPTR FM NORMAL:  -5.9   DPTR FM NORMAL:   -0.57    2 = FOG REDUCING VISIBILITY
HIGHEST:    77 ON 16    GRTST 24HR  0.15 ON  4- 4      TO 1/4 MILE OR LESS
LOWEST:     14 ON 11                               3 = THUNDER
                        SNOW, ICE PELLETS, HAIL    4 = ICE PELLETS
                        TOTAL MONTH:    M          5 = HAIL
                        GRTST 24HR    M  ON   M    6 = FREEZING RAIN OR DRIZZLE
                        GRTST DEPTH:  M  ON   M    7 = DUSTSTORM OR SANDSTORM:
                                                       VSBY 1/2 MILE OR LESS
                                                   8 = SMOKE OR HAZE
[NO. OF DAYS WITH]      [WEATHER - DAYS WITH]      9 = BLOWING SNOW
                                                   X = TORNADO
MAX 32 OR BELOW:   1    0.01 INCH OR MORE:   4
MAX 90 OR ABOVE:   0    0.10 INCH OR MORE:   2
MIN 32 OR BELOW:  13    0.50 INCH OR MORE:   0
MIN  0 OR BELOW:   0    1.00 INCH OR MORE:   0

[HDD (BASE 65) ]
TOTAL THIS MO.   384    CLEAR  (SCALE 0-3)  11
DPTR FM NORMAL    95    PTCLDY (SCALE 4-7)   3
TOTAL FM JUL 1   611    CLOUDY (SCALE 8-10)  3
DPTR FM NORMAL    21

[CDD (BASE 65) ]
TOTAL THIS MO.     0
DPTR FM NORMAL     0    [PRESSURE DATA]
TOTAL FM JAN 1   403    HIGHEST SLP M ON M
DPTR FM NORMAL   -15    LOWEST  SLP 29.44 ON 17

[REMARKS]
