000
CXUS55 KBYZ 211056
CF6SHR
PRELIMINARY LOCAL CLIMATOLOGICAL DATA (WS FORM: F-6)

                                          STATION:   SHERIDAN WY
                                          MONTH:     JUNE
                                          YEAR:      2018
                                          LATITUDE:   44 46 N
                                          LONGITUDE: 106 58 W

  TEMPERATURE IN F:       :PCPN:    SNOW:  WIND      :SUNSHINE: SKY     :PK WND
================================================================================
1   2   3   4   5  6A  6B    7    8   9   10  11  12  13   14  15   16   17  18
                                     12Z  AVG MX 2MIN
DY MAX MIN AVG DEP HDD CDD  WTR  SNW DPTH SPD SPD DIR MIN PSBL S-S WX    SPD DR
================================================================================

 1  63  47  55  -2  10   0 0.38    M    M 11.2 29 310   M    M   8 13     36 310
 2  71  40  56  -1   9   0 0.00    M    M  6.4 17 300   M    M   0        21 300
 3  81  42  62   4   3   0 0.00    M    M  3.5 10 130   M    M   0        15 110
 4  87  46  67   9   0   2 0.00    M    M  4.1 13 180   M    M   0        16 170
 5  79  57  68  10   0   3 0.00    M    M  7.8 22 300   M    M   2        27 330
 6  80  58  69  11   0   4 0.01    M    M  8.1 28 180   M    M   5 3      36 190
 7  84  53  69  10   0   4 0.05    M    M  7.9 35 220   M    M   0 3      45 220
 8  81  50  66   7   0   1 0.00    M    M  5.4 16 290   M    M   1 3      18 290
 9  91  51  71  12   0   6 0.00    M    M  5.5 17 140   M    M   0        22 130
10  71  45  58  -2   7   0 0.05    M    M 10.7 31 320   M    M   3 3      39 320
11  71  37  54  -6  11   0 0.00    M    M  9.2 24 320   0    0   0        33 320
12  69  34  52  -8  13   0 0.00    M    M  3.1 12  40   M    M   0        15  50
13  83  38  61   0   4   0 0.00    M    M  3.3 12 100   M    M   0        15  90
14  81  47  64   3   1   0    T    M    M  9.3 24 310   M    M   2 3      30 310
15  69  52  61   0   4   0 0.18    M    M  6.8 33 310   M    M   9 3      43 310
16  68  51  60  -2   5   0 0.01    M    M  4.7 13  30   M    M   7        16 330
17  67  54  61  -1   4   0 0.01    M    M  6.1 13 110   M    M  10        17 120
18  68  53  61  -1   4   0 0.01    M    M 13.0 32 140   M    M   6 3      43 120
19  72  49  61  -2   4   0 0.04    M    M  4.4 18  30   M    M   8 3      25  40
20  72  49  61  -2   4   0 0.27    M    M  4.7 16 290   M    M   7        20 290
================================================================================
SM 1508  953        83  20  1.01    M    135.2            0     68
================================================================================
AV 75.4 47.7                               6.8 FASTST    0   0   3    MAX(MPH)
                                 MISC ---->  # 35 220               # 45  220
================================================================================
NOTES:
# LAST OF SEVERAL OCCURRENCES

COLUMN 17 PEAK WIND IN M.P.H.

PRELIMINARY LOCAL CLIMATOLOGICAL DATA (WS FORM: F-6) , PAGE 2

                                          STATION:  SHERIDAN WY
                                          MONTH:    JUNE
                                          YEAR:     2018
                                          LATITUDE:   44 46 N
                                          LONGITUDE: 106 58 W

[TEMPERATURE DATA]      [PRECIPITATION DATA]       SYMBOLS USED IN COLUMN 16

AVERAGE MONTHLY: 61.5   TOTAL FOR MONTH:   1.01    1 = FOG OR MIST
DPTR FM NORMAL:   1.6   DPTR FM NORMAL:   -0.57    2 = FOG REDUCING VISIBILITY
HIGHEST:    91 ON  9    GRTST 24HR  0.38 ON  1- 1      TO 1/4 MILE OR LESS
LOWEST:     34 ON 12                               3 = THUNDER
                        SNOW, ICE PELLETS, HAIL    4 = ICE PELLETS
                        TOTAL MONTH:    M          5 = HAIL
                        GRTST 24HR    M  ON   M    6 = FREEZING RAIN OR DRIZZLE
                        GRTST DEPTH:  M  ON   M    7 = DUSTSTORM OR SANDSTORM:
                                                       VSBY 1/2 MILE OR LESS
                                                   8 = SMOKE OR HAZE
[NO. OF DAYS WITH]      [WEATHER - DAYS WITH]      9 = BLOWING SNOW
                                                   X = TORNADO
MAX 32 OR BELOW:   0    0.01 INCH OR MORE:  10
MAX 90 OR ABOVE:   1    0.10 INCH OR MORE:   3
MIN 32 OR BELOW:   0    0.50 INCH OR MORE:   0
MIN  0 OR BELOW:   0    1.00 INCH OR MORE:   0

[HDD (BASE 65) ]
TOTAL THIS MO.    83    CLEAR  (SCALE 0-3)  12
DPTR FM NORMAL   -37    PTCLDY (SCALE 4-7)   6
TOTAL FM JUL 1  7760    CLOUDY (SCALE 8-10)  2
DPTR FM NORMAL   146

[CDD (BASE 65) ]
TOTAL THIS MO.    20
DPTR FM NORMAL    -1    [PRESSURE DATA]
TOTAL FM JAN 1    25    HIGHEST SLP  0.00 ON 11
DPTR FM NORMAL     0    LOWEST  SLP  0.00 ON 11

[REMARKS]
