000
CXUS54 KSHV 161500
CF6SHV
PRELIMINARY LOCAL CLIMATOLOGICAL DATA (WS FORM: F-6)

                                          STATION:   SHREVEPORT
                                          MONTH:     OCTOBER
                                          YEAR:      2019
                                          LATITUDE:   32 28 N
                                          LONGITUDE:  93 49 W

  TEMPERATURE IN F:       :PCPN:    SNOW:  WIND      :SUNSHINE: SKY     :PK WND
================================================================================
1   2   3   4   5  6A  6B    7    8   9   10  11  12  13   14  15   16   17  18
                                     12Z  AVG MX 2MIN
DY MAX MIN AVG DEP HDD CDD  WTR  SNW DPTH SPD SPD DIR MIN PSBL S-S WX    SPD DR
================================================================================

 1  96  70  83  12   0  18 0.00  0.0    0  5.6 15 160   M    M   1 1      20 190
 2  97  70  84  13   0  19 0.00  0.0    0  3.1 16 190   M    M   1        20 180
 3  98  73  86  15   0  21 0.64  0.0    0  5.9 30 110   M    M   6 13     37 110
 4  88  70  79   9   0  14    T  0.0    0  7.0 15  50   M    M   6        19  80
 5  92  67  80  10   0  15 0.00  0.0    0  2.3  8  50   M    M   0        12  70
 6  93  71  82  12   0  17 0.00  0.0    0  3.5 13 170   M    M   2 1      16 170
 7  79  61  70   1   0   5 0.04  0.0    0  9.4 21  20   M    M   8 13     30  10
 8  80  57  69   0   0   4 0.00  0.0    0  7.2 12  30   M    M   2        17  50
 9  86  56  71   2   0   6 0.00  0.0    0  5.0 15 170   M    M   2        20 170
10  92  64  78  10   0  13 0.00  0.0    0  9.2 18 180   M    M   2 1      22 170
11  74  49  62  -6   3   0 0.17    M    0 10.5 28 310   M    M   8 1      32 310
12  67  44  56 -12   9   0 0.00  0.0    0  6.1 17  40   M    M   2        21  30
13  70  49  60  -7   5   0    T    M    0  2.8  9 160   M    M   8        12 160
14  73  56  65  -2   0   0 0.53  0.0    0  4.6 13 160   M    M   9 1      15 160
15  81  68  75   8   0  10 0.89  0.0    0  5.2 24 250   M    M   9 123    30 250
================================================================================
SM 1266  925        17 142  2.27     0.0  87.4          M       66
================================================================================
AV 84.4 61.7                               5.8 FASTST   M    M   4    MAX(MPH)
                                 MISC ---->  # 30 110               # 37  110
================================================================================
NOTES:
# LAST OF SEVERAL OCCURRENCES

COLUMN 17 PEAK WIND IN M.P.H.

PRELIMINARY LOCAL CLIMATOLOGICAL DATA (WS FORM: F-6) , PAGE 2

                                          STATION:  SHREVEPORT
                                          MONTH:    OCTOBER
                                          YEAR:     2019
                                          LATITUDE:   32 28 N
                                          LONGITUDE:  93 49 W

[TEMPERATURE DATA]      [PRECIPITATION DATA]       SYMBOLS USED IN COLUMN 16

AVERAGE MONTHLY: 73.0   TOTAL FOR MONTH:   2.27    1 = FOG OR MIST
DPTR FM NORMAL:   4.0   DPTR FM NORMAL:    0.10    2 = FOG REDUCING VISIBILITY
HIGHEST:    98 ON  3    GRTST 24HR  0.89 ON 15-15      TO 1/4 MILE OR LESS
LOWEST:     44 ON 12                               3 = THUNDER
                        SNOW, ICE PELLETS, HAIL    4 = ICE PELLETS
                        TOTAL MONTH:   0.0 INCH    5 = HAIL
                        GRTST 24HR     0.0         6 = FREEZING RAIN OR DRIZZLE
                        GRTST DEPTH:   0           7 = DUSTSTORM OR SANDSTORM:
                                                       VSBY 1/2 MILE OR LESS
                                                   8 = SMOKE OR HAZE
[NO. OF DAYS WITH]      [WEATHER - DAYS WITH]      9 = BLOWING SNOW
                                                   X = TORNADO
MAX 32 OR BELOW:   0    0.01 INCH OR MORE:   5
MAX 90 OR ABOVE:   6    0.10 INCH OR MORE:   4
MIN 32 OR BELOW:   0    0.50 INCH OR MORE:   3
MIN  0 OR BELOW:   0    1.00 INCH OR MORE:   0

[HDD (BASE 65) ]
TOTAL THIS MO.    17    CLEAR  (SCALE 0-3)   8
DPTR FM NORMAL    -4    PTCLDY (SCALE 4-7)   5
TOTAL FM JUL 1    17    CLOUDY (SCALE 8-10)  2
DPTR FM NORMAL   -10

[CDD (BASE 65) ]
TOTAL THIS MO.   142
DPTR FM NORMAL    61    [PRESSURE DATA]
TOTAL FM JAN 1  2816    HIGHEST SLP M ON M
DPTR FM NORMAL   410    LOWEST  SLP 29.80 ON 10

[REMARKS]
