000
CXUS56 KFGZ 200900
CF6SJN
PRELIMINARY LOCAL CLIMATOLOGICAL DATA (WS FORM: F-6)

                                          STATION:   SAINT JOHNS AZ AIRPORT
                                          MONTH:     OCTOBER
                                          YEAR:      2019
                                          LATITUDE:   34 31 N
                                          LONGITUDE: 109 23 W

  TEMPERATURE IN F:       :PCPN:    SNOW:  WIND      :SUNSHINE: SKY     :PK WND
================================================================================
1   2   3   4   5  6A  6B    7    8   9   10  11  12  13   14  15   16   17  18
                                     12Z  AVG MX 2MIN
DY MAX MIN AVG DEP HDD CDD  WTR  SNW DPTH SPD SPD DIR MIN PSBL S-S WX    SPD DR
================================================================================

 1  81  39  60  -2   5   0 0.00    M    M  9.8 30 230   M    M   0        38 220
 2  79  40  60  -2   5   0 0.00    M    M  4.8 15 340   M    M   0        19 340
 3  81  40  61   0   4   0 0.00    M    M  4.0 13 300   M    M   0        16 300
 4  80  56  68   7   0   3    T    M    M  9.0 25 260   M    M   5        33 260
 5  79  47  63   3   2   0 0.00    M    M  7.7 17 290   M    M   0        22 250
 6  76  42  59  -1   6   0 0.00    M    M  6.9 15 290   M    M   0        20 350
 7  79  34  57  -2   8   0 0.00    M    M  3.6 14 320   M    M   0        19 310
 8  81  46  64   5   1   0 0.00    M    M  8.1 25 260   M    M   3        35 260
 9  78  42  60   2   5   0 0.00    M    M  9.9 28 250   M    M   0        36 250
10  65  30  48 -10  17   0 0.00    M    M 12.1 26 290   M    M   0 8      34 310
11  66  16  41 -17  24   0 0.00    M    M  3.2 10  20   M    M   0 8      14 350
12  73  29  51  -6  14   0 0.00    M    M  5.8 20 250   M    M   0        27 240
13  77  35  56  -1   9   0 0.00    M    M  3.6 16 270   M    M   0        20 270
14  75  37  56   0   9   0 0.00    M    M  7.1 22 270   M    M   1        28 290
15  74  40  57   1   8   0 0.00    M    M  4.4 14  60   M    M   0        20  60
16  80  30  55   0  10   0 0.00    M    M  5.0 13 190   M    M   0        16  40
17  79  37  58   3   7   0 0.00    M    M  7.3 24 230   M    M   0        31 240
18  69  45  57   3   8   0 0.00    M    M 13.5 28 290   M    M   1        39 290
19  71  32  52  -2  13   0 0.00    M    M  6.1 20 240   M    M   0        24 240
================================================================================
SM 1443  717       155   3    T     M    131.9          M       10
================================================================================
AV 76.0 37.7                               6.9 FASTST   M    M   1    MAX(MPH)
                                 MISC ---->  # 30 230               # 39  290
================================================================================
NOTES:
# LAST OF SEVERAL OCCURRENCES

COLUMN 17 PEAK WIND IN M.P.H.

PRELIMINARY LOCAL CLIMATOLOGICAL DATA (WS FORM: F-6) , PAGE 2

                                          STATION:  SAINT JOHNS AZ AIRPORT
                                          MONTH:    OCTOBER
                                          YEAR:     2019
                                          LATITUDE:   34 31 N
                                          LONGITUDE: 109 23 W

[TEMPERATURE DATA]      [PRECIPITATION DATA]       SYMBOLS USED IN COLUMN 16

AVERAGE MONTHLY: 56.8   TOTAL FOR MONTH:      T    1 = FOG OR MIST
DPTR FM NORMAL:  -1.2   DPTR FM NORMAL:   -0.74    2 = FOG REDUCING VISIBILITY
HIGHEST:    81 ON  8, 3 GRTST 24HR    T  ON  4- 4      TO 1/4 MILE OR LESS
LOWEST:     16 ON 11                               3 = THUNDER
                        SNOW, ICE PELLETS, HAIL    4 = ICE PELLETS
                        TOTAL MONTH:    M          5 = HAIL
                        GRTST 24HR    M  ON   M    6 = FREEZING RAIN OR DRIZZLE
                        GRTST DEPTH:  M  ON   M    7 = DUSTSTORM OR SANDSTORM:
                                                       VSBY 1/2 MILE OR LESS
                                                   8 = SMOKE OR HAZE
[NO. OF DAYS WITH]      [WEATHER - DAYS WITH]      9 = BLOWING SNOW
                                                   X = TORNADO
MAX 32 OR BELOW:   0    0.01 INCH OR MORE:   0
MAX 90 OR ABOVE:   0    0.10 INCH OR MORE:   0
MIN 32 OR BELOW:   5    0.50 INCH OR MORE:   0
MIN  0 OR BELOW:   0    1.00 INCH OR MORE:   0

[HDD (BASE 65) ]
TOTAL THIS MO.   155    CLEAR  (SCALE 0-3)  18
DPTR FM NORMAL    14    PTCLDY (SCALE 4-7)   1
TOTAL FM JUL 1   172    CLOUDY (SCALE 8-10)  0
DPTR FM NORMAL    -1

[CDD (BASE 65) ]
TOTAL THIS MO.     3
DPTR FM NORMAL    -2    [PRESSURE DATA]
TOTAL FM JAN 1  1012    HIGHEST SLP M ON M
DPTR FM NORMAL    51    LOWEST  SLP 29.61 ON 18

[REMARKS]
