000
CXUS54 KSJT 171000
CF6SJT
PRELIMINARY LOCAL CLIMATOLOGICAL DATA (WS FORM: F-6)

                                          STATION:   SAN ANGELO
                                          MONTH:     OCTOBER
                                          YEAR:      2019
                                          LATITUDE:   31 21 N
                                          LONGITUDE: 100 30 W

  TEMPERATURE IN F:       :PCPN:    SNOW:  WIND      :SUNSHINE: SKY     :PK WND
================================================================================
1   2   3   4   5  6A  6B    7    8   9   10  11  12  13   14  15   16   17  18
                                     12Z  AVG MX 2MIN
DY MAX MIN AVG DEP HDD CDD  WTR  SNW DPTH SPD SPD DIR MIN PSBL S-S WX    SPD DR
================================================================================

 1  96  75  86  15   0  21 0.00  0.0    0 11.2 22 190   M    M   3        30 160
 2  95  73  84  14   0  19 0.00  0.0    0  9.6 20 150   M    M   1        26 150
 3  93  67  80  10   0  15 0.00  0.0    0  6.1 15  80   M    M   1        19  80
 4  91  65  78   8   0  13 0.00  0.0    0  5.5 16  80   M    M   2        21 100
 5  96  64  80  10   0  15 0.00  0.0    0  6.2 14 210   M    M   0        20 180
 6  98  66  82  13   0  17 0.01  0.0    0  9.0 26 360   M    M   2 3      33 350
 7  80  53  67  -2   0   2 0.00  0.0    0 10.7 22  30   M    M   3        27  30
 8  88  47  68  -1   0   3 0.00  0.0    0  4.3 15 160   M    M   0        22 160
 9  93  70  82  14   0  17 0.00  0.0    0 15.0 25 190   M    M   0        35 180
10  95  62  79  11   0  14 0.00  0.0    0 13.2 26  20   M    M   2        33  20
11  63  39  51 -17  14   0 0.49  0.0    0 14.5 31  20   M    M   6 13     37 360
12  71  43  57 -10   8   0 0.00  0.0    0  4.4 14 180   M    M   4        16 180
13  84  47  66  -1   0   1 0.00  0.0    0  6.3 16 180   M    M   0        21 170
14  80  63  72   5   0   7 0.01  0.0    0  4.3 12 220   M    M   4        16 200
15  88  64  76   9   0  11 0.00  0.0    0  7.9 23  30   M    M   1        29  30
16  72  49  61  -5   4   0 0.00  0.0    0  9.4 25  20   M    M   2        30  20
================================================================================
SM 1383  947        26 155  0.51     0.0 137.6          M       31
================================================================================
AV 86.4 59.2                               8.6 FASTST   M    M   2    MAX(MPH)
                                 MISC ---->  # 31  20               # 37  360
================================================================================
NOTES:
# LAST OF SEVERAL OCCURRENCES

COLUMN 17 PEAK WIND IN M.P.H.

PRELIMINARY LOCAL CLIMATOLOGICAL DATA (WS FORM: F-6) , PAGE 2

                                          STATION:  SAN ANGELO
                                          MONTH:    OCTOBER
                                          YEAR:     2019
                                          LATITUDE:   31 21 N
                                          LONGITUDE: 100 30 W

[TEMPERATURE DATA]      [PRECIPITATION DATA]       SYMBOLS USED IN COLUMN 16

AVERAGE MONTHLY: 72.8   TOTAL FOR MONTH:   0.51    1 = FOG OR MIST
DPTR FM NORMAL:   4.3   DPTR FM NORMAL:   -0.94    2 = FOG REDUCING VISIBILITY
HIGHEST:    98 ON  6    GRTST 24HR  0.49 ON 11-11      TO 1/4 MILE OR LESS
LOWEST:     39 ON 11                               3 = THUNDER
                        SNOW, ICE PELLETS, HAIL    4 = ICE PELLETS
                        TOTAL MONTH:   0.0 INCH    5 = HAIL
                        GRTST 24HR     0.0         6 = FREEZING RAIN OR DRIZZLE
                        GRTST DEPTH:   0           7 = DUSTSTORM OR SANDSTORM:
                                                       VSBY 1/2 MILE OR LESS
                                                   8 = SMOKE OR HAZE
[NO. OF DAYS WITH]      [WEATHER - DAYS WITH]      9 = BLOWING SNOW
                                                   X = TORNADO
MAX 32 OR BELOW:   0    0.01 INCH OR MORE:   3
MAX 90 OR ABOVE:   8    0.10 INCH OR MORE:   1
MIN 32 OR BELOW:   0    0.50 INCH OR MORE:   0
MIN  0 OR BELOW:   0    1.00 INCH OR MORE:   0

[HDD (BASE 65) ]
TOTAL THIS MO.    26    CLEAR  (SCALE 0-3)  13
DPTR FM NORMAL     2    PTCLDY (SCALE 4-7)   3
TOTAL FM JUL 1    26    CLOUDY (SCALE 8-10)  0
DPTR FM NORMAL    -7

[CDD (BASE 65) ]
TOTAL THIS MO.   155
DPTR FM NORMAL    74    [PRESSURE DATA]
TOTAL FM JAN 1  2896    HIGHEST SLP M ON M
DPTR FM NORMAL   450    LOWEST  SLP 29.64 ON  9

[REMARKS]
