000
CXUS54 KSJT 231000
CF6SJT
PRELIMINARY LOCAL CLIMATOLOGICAL DATA (WS FORM: F-6)

                                          STATION:   SAN ANGELO
                                          MONTH:     JUNE
                                          YEAR:      2018
                                          LATITUDE:   31 21 N
                                          LONGITUDE: 100 30 W

  TEMPERATURE IN F:       :PCPN:    SNOW:  WIND      :SUNSHINE: SKY     :PK WND
================================================================================
1   2   3   4   5  6A  6B    7    8   9   10  11  12  13   14  15   16   17  18
                                     12Z  AVG MX 2MIN
DY MAX MIN AVG DEP HDD CDD  WTR  SNW DPTH SPD SPD DIR MIN PSBL S-S WX    SPD DR
================================================================================

 1 102  74  88  10   0  23 0.00  0.0    0  9.5 18 170   M    M   0        25 170
 2 107  73  90  12   0  25 0.00  0.0    0  9.9 21  20   M    M   0        27  30
 3  95  79  87   8   0  22 0.00  0.0    0 12.9 22  40   M    M   3        29  30
 4  92  65  79   0   0  14 0.50  0.0    0  8.5 46 310   M    M   2 13     56 310
 5 102  72  87   8   0  22 0.00  0.0    0  6.8 14 190   M    M   0        18 180
 6 105  68  87   8   0  22 0.00  0.0    0 10.4 51  20   M    M   0 38     66  20
 7 103  75  89  10   0  24 0.00  0.0    0 12.0 22  50   M    M   0        29  50
 8  96  70  83   3   0  18 0.00  0.0    0 10.6 24  80   M    M   0        30  80
 9  97  75  86   6   0  21 0.00  0.0    0 10.3 17 200   M    M   1        23 140
10  98  75  87   7   0  22 0.00  0.0    0 11.2 18 150   M    M   0        25 170
11 103  77  90  10   0  25 0.00  0.0    0 11.8 20 190   M    M   0        28 150
12  97  77  87   7   0  22 0.00  0.0    0 10.1 18 170   M    M   1        25 170
13  98  75  87   7   0  22 0.00  0.0    0  9.1 17 170   M    M   1        23 180
14  98  74  86   6   0  21 0.00  0.0    0 10.0 18 160   M    M   1        26 200
15  97  74  86   6   0  21 0.00  0.0    0 13.9 22 160   M    M   1        33 140
16  97  74  86   5   0  21 0.00  0.0    0 14.7 26 150   M    M   1        35 140
17  98  71  85   4   0  20 0.01  0.0    0  7.7 22 260   M    M   4        27 260
18  98  72  85   4   0  20 0.00  0.0    0  6.7 20  80   M    M   2        25 100
19  94  71  83   2   0  18 0.00  0.0    0  8.8 20 110   M    M   1        26 120
20  97  72  85   4   0  20 0.00  0.0    0  7.1 15  90   M    M   6        19  20
21 100  69  85   4   0  20 0.00  0.0    0  6.0 16  40   M    M   0        23  40
22 104  74  89   8   0  24 0.00  0.0    0 11.4 20 190   M    M   0        26 180
================================================================================
SM 2178 1606         0 467  0.51     0.0 219.4          M       24
================================================================================
AV 99.0 73.0                              10.0 FASTST   M    M   1    MAX(MPH)
                                 MISC ---->  # 51  20               # 66   20
================================================================================
NOTES:
# LAST OF SEVERAL OCCURRENCES

COLUMN 17 PEAK WIND IN M.P.H.

PRELIMINARY LOCAL CLIMATOLOGICAL DATA (WS FORM: F-6) , PAGE 2

                                          STATION:  SAN ANGELO
                                          MONTH:    JUNE
                                          YEAR:     2018
                                          LATITUDE:   31 21 N
                                          LONGITUDE: 100 30 W

[TEMPERATURE DATA]      [PRECIPITATION DATA]       SYMBOLS USED IN COLUMN 16

AVERAGE MONTHLY: 86.0   TOTAL FOR MONTH:   0.51    1 = FOG OR MIST
DPTR FM NORMAL:   6.1   DPTR FM NORMAL:   -1.58    2 = FOG REDUCING VISIBILITY
HIGHEST:   107 ON  2    GRTST 24HR  0.50 ON  4- 4      TO 1/4 MILE OR LESS
LOWEST:     65 ON  4                               3 = THUNDER
                        SNOW, ICE PELLETS, HAIL    4 = ICE PELLETS
                        TOTAL MONTH:   0.0 INCH    5 = HAIL
                        GRTST 24HR     0.0         6 = FREEZING RAIN OR DRIZZLE
                        GRTST DEPTH:   0           7 = DUSTSTORM OR SANDSTORM:
                                                       VSBY 1/2 MILE OR LESS
                                                   8 = SMOKE OR HAZE
[NO. OF DAYS WITH]      [WEATHER - DAYS WITH]      9 = BLOWING SNOW
                                                   X = TORNADO
MAX 32 OR BELOW:   0    0.01 INCH OR MORE:   2
MAX 90 OR ABOVE:  22    0.10 INCH OR MORE:   1
MIN 32 OR BELOW:   0    0.50 INCH OR MORE:   1
MIN  0 OR BELOW:   0    1.00 INCH OR MORE:   0

[HDD (BASE 65) ]
TOTAL THIS MO.     0    CLEAR  (SCALE 0-3)  20
DPTR FM NORMAL     0    PTCLDY (SCALE 4-7)   2
TOTAL FM JUL 1  2092    CLOUDY (SCALE 8-10)  0
DPTR FM NORMAL  -224

[CDD (BASE 65) ]
TOTAL THIS MO.   467
DPTR FM NORMAL   139    [PRESSURE DATA]
TOTAL FM JAN 1  1102    HIGHEST SLP M ON M
DPTR FM NORMAL   314    LOWEST  SLP 29.62 ON 22

[REMARKS]
