654
CXUS54 KSJT 271000
CF6SJT
PRELIMINARY LOCAL CLIMATOLOGICAL DATA (WS FORM: F-6)

                                          STATION:   SAN ANGELO
                                          MONTH:     MAY
                                          YEAR:      2024
                                          LATITUDE:   31 21 N
                                          LONGITUDE: 100 30 W

  TEMPERATURE IN F:       :PCPN:    SNOW:  WIND      :SUNSHINE: SKY     :PK WND
================================================================================
1   2   3   4   5  6A  6B    7    8   9   10  11  12  13   14  15   16   17  18
                                     12Z  AVG MX 2MIN
DY MAX MIN AVG DEP HDD CDD  WTR  SNW DPTH SPD SPD DIR MIN PSBL S-S WX    SPD DR
================================================================================

 1  87  69  78   7   0  13 0.03  0.0    0  9.0 20 140   M    M   7 13     29 150
 2  96  67  82  11   0  17 0.00  0.0    0  6.9 28  80   M    M   5 18     39  70
 3  95  64  80   8   0  15 0.05  0.0    M  9.8 41  30   M    M   6 13     59  60
 4  82  64  73   1   0   8 0.04  0.0    0  9.8 24  90   M    M   6 13     36  90
 5  79  63  71  -1   0   6 0.00  0.0    0  8.8 23  80   M    M   9        32  80
 6  92  69  81   9   0  16 0.00  0.0    0 10.2 22 200   M    M   6 18     29 170
 7  97  70  84  11   0  19 0.00  0.0    0  8.1 21 190   M    M   0 18     30 210
 8  99  64  82   9   0  17 0.00  0.0    0  8.9 22 270   M    M   0 18     29 270
 9 100  60  80   7   0  15 0.00  0.0    0  9.3 26  30   M    M   3 8      35  60
10  82  64  73  -1   0   8 0.00  0.0    0 13.0 22  50   M    M   7        32  50
11  78  64  71  -3   0   6 0.00  0.0    0  9.2 18 120   M    M   9        27  70
12  76  65  71  -3   0   6 0.55  0.0    M  6.7 21  60   M    M   8 13     29  60
13  88  62  75   0   0  10 0.00  0.0    0  8.3 20  10   M    M   4 1      25 320
14  94  54  74  -1   0   9 0.00  0.0    0  6.6 35  10   M    M   1 3      46  20
15  95  73  84   9   0  19 0.00  0.0    0 14.7 26 170   M    M   0        41 170
16  77  56  67  -9   0   2 0.27  0.0    0  9.7 25 320   M    M   7 13     37 310
17  86  56  71  -5   0   6 0.00  0.0    0  4.8 12 310   M    M   2        15 320
18 103  57  80   4   0  15 0.00  0.0    0  6.4 18 190   M    M   0        25 210
19 102  73  88  12   0  23 0.00  0.0    0 15.0 22 190   M    M   0 8      36 170
20  99  71  85   8   0  20 0.00  0.0    0 10.3 15 190   M    M   0        23 200
21  99  76  88  11   0  23 0.00  0.0    0 10.0 20 210   M    M   2        28 200
22  94  69  82   5   0  17 0.69  0.0    0  9.0 33  60   M    M   2 1358   53  50
23  93  67  80   2   0  15 0.01  0.0    0  7.6 56 340   M    M   4 123    73 340
24 101  71  86   8   0  21 0.00  0.0    M  9.1 16 180   M    M   0 18     24 170
25 103  69  86   8   0  21    T  0.0    M 10.2 25 180   M    M   2        37 170
26  99  64  82   3   0  17 0.70  0.0    0  7.3 29 350   M    M   1 13     40 360
================================================================================
SM 2396 1701         0 364  2.34  0.0    238.7          M       91
================================================================================
AV 92.2 65.4                               9.2 FASTST   M    M   4    MAX(MPH)
                                 MISC ---->    56 340                 73 340
================================================================================
NOTES:
# LAST OF SEVERAL OCCURRENCES

COLUMN 17 PEAK WIND IN M.P.H.

PRELIMINARY LOCAL CLIMATOLOGICAL DATA (WS FORM: F-6) , PAGE 2

                                          STATION:   SAN ANGELO
                                          MONTH:     MAY
                                          YEAR:      2024
                                          LATITUDE:   31 21 N
                                          LONGITUDE: 100 30 W

[TEMPERATURE DATA]      [PRECIPITATION DATA]       SYMBOLS USED IN COLUMN 16

AVERAGE MONTHLY: 78.8   TOTAL FOR MONTH:   2.34    1 = FOG OR MIST
DPTR FM NORMAL:   4.0   DPTR FM NORMAL:   -0.17    2 = FOG REDUCING VISIBILITY
HIGHEST:   103 ON 25,18  GRTST 24HR  0.70 ON 22-23      TO 1/4 MILE OR LESS
LOWEST:     54 ON 14                               3 = THUNDER
                        SNOW, ICE PELLETS, HAIL    4 = ICE PELLETS
                        TOTAL MONTH:   0.0 INCH    5 = HAIL
                        GRTST 24HR  0.0            6 = FREEZING RAIN OR DRIZZLE
                        GRTST DEPTH:  0            7 = DUSTSTORM OR SANDSTORM:
                                                       VSBY 1/2 MILE OR LESS
                                                   8 = SMOKE OR HAZE
[NO. OF DAYS WITH]      [WEATHER - DAYS WITH]      9 = BLOWING SNOW
                                                   X = TORNADO
MAX 32 OR BELOW:   0    0.01 INCH OR MORE:   8
MAX 90 OR ABOVE:  17    0.10 INCH OR MORE:   4
MIN 32 OR BELOW:   0    0.50 INCH OR MORE:   3
MIN  0 OR BELOW:   0    1.00 INCH OR MORE:   0

[HDD (BASE 65) ]
TOTAL THIS MO.     0    CLEAR  (SCALE 0-3)  14
DPTR FM NORMAL    -8    PTCLDY (SCALE 4-7)   9
TOTAL FM JUL 1  1901    CLOUDY (SCALE 8-10)  3
DPTR FM NORMAL  -228

[CDD (BASE 65) ]
TOTAL THIS MO.   364
DPTR FM NORMAL   101    [PRESSURE DATA]
TOTAL FM JAN 1   651    HIGHEST SLP M ON M
DPTR FM NORMAL   194    LOWEST  SLP 29.51 ON  8

[REMARKS]