390
CXUS54 KSJT 181000
CF6SJT
PRELIMINARY LOCAL CLIMATOLOGICAL DATA (WS FORM: F-6)

                                          STATION:   SAN ANGELO
                                          MONTH:     SEPTEMBER
                                          YEAR:      2018
                                          LATITUDE:   31 21 N
                                          LONGITUDE: 100 30 W

  TEMPERATURE IN F:       :PCPN:    SNOW:  WIND      :SUNSHINE: SKY     :PK WND
================================================================================
1   2   3   4   5  6A  6B    7    8   9   10  11  12  13   14  15   16   17  18
                                     12Z  AVG MX 2MIN
DY MAX MIN AVG DEP HDD CDD  WTR  SNW DPTH SPD SPD DIR MIN PSBL S-S WX    SPD DR
================================================================================

 1  98  70  84   4   0  19 0.00  0.0    0  7.0 18 100   M    M   2        23  90
 2  96  70  83   3   0  18 0.42  0.0    0  7.0 25 250   M    M   2 13     38 250
 3  84  70  77  -3   0  12    T  0.0    0  3.8 15 110   M    M   4 3      19 100
 4  87  72  80   1   0  15 0.01  0.0    0  5.3 17 110   M    M   6        22 170
 5  85  71  78  -1   0  13 0.27  0.0    0  3.6 10 100   M    M   7 1      16  50
 6  80  72  76  -3   0  11 0.10  0.0    0  4.1  8  20   M    M   8 1      11  50
 7  87  71  79   1   0  14 2.35  0.0    0  5.4 23 350   M    M   9 13     26 360
 8  75  70  73  -5   0   8 0.62  0.0    0  6.4 15  20   M    M  10 1      20  20
 9  79  65  72  -6   0   7 0.00  0.0    0  7.9 15  10   M    M   9        19  40
10  81  59  70  -8   0   5 0.00  0.0    0  4.9 12  80   M    M   3 1      16  80
11  83  59  71  -6   0   6 0.00  0.0    0  3.7 12  80   M    M   3 1      14 100
12  86  65  76  -1   0  11 0.00  0.0    0  3.5 10 100   M    M   5        13  80
13  86  69  78   2   0  13 0.00  0.0    0  5.0 14  80   M    M   5        17  60
14  87  66  77   1   0  12 0.01  0.0    0  6.1 16  70   M    M   4 1      20  80
15  77  69  73  -3   0   8 0.78  0.0    0  7.4 16  50   M    M   8 1      21  50
16  84  69  77   1   0  12 0.17  0.0    0  7.1 21  90   M    M   7 1      27  90
17  87  67  77   2   0  12 0.00  0.0    0  5.1 14 190   M    M   6 12     18 200
================================================================================
SM 1442 1154         0 196  4.73     0.0  93.3          M       98
================================================================================
AV 84.8 67.9                               5.5 FASTST   M    M   6    MAX(MPH)
                                 MISC ---->  # 25 250               # 38  250
================================================================================
NOTES:
# LAST OF SEVERAL OCCURRENCES

COLUMN 17 PEAK WIND IN M.P.H.

PRELIMINARY LOCAL CLIMATOLOGICAL DATA (WS FORM: F-6) , PAGE 2

                                          STATION:  SAN ANGELO
                                          MONTH:    SEPTEMBER
                                          YEAR:     2018
                                          LATITUDE:   31 21 N
                                          LONGITUDE: 100 30 W

[TEMPERATURE DATA]      [PRECIPITATION DATA]       SYMBOLS USED IN COLUMN 16

AVERAGE MONTHLY: 76.4   TOTAL FOR MONTH:   4.73    1 = FOG OR MIST
DPTR FM NORMAL:  -1.4   DPTR FM NORMAL:    3.25    2 = FOG REDUCING VISIBILITY
HIGHEST:    98 ON  1    GRTST 24HR  2.35 ON  7- 7      TO 1/4 MILE OR LESS
LOWEST:     59 ON 11,10                            3 = THUNDER
                        SNOW, ICE PELLETS, HAIL    4 = ICE PELLETS
                        TOTAL MONTH:   0.0 INCH    5 = HAIL
                        GRTST 24HR     0.0         6 = FREEZING RAIN OR DRIZZLE
                        GRTST DEPTH:   0           7 = DUSTSTORM OR SANDSTORM:
                                                       VSBY 1/2 MILE OR LESS
                                                   8 = SMOKE OR HAZE
[NO. OF DAYS WITH]      [WEATHER - DAYS WITH]      9 = BLOWING SNOW
                                                   X = TORNADO
MAX 32 OR BELOW:   0    0.01 INCH OR MORE:   9
MAX 90 OR ABOVE:   2    0.10 INCH OR MORE:   7
MIN 32 OR BELOW:   0    0.50 INCH OR MORE:   3
MIN  0 OR BELOW:   0    1.00 INCH OR MORE:   1

[HDD (BASE 65) ]
TOTAL THIS MO.     0    CLEAR  (SCALE 0-3)   4
DPTR FM NORMAL     0    PTCLDY (SCALE 4-7)   8
TOTAL FM JUL 1     0    CLOUDY (SCALE 8-10)  5
DPTR FM NORMAL     0

[CDD (BASE 65) ]
TOTAL THIS MO.   196
DPTR FM NORMAL   -22    [PRESSURE DATA]
TOTAL FM JAN 1  2794    HIGHEST SLP M ON M
DPTR FM NORMAL   540    LOWEST  SLP 29.75 ON  1

[REMARKS]
