000
CXUS54 KEWX 170910
CF6SKF
PRELIMINARY LOCAL CLIMATOLOGICAL DATA (WS FORM: F-6)

                                          STATION:   Kelly Field
                                          MONTH:     OCTOBER
                                          YEAR:      2019
                                          LATITUDE:   29 22 N
                                          LONGITUDE:  98 35 W

  TEMPERATURE IN F:       :PCPN:    SNOW:  WIND      :SUNSHINE: SKY     :PK WND
================================================================================
1   2   3   4   5  6A  6B    7    8   9   10  11  12  13   14  15   16   17  18
                                     12Z  AVG MX 2MIN
DY MAX MIN AVG DEP HDD CDD  WTR  SNW DPTH SPD SPD DIR MIN PSBL S-S WX    SPD DR
================================================================================

 1  96  78  87   M   0  22    T    M    M 11.5 16 120   M    M   5        21 120
 2  95  73  84   M   0  19    T    M    M  6.9 15 120   M    M   3        21 120
 3  95  75  85   M   0  20 0.00    M    M  7.2 13  50   M    M   1        21  50
 4  93  69  81   M   0  16    T    M    M  5.1 15 130   M    M   2         M  M
 5  94  70  82   M   0  17 0.00    M    M  2.7  9 120   M    M   2         M  M
 6  96  70  83   M   0  18 0.00    M    M  3.7 10 140   M    M   0         M  M
 7  87  71  79   M   0  14 0.00    M    M  9.4 17 360   M    M   2        22  20
 8  86  64  75   M   0  10 0.00    M    M  6.8 14  60   M    M   0        18  60
 9  94  66  80   M   0  15 0.00    M    M 10.5 20 130   M    M   4        25 140
10  97  78  88   M   0  23 0.00    M    M 15.6 21 160   M    M   4        30 160
11  80  52  66   M   0   1 0.04    M    M 14.9 28  20   M    M   9        39 350
12  72  56  64   M   1   0 0.00    M    M  7.9 15  30   M    M   8        18  30
13  81  62  72   M   0   7 0.00    M    M  2.6  9 110   M    M   9         M  M
14  91  71  81   M   0  16    T    M    M  3.7 10 150   M    M   8         M  M
15  94  73  84   M   0  19 0.01    M    M  7.4 16 360   M    M   7 3      33 340
16  74  61  68   M   0   3 0.99    M    M  9.2 15  10   M    M   7 13     21  30
================================================================================
SM 1425 1089         1 220  1.04    M    125.1          M       71
================================================================================
AV 89.1 68.1                               7.8 FASTST   M    M   4    MAX(MPH)
                                 MISC ---->  # 28  20               # 39  350
================================================================================
NOTES:
# LAST OF SEVERAL OCCURRENCES

COLUMN 17 PEAK WIND IN M.P.H.

PRELIMINARY LOCAL CLIMATOLOGICAL DATA (WS FORM: F-6) , PAGE 2

                                          STATION:  Kelly Field
                                          MONTH:    OCTOBER
                                          YEAR:     2019
                                          LATITUDE:   29 22 N
                                          LONGITUDE:  98 35 W

[TEMPERATURE DATA]      [PRECIPITATION DATA]       SYMBOLS USED IN COLUMN 16

AVERAGE MONTHLY: 78.6   TOTAL FOR MONTH:   1.04    1 = FOG OR MIST
DPTR FM NORMAL:     M   DPTR FM NORMAL:       M    2 = FOG REDUCING VISIBILITY
HIGHEST:    97 ON 10    GRTST 24HR  0.99 ON 16-16      TO 1/4 MILE OR LESS
LOWEST:     52 ON 11                               3 = THUNDER
                        SNOW, ICE PELLETS, HAIL    4 = ICE PELLETS
                        TOTAL MONTH:    M          5 = HAIL
                        GRTST 24HR    M  ON   M    6 = FREEZING RAIN OR DRIZZLE
                        GRTST DEPTH:  M  ON   M    7 = DUSTSTORM OR SANDSTORM:
                                                       VSBY 1/2 MILE OR LESS
                                                   8 = SMOKE OR HAZE
[NO. OF DAYS WITH]      [WEATHER - DAYS WITH]      9 = BLOWING SNOW
                                                   X = TORNADO
MAX 32 OR BELOW:   0    0.01 INCH OR MORE:   3
MAX 90 OR ABOVE:  10    0.10 INCH OR MORE:   1
MIN 32 OR BELOW:   0    0.50 INCH OR MORE:   1
MIN  0 OR BELOW:   0    1.00 INCH OR MORE:   0

[HDD (BASE 65) ]
TOTAL THIS MO.     1    CLEAR  (SCALE 0-3)   7
DPTR FM NORMAL     M    PTCLDY (SCALE 4-7)   7
TOTAL FM JUL 1     1    CLOUDY (SCALE 8-10)  2
DPTR FM NORMAL     M

[CDD (BASE 65) ]
TOTAL THIS MO.   220
DPTR FM NORMAL     M    [PRESSURE DATA]
TOTAL FM JAN 1  3276    HIGHEST SLP M ON M
DPTR FM NORMAL     M    LOWEST  SLP M ON M

[REMARKS]
