000
CXUS56 KSLC 201229
CF6SLC
PRELIMINARY LOCAL CLIMATOLOGICAL DATA (WS FORM: F-6)

                                          STATION:   SALT LAKE CITY UT
                                          MONTH:     OCTOBER
                                          YEAR:      2018
                                          LATITUDE:   40 46 N
                                          LONGITUDE: 111 58 W

  TEMPERATURE IN F:       :PCPN:    SNOW:  WIND      :SUNSHINE: SKY     :PK WND
================================================================================
1   2   3   4   5  6A  6B    7    8   9   10  11  12  13   14  15   16   17  18
                                     12Z  AVG MX 2MIN
DY MAX MIN AVG DEP HDD CDD  WTR  SNW DPTH SPD SPD DIR MIN PSBL S-S WX    SPD DR
================================================================================

 1  79  51  65   6   0   0    T  0.0    0  6.0 16 130   M    M   3        21 180
 2  80  58  69  10   0   4 0.55  0.0    0 11.5 32 280   M    M   6 13     43 280
 3  74  58  66   8   0   1 0.04  0.0    0  5.8 21 160   M    M   5 3      24 170
 4  65  52  59   1   6   0 0.35  0.0    0 12.1 28 170   M    M   7 13     38 170
 5  58  48  53  -4  12   0 0.28  0.0    0  7.7 18 340   M    M   4 1      22 340
 6  60  47  54  -3  11   0 0.00  0.0    0  9.9 21 330   M    M   6        24 350
 7  60  48  54  -2  11   0    T  0.0    0 12.9 30  30   M    M   8        36  30
 8  60  46  53  -3  12   0 0.00  0.0    0 11.6 21  20   M    M   5        25  30
 9  58  43  51  -5  14   0 0.71  0.0    0 11.0 22 160   M    M   7 1      27 150
10  50  41  46  -9  19   0 0.53  0.0    0  4.5 18 280   M    M   9 1      23 270
11  54  41  48  -7  17   0 0.00  0.0    0  3.8 12 300   M    M   4        13 310
12  58  39  49  -5  16   0 0.00  0.0    0  5.3 10 320   M    M   1        14 330
13  63  39  51  -3  14   0 0.00  0.0    0 11.4 25 340   M    M   0        31 330
14  46  33  40 -14  25   0    T    T    0 10.9 21 340   M    M   6        25 340
15  49  29  39 -14  26   0 0.00  0.0    0  5.6 16 330   M    M   0        20 320
16  57  34  46  -7  19   0 0.00  0.0    0  4.8 13 300   M    M   0        16 330
17  64  38  51  -2  14   0    T  0.0    0  6.8 22 110   M    M   2        28 110
18  62  46  54   2  11   0 0.00  0.0    0  6.6 14 310   M    M   2        17 310
19  64  41  53   1  12   0 0.00  0.0    0  5.8 14 260   M    M   0        18 360
================================================================================
SM 1161  832       239   5  2.46    T    154.0          M       75
================================================================================
AV 61.1 43.8                               8.1 FASTST   M    M   4    MAX(MPH)
                                 MISC ---->  # 32 280               # 43  280
================================================================================
NOTES:
# LAST OF SEVERAL OCCURRENCES

COLUMN 17 PEAK WIND IN M.P.H.

PRELIMINARY LOCAL CLIMATOLOGICAL DATA (WS FORM: F-6) , PAGE 2

                                          STATION:  SALT LAKE CITY UT
                                          MONTH:    OCTOBER
                                          YEAR:     2018
                                          LATITUDE:   40 46 N
                                          LONGITUDE: 111 58 W

[TEMPERATURE DATA]      [PRECIPITATION DATA]       SYMBOLS USED IN COLUMN 16

AVERAGE MONTHLY: 52.5   TOTAL FOR MONTH:   2.46    1 = FOG OR MIST
DPTR FM NORMAL:  -2.9   DPTR FM NORMAL:    1.55    2 = FOG REDUCING VISIBILITY
HIGHEST:    80 ON  2    GRTST 24HR  0.71 ON  9- 9      TO 1/4 MILE OR LESS
LOWEST:     29 ON 15                               3 = THUNDER
                        SNOW, ICE PELLETS, HAIL    4 = ICE PELLETS
                        TOTAL MONTH:    T          5 = HAIL
                        GRTST 24HR    T  ON 14-14  6 = FREEZING RAIN OR DRIZZLE
                        GRTST DEPTH:   0           7 = DUSTSTORM OR SANDSTORM:
                                                       VSBY 1/2 MILE OR LESS
                                                   8 = SMOKE OR HAZE
[NO. OF DAYS WITH]      [WEATHER - DAYS WITH]      9 = BLOWING SNOW
                                                   X = TORNADO
MAX 32 OR BELOW:   0    0.01 INCH OR MORE:   6
MAX 90 OR ABOVE:   0    0.10 INCH OR MORE:   5
MIN 32 OR BELOW:   1    0.50 INCH OR MORE:   3
MIN  0 OR BELOW:   0    1.00 INCH OR MORE:   0

[HDD (BASE 65) ]
TOTAL THIS MO.   239    CLEAR  (SCALE 0-3)   8
DPTR FM NORMAL    49    PTCLDY (SCALE 4-7)  10
TOTAL FM JUL 1   257    CLOUDY (SCALE 8-10)  1
DPTR FM NORMAL   -22

[CDD (BASE 65) ]
TOTAL THIS MO.     5
DPTR FM NORMAL     0    [PRESSURE DATA]
TOTAL FM JAN 1  1566    HIGHEST SLP M ON M
DPTR FM NORMAL   408    LOWEST  SLP 29.58 ON  9

[REMARKS]
