000
CXUS56 KSLC 181230
CF6SLC
PRELIMINARY LOCAL CLIMATOLOGICAL DATA (WS FORM: F-6)

                                          STATION:   SALT LAKE CITY UT
                                          MONTH:     JULY
                                          YEAR:      2018
                                          LATITUDE:   40 46 N
                                          LONGITUDE: 111 58 W

  TEMPERATURE IN F:       :PCPN:    SNOW:  WIND      :SUNSHINE: SKY     :PK WND
================================================================================
1   2   3   4   5  6A  6B    7    8   9   10  11  12  13   14  15   16   17  18
                                     12Z  AVG MX 2MIN
DY MAX MIN AVG DEP HDD CDD  WTR  SNW DPTH SPD SPD DIR MIN PSBL S-S WX    SPD DR
================================================================================

 1  86  59  73  -2   0   8 0.00  0.0    0  7.3 14 320   M    M   0        20 310
 2  92  65  79   3   0  14 0.00  0.0    0  7.4 21 320   M    M   1        30 320
 3  87  66  77   1   0  12    T  0.0    0 11.1 33 310   M    M   1        42 320
 4  96  60  78   2   0  13 0.00  0.0    0  8.3 23 160   M    M   0        31 160
 5  98  70  84   7   0  19 0.00  0.0    0 11.3 23 160   M    M   1        29 140
 6 102  76  89  12   0  24 0.00  0.0    0 11.8 24 160   M    M   1 8      28 150
 7  98  78  88  11   0  23 0.00  0.0    0 10.4 17 130   M    M   1        26 330
 8  99  76  88  10   0  23    T  0.0    0 11.6 35 130   M    M   2 3      46 120
 9  99  74  87   9   0  22 0.00  0.0    0  8.3 17 100   M    M   2        20 100
10  98  75  87   9   0  22 0.02  0.0    0  9.1 31 310   M    M   2 3      38 310
11  92  71  82   4   0  17 0.00  0.0    0  6.4 21 120   M    M   1        27 120
12  95  77  86   8   0  21 0.00  0.0    0  7.4 23 170   M    M   1        31 190
13  96  71  84   5   0  19 0.00  0.0    0  7.5 17 340   M    M   1        22 340
14  90  74  82   3   0  17    T  0.0    0  7.8 23 290   M    M   2        26 280
15  97  70  84   5   0  19 0.00  0.0    0  8.1 16 320   M    M   0        25 320
16  97  72  85   6   0  20 0.17  0.0    0 10.2 40 290   M    M   1 3      50 290
17  95  70  83   4   0  18 0.00  0.0    0  7.0 25 100   M    M   1        30 100
================================================================================
SM 1617 1204         0 311  0.19     0.0 151.0          M       18
================================================================================
AV 95.1 70.8                               8.9 FASTST   M    M   1    MAX(MPH)
                                 MISC ---->  # 40 290               # 50  290
================================================================================
NOTES:
# LAST OF SEVERAL OCCURRENCES

COLUMN 17 PEAK WIND IN M.P.H.

PRELIMINARY LOCAL CLIMATOLOGICAL DATA (WS FORM: F-6) , PAGE 2

                                          STATION:  SALT LAKE CITY UT
                                          MONTH:    JULY
                                          YEAR:     2018
                                          LATITUDE:   40 46 N
                                          LONGITUDE: 111 58 W

[TEMPERATURE DATA]      [PRECIPITATION DATA]       SYMBOLS USED IN COLUMN 16

AVERAGE MONTHLY: 83.0   TOTAL FOR MONTH:   0.19    1 = FOG OR MIST
DPTR FM NORMAL:   5.4   DPTR FM NORMAL:   -0.11    2 = FOG REDUCING VISIBILITY
HIGHEST:   102 ON  6    GRTST 24HR  0.17 ON 16-16      TO 1/4 MILE OR LESS
LOWEST:     59 ON  1                               3 = THUNDER
                        SNOW, ICE PELLETS, HAIL    4 = ICE PELLETS
                        TOTAL MONTH:   0.0 INCH    5 = HAIL
                        GRTST 24HR     0.0         6 = FREEZING RAIN OR DRIZZLE
                        GRTST DEPTH:   0           7 = DUSTSTORM OR SANDSTORM:
                                                       VSBY 1/2 MILE OR LESS
                                                   8 = SMOKE OR HAZE
[NO. OF DAYS WITH]      [WEATHER - DAYS WITH]      9 = BLOWING SNOW
                                                   X = TORNADO
MAX 32 OR BELOW:   0    0.01 INCH OR MORE:   2
MAX 90 OR ABOVE:  15    0.10 INCH OR MORE:   1
MIN 32 OR BELOW:   0    0.50 INCH OR MORE:   0
MIN  0 OR BELOW:   0    1.00 INCH OR MORE:   0

[HDD (BASE 65) ]
TOTAL THIS MO.     0    CLEAR  (SCALE 0-3)  17
DPTR FM NORMAL     0    PTCLDY (SCALE 4-7)   0
TOTAL FM JUL 1     0    CLOUDY (SCALE 8-10)  0
DPTR FM NORMAL     0

[CDD (BASE 65) ]
TOTAL THIS MO.   311
DPTR FM NORMAL    95    [PRESSURE DATA]
TOTAL FM JAN 1   702    HIGHEST SLP M ON M
DPTR FM NORMAL   249    LOWEST  SLP 29.65 ON  2

[REMARKS]
