135
CXUS56 KSLC 220810
CF6SLC
PRELIMINARY LOCAL CLIMATOLOGICAL DATA (WS FORM: F-6)

                                          STATION:   SALT LAKE CITY UT
                                          MONTH:     JUNE
                                          YEAR:      2024
                                          LATITUDE:   40 46 N
                                          LONGITUDE: 111 58 W

  TEMPERATURE IN F:       :PCPN:    SNOW:  WIND      :SUNSHINE: SKY     :PK WND
================================================================================
1   2   3   4   5  6A  6B    7    8   9   10  11  12  13   14  15   16   17  18
                                     12Z  AVG MX 2MIN
DY MAX MIN AVG DEP HDD CDD  WTR  SNW DPTH SPD SPD DIR MIN PSBL S-S WX    SPD DR
================================================================================

 1  85  58  72   5   0   7 0.00  0.0    0  7.3 17 360   M    M   0        22 360
 2  86  65  76   9   0  11 0.00  0.0    0  6.4 18 360   M    M   1        27  50
 3  77  62  70   3   0   5    T  0.0    0  7.3 21 320   M    M   5        27 330
 4  79  60  70   2   0   5 0.00  0.0    0  7.5 18 310   M    M   2        24 310
 5  89  62  76   8   0  11 0.00  0.0    0  7.3 14  40   M    M   1        21 330
 6  95  63  79  11   0  14    T  0.0    0  7.1 23  10   M    M   1        34 310
 7  94  71  83  14   0  18    T  0.0    0  7.3 23  40   M    M   2        31  20
 8  93  66  80  11   0  15 0.00  0.0    0  6.2 13 360   M    M   2        17  10
 9  97  69  83  14   0  18    T  0.0    0 10.2 33 180   M    M   6 78     46 190
10  88  65  77   7   0  12 0.00  0.0    0  6.7 15 320   M    M   2        24 360
11  92  65  79   9   0  14 0.00  0.0    0  5.5 15 360   M    M   1        23  10
12  99  71  85  15   0  20 0.00  0.0    0  7.3 18 190   M    M   2        25 190
13 100  68  84  13   0  19 0.00  0.0    0  9.0 25 170   M    M   2        37 180
14  95  78  87  16   0  22 0.00  0.0    M 12.6 22 160   M    M   0        36   M
15  89  66  78   7   0  13 0.00  0.0    0 10.1 22 320   M    M   0        29 330
16  81  58  70  -2   0   5 0.00  0.0    0  7.7 17 340   M    M   0        22 320
17  76  48  62 -10   3   0 0.00  0.0    0 12.9 36 330   M    M   2        47 330
18  69  45  57 -15   8   0 0.00  0.0    0  7.4 16 340   M    M   1        23 360
19  80  51  66  -7   0   1 0.00  0.0    0  5.0 13 320   M    M   3        20 330
20  90  61  76   3   0  11 0.00  0.0    0  5.9 17 330   M    M   1        22 330
21  90  63  77   3   0  12 0.31  0.0    0  6.8 25 260   M    M   0 358    34 260
================================================================================
SM 1844 1315        11 233  0.31  0.0    163.5          M       34
================================================================================
AV 87.8 62.6                               7.8 FASTST   M    M   2    MAX(MPH)
                                 MISC ---->    36 330                 47 330
================================================================================
NOTES:
# LAST OF SEVERAL OCCURRENCES

COLUMN 17 PEAK WIND IN M.P.H.

PRELIMINARY LOCAL CLIMATOLOGICAL DATA (WS FORM: F-6) , PAGE 2

                                          STATION:   SALT LAKE CITY UT
                                          MONTH:     JUNE
                                          YEAR:      2024
                                          LATITUDE:   40 46 N
                                          LONGITUDE: 111 58 W

[TEMPERATURE DATA]      [PRECIPITATION DATA]       SYMBOLS USED IN COLUMN 16

AVERAGE MONTHLY: 75.2   TOTAL FOR MONTH:   0.31    1 = FOG OR MIST
DPTR FM NORMAL:   5.2   DPTR FM NORMAL:   -0.47    2 = FOG REDUCING VISIBILITY
HIGHEST:   100 ON 13    GRTST 24HR  0.31 ON 21-21      TO 1/4 MILE OR LESS
LOWEST:     45 ON 18                               3 = THUNDER
                        SNOW, ICE PELLETS, HAIL    4 = ICE PELLETS
                        TOTAL MONTH:   0.0 INCH    5 = HAIL
                        GRTST 24HR  0.0            6 = FREEZING RAIN OR DRIZZLE
                        GRTST DEPTH:  0            7 = DUSTSTORM OR SANDSTORM:
                                                       VSBY 1/2 MILE OR LESS
                                                   8 = SMOKE OR HAZE
[NO. OF DAYS WITH]      [WEATHER - DAYS WITH]      9 = BLOWING SNOW
                                                   X = TORNADO
MAX 32 OR BELOW:   0    0.01 INCH OR MORE:   1
MAX 90 OR ABOVE:  10    0.10 INCH OR MORE:   1
MIN 32 OR BELOW:   0    0.50 INCH OR MORE:   0
MIN  0 OR BELOW:   0    1.00 INCH OR MORE:   0

[HDD (BASE 65) ]
TOTAL THIS MO.    11    CLEAR  (SCALE 0-3)  19
DPTR FM NORMAL   -23    PTCLDY (SCALE 4-7)   2
TOTAL FM JUL 1  4597    CLOUDY (SCALE 8-10)  0
DPTR FM NORMAL  -555

[CDD (BASE 65) ]
TOTAL THIS MO.   233
DPTR FM NORMAL    97    [PRESSURE DATA]
TOTAL FM JAN 1   264    HIGHEST SLP M ON M
DPTR FM NORMAL    60    LOWEST  SLP 29.45 ON 17

[REMARKS]