000
CXUS56 KSGX 211045
CF6SNA
PRELIMINARY LOCAL CLIMATOLOGICAL DATA (WS FORM: F-6)

                                          STATION:   JOHN WAYNE AIRPORT CA
                                          MONTH:     OCTOBER
                                          YEAR:      2019
                                          LATITUDE:   33 40 N
                                          LONGITUDE: 117 53 W

  TEMPERATURE IN F:       :PCPN:    SNOW:  WIND      :SUNSHINE: SKY     :PK WND
================================================================================
1   2   3   4   5  6A  6B    7    8   9   10  11  12  13   14  15   16   17  18
                                     12Z  AVG MX 2MIN
DY MAX MIN AVG DEP HDD CDD  WTR  SNW DPTH SPD SPD DIR MIN PSBL S-S WX    SPD DR
================================================================================

 1  75  61  68  -1   0   3 0.00  0.0    0  4.8 13 200   M    M   2        18 220
 2  79  58  69   0   0   4 0.00  0.0    0  3.9 12 210   M    M   0        16 220
 3  77  61  69   0   0   4 0.00  0.0    0  4.0 13 210   M    M   0        18 190
 4  78  57  68  -1   0   3 0.00  0.0    0  3.9 13 200   M    M   0        16 170
 5  81  59  70   1   0   5 0.00  0.0    0  3.8 12 200   M    M   1        15 230
 6  87  58  73   5   0   8 0.00  0.0    0  2.9  9 200   M    M   0        13 210
 7  85  61  73   5   0   8 0.00  0.0    0  3.8 12 190   M    M   0        16 270
 8  80  61  71   3   0   6 0.00  0.0    0  4.0 10 200   M    M   5 128    13 220
 9  72  65  69   1   0   4 0.00  0.0    0  7.2 15 200   M    M   7        19 200
10  78  65  72   4   0   7 0.00  0.0    0  5.7 15  60   M    M   3        20  60
11  90  66  78  10   0  13 0.00  0.0    0  6.0 14  70   M    M   0        20  80
12  80  57  69   1   0   4 0.00  0.0    0  4.2 13 200   M    M   0        16 200
13  75  58  67   0   0   2 0.00  0.0    0  4.6 14 190   M    M   2        18 210
14  74  63  69   2   0   4 0.00  0.0    0  4.3 13 180   M    M   3        18 190
15  83  59  71   4   0   6 0.00  0.0    0  3.1 10 220   M    M   0 8      13 210
16  86  62  74   7   0   9 0.00  0.0    0  4.1 18 200   M    M   5        21 200
17  76  63  70   3   0   5 0.00  0.0    0  6.6 17 210   M    M   4 18     22 200
18  77  61  69   2   0   4 0.00  0.0    0  4.6 13 220   M    M   2        17 220
19  77  58  68   2   0   3 0.00  0.0    0  3.7 12 180   M    M   1        16 210
20  80  59  70   4   0   5 0.00  0.0    0  3.3 10 210   M    M   1 18     16 210
================================================================================
SM 1590 1212         0 107  0.00     0.0  88.5          M       36
================================================================================
AV 79.5 60.6                               4.4 FASTST   M    M   2    MAX(MPH)
                                 MISC ---->  # 18 200               # 22  200
================================================================================
NOTES:
# LAST OF SEVERAL OCCURRENCES

COLUMN 17 PEAK WIND IN M.P.H.

PRELIMINARY LOCAL CLIMATOLOGICAL DATA (WS FORM: F-6) , PAGE 2

                                          STATION:  JOHN WAYNE AIRPORT CA
                                          MONTH:    OCTOBER
                                          YEAR:     2019
                                          LATITUDE:   33 40 N
                                          LONGITUDE: 117 53 W

[TEMPERATURE DATA]      [PRECIPITATION DATA]       SYMBOLS USED IN COLUMN 16

AVERAGE MONTHLY: 70.1   TOTAL FOR MONTH:   0.00    1 = FOG OR MIST
DPTR FM NORMAL:   2.3   DPTR FM NORMAL:   -0.39    2 = FOG REDUCING VISIBILITY
HIGHEST:    90 ON 11    GRTST 24HR  0.00 ON 20-20      TO 1/4 MILE OR LESS
LOWEST:     57 ON 12, 4                            3 = THUNDER
                        SNOW, ICE PELLETS, HAIL    4 = ICE PELLETS
                        TOTAL MONTH:   0.0 INCH    5 = HAIL
                        GRTST 24HR     0.0         6 = FREEZING RAIN OR DRIZZLE
                        GRTST DEPTH:   0           7 = DUSTSTORM OR SANDSTORM:
                                                       VSBY 1/2 MILE OR LESS
                                                   8 = SMOKE OR HAZE
[NO. OF DAYS WITH]      [WEATHER - DAYS WITH]      9 = BLOWING SNOW
                                                   X = TORNADO
MAX 32 OR BELOW:   0    0.01 INCH OR MORE:   0
MAX 90 OR ABOVE:   1    0.10 INCH OR MORE:   0
MIN 32 OR BELOW:   0    0.50 INCH OR MORE:   0
MIN  0 OR BELOW:   0    1.00 INCH OR MORE:   0

[HDD (BASE 65) ]
TOTAL THIS MO.     0    CLEAR  (SCALE 0-3)  15
DPTR FM NORMAL    -7    PTCLDY (SCALE 4-7)   5
TOTAL FM JUL 1     0    CLOUDY (SCALE 8-10)  0
DPTR FM NORMAL    -8

[CDD (BASE 65) ]
TOTAL THIS MO.   107
DPTR FM NORMAL    43    [PRESSURE DATA]
TOTAL FM JAN 1  1102    HIGHEST SLP M ON M
DPTR FM NORMAL   270    LOWEST  SLP 29.72 ON 17

[REMARKS]
