000
CXUS54 KMAF 231100
CF6SNK
PRELIMINARY LOCAL CLIMATOLOGICAL DATA (WS FORM: F-6)

                                          STATION:   Snyder Winston Field
                                          MONTH:     OCTOBER
                                          YEAR:      2018
                                          LATITUDE:   32 41 N
                                          LONGITUDE: 100 57 W

  TEMPERATURE IN F:       :PCPN:    SNOW:  WIND      :SUNSHINE: SKY     :PK WND
================================================================================
1   2   3   4   5  6A  6B    7    8   9   10  11  12  13   14  15   16   17  18
                                     12Z  AVG MX 2MIN
DY MAX MIN AVG DEP HDD CDD  WTR  SNW DPTH SPD SPD DIR MIN PSBL S-S WX    SPD DR
================================================================================

 1  83  65  74   M   0   9 0.00  0.0    0  9.2 16 160   M    M   5        20 160
 2  85  65  75   M   0  10 0.00  0.0    0 10.6 16 180   M    M   4        22 160
 3  90  70  80   M   0  15 0.00  0.0    0 14.2 20 200   M    M   3        25 200
 4  89  68  79   M   0  14 0.00  0.0    0 10.0 18 140   M    M   1        24 190
 5  88  66  77   M   0  12 0.00  0.0    0 12.3 20 190   M    M   4 3      27 190
 6  77  60  69   M   0   4 0.00  0.0    0  8.5 17  80   M    M   8 13     18  30
 7  76  62  69   M   0   4 0.00  0.0    0 13.2 22 160   M    M   7 13     28 160
 8  76  59  68   M   0   3 0.00  0.0    0 15.3 23 150   M    M   7 3      31 160
 9  73  54  64   M   1   0 0.00  0.0    0  9.2 23 350   M    M   7 3      27 350
10  68  46  57   M   8   0 0.00  0.0    0  4.3 10 350   M    M   1         M  M
11  65  51  58   M   7   0 0.00  0.0    0 10.8 16  70   M    M   6        21  70
12  75  60  68   M   0   3 0.00  0.0    0  9.2 17  50   M    M   9        21  50
13  64  55  60   M   5   0 0.00  0.0    0  8.7 17  40   M    M   8 13     24  40
14  69  37  53   M  12   0 0.00  0.0    0 13.5 25  10   M    M   9 1      35  10
15  44  35  40   M  25   0 0.00  0.0    0 17.6 25  10   M    M  10        35  10
16  47  36  42   M  23   0 0.00  0.0    0 11.0 20  10   M    M  10        25  10
17  50  43  47   M  18   0 0.00  0.0    0 12.2 18  40   M    M  10        23  40
18  50  43  47   M  18   0 0.00  0.0    0  6.4 13  60   M    M  10 1      16  60
19  65  50  58   M   7   0 0.00  0.0    0  2.5  6 220   M    M   9 1       M  M
20  66  52  59   M   6   0 0.00  0.0    0  7.7 15  40   M    M   2        21  50
21  65  46  56   M   9   0 0.00  0.0    0  4.5  8 180   M    M   1         M  M
22  66  48  57   M   8   0 0.00  0.0    0  7.1 12 170   M    M   3         M  M
================================================================================
SM 1531 1171       147  74  0.00     0.0 218.0          M      134
================================================================================
AV 69.6 53.2                               9.9 FASTST   M    M   6    MAX(MPH)
                                 MISC ---->  # 25  10               # 35   10
================================================================================
NOTES:
# LAST OF SEVERAL OCCURRENCES

COLUMN 17 PEAK WIND IN M.P.H.

PRELIMINARY LOCAL CLIMATOLOGICAL DATA (WS FORM: F-6) , PAGE 2

                                          STATION:  Snyder Winston Field
                                          MONTH:    OCTOBER
                                          YEAR:     2018
                                          LATITUDE:   32 41 N
                                          LONGITUDE: 100 57 W

[TEMPERATURE DATA]      [PRECIPITATION DATA]       SYMBOLS USED IN COLUMN 16

AVERAGE MONTHLY: 61.4   TOTAL FOR MONTH:   0.00    1 = FOG OR MIST
DPTR FM NORMAL:     M   DPTR FM NORMAL:       M    2 = FOG REDUCING VISIBILITY
HIGHEST:    90 ON  3    GRTST 24HR  0.00 ON 22-22      TO 1/4 MILE OR LESS
LOWEST:     35 ON 15                               3 = THUNDER
                        SNOW, ICE PELLETS, HAIL    4 = ICE PELLETS
                        TOTAL MONTH:   0.0 INCH    5 = HAIL
                        GRTST 24HR     0.0         6 = FREEZING RAIN OR DRIZZLE
                        GRTST DEPTH:   0           7 = DUSTSTORM OR SANDSTORM:
                                                       VSBY 1/2 MILE OR LESS
                                                   8 = SMOKE OR HAZE
[NO. OF DAYS WITH]      [WEATHER - DAYS WITH]      9 = BLOWING SNOW
                                                   X = TORNADO
MAX 32 OR BELOW:   0    0.01 INCH OR MORE:   0
MAX 90 OR ABOVE:   1    0.10 INCH OR MORE:   0
MIN 32 OR BELOW:   0    0.50 INCH OR MORE:   0
MIN  0 OR BELOW:   0    1.00 INCH OR MORE:   0

[HDD (BASE 65) ]
TOTAL THIS MO.   147    CLEAR  (SCALE 0-3)   6
DPTR FM NORMAL     M    PTCLDY (SCALE 4-7)   8
TOTAL FM JUL 1   152    CLOUDY (SCALE 8-10)  8
DPTR FM NORMAL     M

[CDD (BASE 65) ]
TOTAL THIS MO.    74
DPTR FM NORMAL     M    [PRESSURE DATA]
TOTAL FM JAN 1  2616    HIGHEST SLP M ON M
DPTR FM NORMAL     M    LOWEST  SLP M ON M

[REMARKS]
