000
CXUS54 KMAF 181110
CF6SNK
PRELIMINARY LOCAL CLIMATOLOGICAL DATA (WS FORM: F-6)

                                          STATION:   SNYDER WINSTON FIELD
                                          MONTH:     OCTOBER
                                          YEAR:      2019
                                          LATITUDE:   32 41 N
                                          LONGITUDE: 100 57 W

  TEMPERATURE IN F:       :PCPN:    SNOW:  WIND      :SUNSHINE: SKY     :PK WND
================================================================================
1   2   3   4   5  6A  6B    7    8   9   10  11  12  13   14  15   16   17  18
                                     12Z  AVG MX 2MIN
DY MAX MIN AVG DEP HDD CDD  WTR  SNW DPTH SPD SPD DIR MIN PSBL S-S WX    SPD DR
================================================================================

 1  91  73  82   M   0  17    M    M    M 15.9 24 160   M    M   4        29 160
 2  90  70  80   M   0  15    M    M    M 10.7 17 200   M    M   3        25 170
 3  86  62  74   M   0   9    M    M    M 10.2 20  40   M    M   1        24  40
 4  84  57  71   M   0   6    M    M    M  8.0 13  30   M    M   5 1      20  20
 5  92  63  78   M   0  13    M    M    M  7.2 13 210   M    M   2        18 210
 6  94  61  78   M   0  13    M    M    M 11.5 25  30   M    M   2        35  20
 7  71  51  61   M   4   0    M    M    M 10.8 21  40   M    M   2        31  40
 8  82  51  67   M   0   2    M    M    M 10.2 17 150   M    M   0 8      22 140
 9  92  63  78   M   0  13    M    M    M 12.3 22 190   M    M   2        26 190
10  92  49  71   M   0   6    M    M    M 13.5 22  20   M    M   2 8      30  20
11  58  38  48   M  17   0    M    M    M 15.0 26  10   M    M   0        37  10
12  66  36  51   M  14   0    M    M    M  6.4 13 200   M    M   2        20 190
13  85  45  65   M   0   0    M    M    M  6.9 12 150   M    M   0         M   M
14  80  60  70   M   0   5    M    M    M  9.6 15 220   M    M   0        22 190
15  87  60  74   M   0   9    M    M    M 11.0 22  30   M    M   1        30  30
16  70  47  59   M   6   0    M    M    M  8.8 22  30   M    M   0        29  40
17  79  43  61   M   4   0    M    M    M  8.1 17 150   M    M   0        22 160
================================================================================
SM 1399  929        45 108     M    M    175.9          M       26
================================================================================
AV 82.3 54.6                              10.3 FASTST   M    M   2    MAX(MPH)
                                 MISC ---->    26  10                 37  10
================================================================================
NOTES:
# LAST OF SEVERAL OCCURRENCES

COLUMN 17 PEAK WIND IN M.P.H.

PRELIMINARY LOCAL CLIMATOLOGICAL DATA (WS FORM: F-6) , PAGE 2

                                          STATION:   SNYDER WINSTON FIELD
                                          MONTH:     OCTOBER
                                          YEAR:      2019
                                          LATITUDE:   32 41 N
                                          LONGITUDE: 100 57 W

[TEMPERATURE DATA]      [PRECIPITATION DATA]       SYMBOLS USED IN COLUMN 16

AVERAGE MONTHLY: 68.5   TOTAL FOR MONTH:      M    1 = FOG OR MIST
DPTR FM NORMAL:   0.0   DPTR FM NORMAL:       M    2 = FOG REDUCING VISIBILITY
HIGHEST:    94 ON  6    GRTST 24HR      M ON  M       TO 1/4 MILE OR LESS
LOWEST:     36 ON 12                               3 = THUNDER
                        SNOW, ICE PELLETS, HAIL    4 = ICE PELLETS
                        TOTAL MONTH:  M            5 = HAIL
                        GRTST 24HR    M  ON   M    6 = FREEZING RAIN OR DRIZZLE
                        GRTST DEPTH:  M  ON   M    7 = DUSTSTORM OR SANDSTORM:
                                                       VSBY 1/2 MILE OR LESS
                                                   8 = SMOKE OR HAZE
[NO. OF DAYS WITH]      [WEATHER - DAYS WITH]      9 = BLOWING SNOW
                                                   X = TORNADO
MAX 32 OR BELOW:   0    0.01 INCH OR MORE:   0
MAX 90 OR ABOVE:   6    0.10 INCH OR MORE:   0
MIN 32 OR BELOW:   0    0.50 INCH OR MORE:   0
MIN  0 OR BELOW:   0    1.00 INCH OR MORE:   0

[HDD (BASE 65) ]
TOTAL THIS MO.    45    CLEAR  (SCALE 0-3)  15
DPTR FM NORMAL     M    PTCLDY (SCALE 4-7)   2
TOTAL FM JUL 1    45    CLOUDY (SCALE 8-10)  0
DPTR FM NORMAL     M

[CDD (BASE 65) ]
TOTAL THIS MO.   108
DPTR FM NORMAL     M    [PRESSURE DATA]
TOTAL FM JAN 1  2378    HIGHEST SLP M ON M
DPTR FM NORMAL     M    LOWEST  SLP M ON M

[REMARKS]
