000
CXUS54 KMAF 201100
CF6SNK
PRELIMINARY LOCAL CLIMATOLOGICAL DATA (WS FORM: F-6)

                                          STATION:   Snyder Winston Field
                                          MONTH:     JULY
                                          YEAR:      2018
                                          LATITUDE:   32 41 N
                                          LONGITUDE: 100 57 W

  TEMPERATURE IN F:       :PCPN:    SNOW:  WIND      :SUNSHINE: SKY     :PK WND
================================================================================
1   2   3   4   5  6A  6B    7    8   9   10  11  12  13   14  15   16   17  18
                                     12Z  AVG MX 2MIN
DY MAX MIN AVG DEP HDD CDD  WTR  SNW DPTH SPD SPD DIR MIN PSBL S-S WX    SPD DR
================================================================================

 1 100  74  87   M   0  22 0.00  0.0    0 12.2 27  60   M    M   2 3      33  60
 2  96  71  84   M   0  19 0.00  0.0    0  9.5 17 300   M    M   0        25 140
 3  98  69  84   M   0  19 0.00  0.0    0  8.0 14 130   M    M   0        22 150
 4  99  75  87   M   0  22 0.00  0.0    0  9.2 14  90   M    M   0        21  90
 5  88  74  81   M   0  16 0.00  0.0    0  8.9 16 100   M    M   5        21 100
 6  94  73  84   M   0  19 0.00  0.0    0  8.7 17  50   M    M   3        24  10
 7  90  70  80   M   0  15 0.00  0.0    0  6.3 24 100   M    M   2 3      32 100
 8  88  71  80   M   0  15 0.00  0.0    0  4.7 16 130   M    M   2        22 130
 9  92  70  81   M   0  16 0.00  0.0    0  6.4 17  60   M    M   1 3      21  60
10  86  70  78   M   0  13 0.00  0.0    0  5.0  8 200   M    M   3 3       M  M
11  94  70  82   M   0  17 0.00  0.0    0  8.6 16 150   M    M   3        27 140
12  94  72  83   M   0  18 0.00  0.0    0  8.4 14 100   M    M   2        22 100
13  96  72  84   M   0  19 0.00  0.0    0  9.4 18 100   M    M   2 3      24 100
14  94  77  86   M   0  21 0.00  0.0    0  8.0 13  90   M    M   2 3      18  40
15  92  73  83   M   0  18 0.00  0.0    0  7.5 12  80   M    M   3 3      33 140
16  96  72  84   M   0  19 0.00  0.0    0  7.6 16  90   M    M   0        18 120
17  98  73  86   M   0  21 0.00  0.0    0  7.8 10 160   M    M   0        12 210
18 102  75  89   M   0  24 0.00  0.0    0  8.0 13 230   M    M   0        18 240
19 104  76  90   M   0  25 0.00  0.0    0  8.5 16 160   M    M   0        21 160
================================================================================
SM 1801 1377         0 358  0.00     0.0 152.7          M       30
================================================================================
AV 94.8 72.5                               8.0 FASTST   M    M   2    MAX(MPH)
                                 MISC ---->  # 27  60               # 33   60
================================================================================
NOTES:
# LAST OF SEVERAL OCCURRENCES

COLUMN 17 PEAK WIND IN M.P.H.

PRELIMINARY LOCAL CLIMATOLOGICAL DATA (WS FORM: F-6) , PAGE 2

                                          STATION:  Snyder Winston Field
                                          MONTH:    JULY
                                          YEAR:     2018
                                          LATITUDE:   32 41 N
                                          LONGITUDE: 100 57 W

[TEMPERATURE DATA]      [PRECIPITATION DATA]       SYMBOLS USED IN COLUMN 16

AVERAGE MONTHLY: 83.6   TOTAL FOR MONTH:   0.00    1 = FOG OR MIST
DPTR FM NORMAL:     M   DPTR FM NORMAL:       M    2 = FOG REDUCING VISIBILITY
HIGHEST:   104 ON 19    GRTST 24HR  0.00 ON 19-19      TO 1/4 MILE OR LESS
LOWEST:     69 ON  3                               3 = THUNDER
                        SNOW, ICE PELLETS, HAIL    4 = ICE PELLETS
                        TOTAL MONTH:   0.0 INCH    5 = HAIL
                        GRTST 24HR     0.0         6 = FREEZING RAIN OR DRIZZLE
                        GRTST DEPTH:   0           7 = DUSTSTORM OR SANDSTORM:
                                                       VSBY 1/2 MILE OR LESS
                                                   8 = SMOKE OR HAZE
[NO. OF DAYS WITH]      [WEATHER - DAYS WITH]      9 = BLOWING SNOW
                                                   X = TORNADO
MAX 32 OR BELOW:   0    0.01 INCH OR MORE:   0
MAX 90 OR ABOVE:  16    0.10 INCH OR MORE:   0
MIN 32 OR BELOW:   0    0.50 INCH OR MORE:   0
MIN  0 OR BELOW:   0    1.00 INCH OR MORE:   0

[HDD (BASE 65) ]
TOTAL THIS MO.     0    CLEAR  (SCALE 0-3)  18
DPTR FM NORMAL     M    PTCLDY (SCALE 4-7)   1
TOTAL FM JUL 1     0    CLOUDY (SCALE 8-10)  0
DPTR FM NORMAL     M

[CDD (BASE 65) ]
TOTAL THIS MO.   358
DPTR FM NORMAL     M    [PRESSURE DATA]
TOTAL FM JAN 1  1471    HIGHEST SLP M ON M
DPTR FM NORMAL     M    LOWEST  SLP M ON M

[REMARKS]
