000
CXUS55 KTBW 231000
CF6SPG
PRELIMINARY LOCAL CLIMATOLOGICAL DATA (WS FORM: F-6)

                                          STATION:   Saint Petersburg
                                          MONTH:     JANUARY
                                          YEAR:      2019
                                          LATITUDE:   27 46 N
                                          LONGITUDE:  82 38 W

  TEMPERATURE IN F:       :PCPN:    SNOW:  WIND      :SUNSHINE: SKY     :PK WND
================================================================================
1   2   3   4   5  6A  6B    7    8   9   10  11  12  13   14  15   16   17  18
                                     12Z  AVG MX 2MIN
DY MAX MIN AVG DEP HDD CDD  WTR  SNW DPTH SPD SPD DIR MIN PSBL S-S WX    SPD DR
================================================================================

 1  80  67  74  12   0   9 0.00  0.0    0  3.5 10 250   M    M   2 1      14 250
 2  81  68  75  13   0  10 0.00  0.0    0  2.8  9 210   M    M   2        10 210
 3  78  68  73  11   0   8 0.00  0.0    0  5.8 13 150   M    M   2 12     15 230
 4  78  64  71   9   0   6 0.48  0.0    0  9.7 23 200   M    M   9 123    30 210
 5  68  57  63   1   2   0    T  0.0    0  9.9 20 340   M    M   4        27 340
 6  71  57  64   2   1   0 0.00  0.0    0  7.2 13  30   M    M   0        16  30
 7  76  60  68   7   0   3 0.00  0.0    0  6.7 12  50   M    M   0        14  60
 8  75  61  68   7   0   3 0.00  0.0    0  4.2 12 260   M    M   1        14 240
 9  71  58  65   4   0   0 0.00  0.0    0  8.6 18 340   M    M   1        25 310
10  60  51  56  -5   9   0 0.00  0.0    0  9.9 18  20   M    M   0        23  20
11  72  52  62   1   3   0 0.00  0.0    0 10.1 21  50   M    M   3        23  40
12  76  61  69   8   0   4 0.00  0.0    0  6.7 16 110   M    M   2        18 110
13  75  63  69   8   0   4 0.01  0.0    0  6.5 15 230   M    M   2 1      19 230
14  66  55  61   0   4   0 0.00  0.0    0  7.8 17 340   M    M   4        20 330
15  58  52  55  -6  10   0 0.00  0.0    0 10.2 15 330   M    M   6        18 350
16  58  50  54  -7  11   0 0.00  0.0    0  7.3 13  10   M    M   1        17 360
17  68  50  59  -2   6   0 0.00  0.0    0  6.7 14 320   M    M   0        18 310
18  71  55  63   2   2   0 0.00  0.0    0  3.9  8  50   M    M   0         9  50
19  76  59  68   7   0   3 0.04  0.0    0 12.0 22 190   M    M   2 13     29 200
20  70  51  61  -1   4   0 1.37  0.0    0 13.3 24 310   M    M   9 13     34 320
21  63  45  54  -8  11   0 0.00  0.0    0 13.5 25  80   M    M   0        29  80
22  71  52  62   0   3   0 0.00  0.0    0 12.3 22  60   M    M   2        24  60
================================================================================
SM 1562 1256        66  50  1.90     0.0 178.6          M       52
================================================================================
AV 71.0 57.1                               8.1 FASTST   M    M   2    MAX(MPH)
                                 MISC ---->  # 25  80               # 34  320
================================================================================
NOTES:
# LAST OF SEVERAL OCCURRENCES

COLUMN 17 PEAK WIND IN M.P.H.

PRELIMINARY LOCAL CLIMATOLOGICAL DATA (WS FORM: F-6) , PAGE 2

                                          STATION:  Saint Petersburg
                                          MONTH:    JANUARY
                                          YEAR:     2019
                                          LATITUDE:   27 46 N
                                          LONGITUDE:  82 38 W

[TEMPERATURE DATA]      [PRECIPITATION DATA]       SYMBOLS USED IN COLUMN 16

AVERAGE MONTHLY: 64.1   TOTAL FOR MONTH:   1.90    1 = FOG OR MIST
DPTR FM NORMAL:   2.6   DPTR FM NORMAL:    0.07    2 = FOG REDUCING VISIBILITY
HIGHEST:    81 ON  2    GRTST 24HR  1.37 ON 20-20      TO 1/4 MILE OR LESS
LOWEST:     45 ON 21                               3 = THUNDER
                        SNOW, ICE PELLETS, HAIL    4 = ICE PELLETS
                        TOTAL MONTH:   0.0 INCH    5 = HAIL
                        GRTST 24HR     0.0         6 = FREEZING RAIN OR DRIZZLE
                        GRTST DEPTH:   0           7 = DUSTSTORM OR SANDSTORM:
                                                       VSBY 1/2 MILE OR LESS
                                                   8 = SMOKE OR HAZE
[NO. OF DAYS WITH]      [WEATHER - DAYS WITH]      9 = BLOWING SNOW
                                                   X = TORNADO
MAX 32 OR BELOW:   0    0.01 INCH OR MORE:   4
MAX 90 OR ABOVE:   0    0.10 INCH OR MORE:   2
MIN 32 OR BELOW:   0    0.50 INCH OR MORE:   1
MIN  0 OR BELOW:   0    1.00 INCH OR MORE:   1

[HDD (BASE 65) ]
TOTAL THIS MO.    66    CLEAR  (SCALE 0-3)  17
DPTR FM NORMAL   -44    PTCLDY (SCALE 4-7)   3
TOTAL FM JUL 1   161    CLOUDY (SCALE 8-10)  2
DPTR FM NORMAL   -85

[CDD (BASE 65) ]
TOTAL THIS MO.    50
DPTR FM NORMAL    18    [PRESSURE DATA]
TOTAL FM JAN 1    50    HIGHEST SLP M ON M
DPTR FM NORMAL    18    LOWEST  SLP 29.78 ON 20

[REMARKS]
