000
CXUS54 KLZK 241130
CF6SRC
PRELIMINARY LOCAL CLIMATOLOGICAL DATA (WS FORM: F-6)

                                          STATION:   Searcy Airport
                                          MONTH:     MAY
                                          YEAR:      2020
                                          LATITUDE:   35 12 N
                                          LONGITUDE:  91 44 W

  TEMPERATURE IN F:       :PCPN:    SNOW:  WIND      :SUNSHINE: SKY     :PK WND
================================================================================
1   2   3   4   5  6A  6B    7    8   9   10  11  12  13   14  15   16   17  18
                                     12Z  AVG MX 2MIN
DY MAX MIN AVG DEP HDD CDD  WTR  SNW DPTH SPD SPD DIR MIN PSBL S-S WX    SPD DR
================================================================================

 1  82  47  65   0   0   0 0.00    M    M  4.6 12 180   M    M   0        18 180
 2  85  56  71   6   0   6 0.00    M    M  7.3 16 180   M    M   0        21 180
 3  77  63  70   4   0   5 0.00    M    M  4.9 10 190   M    M   8        16 210
 4  83  65  74   8   0   9    T    M    M  6.9  9  50   M    M   9         M  M
 5  78  51  65  -1   0   0    T    M    M  5.5 12 330   M    M   2 3      30 300
 6  72  49  61  -6   4   0 0.00    M    M  7.0 16  10   M    M   2        21 350
 7  74  45  60  -7   5   0 0.01    M    M  4.2  9 200   M    M   5         M  M
 8  69  49  59  -8   6   0 0.97    M    M 10.9 20  10   M    M   7 13     31 350
 9  69  42  56 -12   9   0 0.00    M    M  4.1  8 110   M    M   0         M  M
10  76  42  59  -9   6   0 0.00    M    M  6.0 15 360   M    M   3        18 300
11  64  42  53 -15  12   0 0.01    M    M  6.6 10 360   M    M   6         M  M
12  54  48  51 -17  14   0 0.68    M    M  8.7 12  70   M    M   9 1       M  M
13  83  54  69   0   0   4 0.03    M    M  6.2 16 160   M    M   7        23 160
14  83  60  72   3   0   7    T    M    M  9.5 16 170   M    M   5 1      20 190
15  80  64  72   3   0   7 0.16    M    M  6.1 14 190   M    M   7 1       M  M
16  82  68  75   5   0  10 0.73    M    M  4.8 10 170   M    M   8 13      M  M
17  80  58  69  -1   0   4 0.57    M    M  5.5 10 360   M    M   8 1       M  M
18  79  54  67  -3   0   2 0.00    M    M  5.1 14  10   M    M   3        18  10
19  74  54  64  -7   1   0 0.00    M    M  4.0 10 350   M    M   7 1       M  M
20  76  55  66  -5   0   1 0.00    M    M  4.4 10  70   M    M   5 1       M  M
21  81  57  69  -2   0   4 0.16    M    M  5.4  9  50   M    M   5         M  M
22  77  65  71  -1   0   6 1.78    M    M  3.9 12 150   M    M   5 138     M  M
23  85  63  74   2   0   9 1.23    M    M  6.1 13 180   M    M   3 38      M  M
================================================================================
SM 1763 1251        57  74  6.33    M    137.7          M      114
================================================================================
AV 76.7 54.4                               6.0 FASTST   M    M   5    MAX(MPH)
                                 MISC ---->  # 20  10               # 31  350
================================================================================
NOTES:
# LAST OF SEVERAL OCCURRENCES

COLUMN 17 PEAK WIND IN M.P.H.

PRELIMINARY LOCAL CLIMATOLOGICAL DATA (WS FORM: F-6) , PAGE 2

                                          STATION:  Searcy Airport
                                          MONTH:    MAY
                                          YEAR:     2020
                                          LATITUDE:   35 12 N
                                          LONGITUDE:  91 44 W

[TEMPERATURE DATA]      [PRECIPITATION DATA]       SYMBOLS USED IN COLUMN 16

AVERAGE MONTHLY: 65.5   TOTAL FOR MONTH:   6.33    1 = FOG OR MIST
DPTR FM NORMAL:  -3.0   DPTR FM NORMAL:    1.97    2 = FOG REDUCING VISIBILITY
HIGHEST:    85 ON 23, 2 GRTST 24HR  1.78 ON 22-22      TO 1/4 MILE OR LESS
LOWEST:     42 ON 11,10                            3 = THUNDER
                        SNOW, ICE PELLETS, HAIL    4 = ICE PELLETS
                        TOTAL MONTH:    M          5 = HAIL
                        GRTST 24HR    M  ON   M    6 = FREEZING RAIN OR DRIZZLE
                        GRTST DEPTH:  M  ON   M    7 = DUSTSTORM OR SANDSTORM:
                                                       VSBY 1/2 MILE OR LESS
                                                   8 = SMOKE OR HAZE
[NO. OF DAYS WITH]      [WEATHER - DAYS WITH]      9 = BLOWING SNOW
                                                   X = TORNADO
MAX 32 OR BELOW:   0    0.01 INCH OR MORE:  11
MAX 90 OR ABOVE:   0    0.10 INCH OR MORE:   8
MIN 32 OR BELOW:   0    0.50 INCH OR MORE:   6
MIN  0 OR BELOW:   0    1.00 INCH OR MORE:   2

[HDD (BASE 65) ]
TOTAL THIS MO.    57    CLEAR  (SCALE 0-3)   7
DPTR FM NORMAL    25    PTCLDY (SCALE 4-7)  13
TOTAL FM JUL 1  2793    CLOUDY (SCALE 8-10)  3
DPTR FM NORMAL  -737

[CDD (BASE 65) ]
TOTAL THIS MO.    74
DPTR FM NORMAL   -38    [PRESSURE DATA]
TOTAL FM JAN 1   104    HIGHEST SLP M ON M
DPTR FM NORMAL   -60    LOWEST  SLP M ON M

[REMARKS]
