000
CXUS54 KEPZ 261030
CF6SRR
PRELIMINARY LOCAL CLIMATOLOGICAL DATA (WS FORM: F-6)

                                          STATION:   RUIDOSO        AWOS
                                          MONTH:     MAY
                                          YEAR:      2020
                                          LATITUDE:   33 28 N
                                          LONGITUDE: 105 32 W

  TEMPERATURE IN F:       :PCPN:    SNOW:  WIND      :SUNSHINE: SKY     :PK WND
================================================================================
1   2   3   4   5  6A  6B    7    8   9   10  11  12  13   14  15   16   17  18
                                     12Z  AVG MX 2MIN
DY MAX MIN AVG DEP HDD CDD  WTR  SNW DPTH SPD SPD DIR MIN PSBL S-S WX    SPD DR
================================================================================

 1  81  63  72   M   0   7 0.00    M    M 14.0 22 240   M    M   0        53 240
 2  81  59  70   M   0   5 0.00    M    M 13.4 29 230   M    M   0        39 230
 3  81  57  69   M   0   4 0.00    M    M 14.1 25 240   M    M   0        35 260
 4  81  55  68   M   0   3 0.00    M    M 11.7 18 320   M    M   0        29 320
 5  66  48  57   M   8   0 0.00    M    M 13.7 20 100   M    M   3        26  80
 6  79  48  64   M   1   0 0.00    M    M  7.5 18 130   M    M   0        23 140
 7  82  55  69   M   0   4 0.00    M    M 13.0 22 310   M    M   0        43 290
 8  64  41  53   M  12   0 0.00    M    M 13.2 18 140   M    M   2        29 150
 9  75  41  58   M   7   0 0.00    M    M  9.2 17 320   M    M   1        25 140
10  70  45  58   M   7   0 0.00    M    M  9.4 18 120   M    M   0        25 120
11  72  46  59   M   6   0 0.26    M    M  8.8 22 320   M    M   6        41 320
12  75  46  61   M   4   0    T    M    M 11.1 24 230   M    M   2        33 250
13  73  52  63   M   2   0 0.00    M    0 13.1 22 240   M    M   0        30 220
14  72  54  63   M   2   0 0.00    M    M 11.9 21 240   M    M   0        28 230
15  75  57  66   M   0   1 0.00  0.0    0 10.2 15 240   M    M   1        25 140
16  79  48  64   M   1   0 0.00    M    M  8.4 18 140   M    M   1        28 100
17  81  50  66   M   0   1 0.00    M    M  8.2 18 230   M    M   0        26 220
18  84  63  74   M   0   9 0.00    M    M 10.4 21 240   M    M   0        30 220
19  81  59  70   M   0   5 0.00    M    M  8.4 22 240   M    M   2        26 330
20  75  59  67   M   0   2 0.00    M    M 18.8 31 260   M    M   0        39 260
21  75  52  64   M   1   0 0.00    M    M 12.6 21 250   M    M   0        38 240
22  77  48  63   M   2   0 0.00    M    M 12.7 28 240   M    M   0        35 230
23  77  54  66   M   0   1 0.00    M    M 11.9 28 230   M    M   0        35 230
24  75  54  65   M   0   0 0.00    M    M  9.9 21 250   M    M   0        30 210
25  59  45  52   M  13   0 0.00    M    M  9.8 20 140   M    M   5        25 140
================================================================================
SM 1890 1299        66  42  0.26  0.0    285.3          M       23
================================================================================
AV 75.6 52.0                              11.4 FASTST   M    M   1    MAX(MPH)
                                 MISC ---->    31 260                 53 240
================================================================================
NOTES:
# LAST OF SEVERAL OCCURRENCES

COLUMN 17 PEAK WIND IN M.P.H.

PRELIMINARY LOCAL CLIMATOLOGICAL DATA (WS FORM: F-6) , PAGE 2

                                          STATION:   RUIDOSO        AWOS
                                          MONTH:     MAY
                                          YEAR:      2020
                                          LATITUDE:   33 28 N
                                          LONGITUDE: 105 32 W

[TEMPERATURE DATA]      [PRECIPITATION DATA]       SYMBOLS USED IN COLUMN 16

AVERAGE MONTHLY: 63.8   TOTAL FOR MONTH:   0.26    1 = FOG OR MIST
DPTR FM NORMAL:   0.0   DPTR FM NORMAL:    0.26    2 = FOG REDUCING VISIBILITY
HIGHEST:    84 ON 18    GRTST 24HR  0.26 ON 11-11      TO 1/4 MILE OR LESS
LOWEST:     41 ON  9, 8                             3 = THUNDER
                        SNOW, ICE PELLETS, HAIL    4 = ICE PELLETS
                        TOTAL MONTH:   0.0 INCH    5 = HAIL
                        GRTST 24HR  0.0            6 = FREEZING RAIN OR DRIZZLE
                        GRTST DEPTH:  0            7 = DUSTSTORM OR SANDSTORM:
                                                       VSBY 1/2 MILE OR LESS
                                                   8 = SMOKE OR HAZE
[NO. OF DAYS WITH]      [WEATHER - DAYS WITH]      9 = BLOWING SNOW
                                                   X = TORNADO
MAX 32 OR BELOW:   0    0.01 INCH OR MORE:   1
MAX 90 OR ABOVE:   0    0.10 INCH OR MORE:   1
MIN 32 OR BELOW:   0    0.50 INCH OR MORE:   0
MIN  0 OR BELOW:   0    1.00 INCH OR MORE:   0

[HDD (BASE 65) ]
TOTAL THIS MO.    66    CLEAR  (SCALE 0-3)  23
DPTR FM NORMAL     M    PTCLDY (SCALE 4-7)   2
TOTAL FM JUL 1  4323    CLOUDY (SCALE 8-10)  0
DPTR FM NORMAL     M

[CDD (BASE 65) ]
TOTAL THIS MO.    42
DPTR FM NORMAL     M    [PRESSURE DATA]
TOTAL FM JAN 1    47    HIGHEST SLP M ON M
DPTR FM NORMAL     M    LOWEST  SLP M ON M

[REMARKS]
