000
CXUS53 KGRB 280804
CF6SUE
PRELIMINARY LOCAL CLIMATOLOGICAL DATA (WS FORM: F-6)

                                          STATION:   STURGEON BAY WI
                                          MONTH:     MAY
                                          YEAR:      2020
                                          LATITUDE:   44 55 N
                                          LONGITUDE:  87 25 W

  TEMPERATURE IN F:       :PCPN:    SNOW:  WIND      :SUNSHINE: SKY     :PK WND
================================================================================
1   2   3   4   5  6A  6B    7    8   9   10  11  12  13   14  15   16   17  18
                                     12Z  AVG MX 2MIN
DY MAX MIN AVG DEP HDD CDD  WTR  SNW DPTH SPD SPD DIR MIN PSBL S-S WX    SPD DR
================================================================================

 1  61  36  49   M  16   0    T    M    0  7.7 14 170   M    M   3        16 190
 2  73  45  59   M   6   0 0.00  0.0    0 13.2 20 170   M    M   3        27 170
 3  65  38  52   M  13   0 0.00  0.0    0 13.0 18 360   M    M   1        30  20
 4  46  35  41   M  24   0 0.00  0.0    0 12.2 18  10   M    M   5 8      31  10
 5  49  35  42   M  23   0 0.00  0.0    0  6.3 13 360   M    M   0 8       M  M
 6  59  33  46   M  19   0    T    M    0  6.7 16 190   M    M   2         M  M
 7  51  33  42   M  23   0    T    M    0 10.0 17  10   M    M   2        21  90
 8  37  29  33   M  32   0    T    M    0 13.8 23 360   M    M   7        32 350
 9  53  29  41   M  24   0    T    M    0 10.2 16 280   M    M   5        21 280
10  40  35  38   M  27   0 0.03    M    0 12.9 18  10   M    M   9        24  10
11  47  33  40   M  25   0    T    M    0 10.4 16 330   M    M   5        18 340
12  48  31  40   M  25   0 0.00  0.0    0  7.9 15 360   M    M   0         M  M
13  53  32  43   M  22   0    T    M    0 10.5 18 160   M    M   3        25 160
14  60  44  52   M  13   0 0.37    M    0  8.5 20 180   M    M   9 1      29 160
15  67  46  57   M   8   0 0.00  0.0    0  7.9 16 360   M    M   3 12     17  60
16  58  41  50   M  15   0 0.00  0.0    0  7.9 13  40   M    M   1         M  M
17  51  46  49   M  16   0 0.62    M    0 13.0 24  70   M    M   9 1      41  60
18  52  47  50   M  15   0 1.28    M    0 20.0 24  50   M    M  10 1      41  60
19  59  44  52   M  13   0 0.05    M    0 11.1 17  40   M    M   5 1      28  50
20  70  47  59   M   6   0 0.00  0.0    0  6.2 10  50   M    M   1         M  M
21  71  48  60   M   5   0 0.00  0.0    0  4.8  9 130   M    M   0         M  M
22  70  54  62   M   3   0    T  0.0    0  5.4 13 160   M    M   7         M  M
23  70  55  63   M   2   0    T  0.0    0  5.8 12 110   M    M   6         M  M
24  71  54  63   M   2   0 0.02  0.0    0  6.6 12 160   M    M   7 12      M  M
25  74  53  64   M   1   0 0.00  0.0    0  9.7 17 170   M    M   2 1      25 170
26  81  59  70   M   0   5 0.00  0.0    0  9.2 18 170   M    M   1        24 170
27  81  64  73   M   0   8    T  0.0    0  9.2 17 180   M    M   2        23 190
================================================================================
SM 1617 1146       378  13  2.37     0.0 260.1          M      108
================================================================================
AV 59.9 42.4                               9.6 FASTST   M    M   4    MAX(MPH)
                                 MISC ---->  # 24  70               # 41   60
================================================================================
NOTES:
# LAST OF SEVERAL OCCURRENCES

COLUMN 17 PEAK WIND IN M.P.H.

PRELIMINARY LOCAL CLIMATOLOGICAL DATA (WS FORM: F-6) , PAGE 2

                                          STATION:  STURGEON BAY WI
                                          MONTH:    MAY
                                          YEAR:     2020
                                          LATITUDE:   44 55 N
                                          LONGITUDE:  87 25 W

[TEMPERATURE DATA]      [PRECIPITATION DATA]       SYMBOLS USED IN COLUMN 16

AVERAGE MONTHLY: 51.2   TOTAL FOR MONTH:   2.37    1 = FOG OR MIST
DPTR FM NORMAL:     M   DPTR FM NORMAL:       M    2 = FOG REDUCING VISIBILITY
HIGHEST:    81 ON 27,26 GRTST 24HR  1.28 ON 18-18      TO 1/4 MILE OR LESS
LOWEST:     29 ON  9, 8                            3 = THUNDER
                        SNOW, ICE PELLETS, HAIL    4 = ICE PELLETS
                        TOTAL MONTH:   0.0 INCH    5 = HAIL
                        GRTST 24HR     0.0         6 = FREEZING RAIN OR DRIZZLE
                        GRTST DEPTH:   0           7 = DUSTSTORM OR SANDSTORM:
                                                       VSBY 1/2 MILE OR LESS
                                                   8 = SMOKE OR HAZE
[NO. OF DAYS WITH]      [WEATHER - DAYS WITH]      9 = BLOWING SNOW
                                                   X = TORNADO
MAX 32 OR BELOW:   0    0.01 INCH OR MORE:   6
MAX 90 OR ABOVE:   0    0.10 INCH OR MORE:   3
MIN 32 OR BELOW:   4    0.50 INCH OR MORE:   2
MIN  0 OR BELOW:   0    1.00 INCH OR MORE:   1

[HDD (BASE 65) ]
TOTAL THIS MO.   378    CLEAR  (SCALE 0-3)  14
DPTR FM NORMAL     M    PTCLDY (SCALE 4-7)   9
TOTAL FM JUL 1  7228    CLOUDY (SCALE 8-10)  4
DPTR FM NORMAL  6990

[CDD (BASE 65) ]
TOTAL THIS MO.    13
DPTR FM NORMAL     M    [PRESSURE DATA]
TOTAL FM JAN 1    13    HIGHEST SLP M ON M
DPTR FM NORMAL    13    LOWEST  SLP M ON M

[REMARKS]
