000
CXUS53 KGRB 230719
CF6SUE
PRELIMINARY LOCAL CLIMATOLOGICAL DATA (WS FORM: F-6)

                                          STATION:   STURGEON BAY WI
                                          MONTH:     OCTOBER
                                          YEAR:      2018
                                          LATITUDE:   44 55 N
                                          LONGITUDE:  87 25 W

  TEMPERATURE IN F:       :PCPN:    SNOW:  WIND      :SUNSHINE: SKY     :PK WND
================================================================================
1   2   3   4   5  6A  6B    7    8   9   10  11  12  13   14  15   16   17  18
                                     12Z  AVG MX 2MIN
DY MAX MIN AVG DEP HDD CDD  WTR  SNW DPTH SPD SPD DIR MIN PSBL S-S WX    SPD DR
================================================================================

 1  57  48  53   M  12   0 0.67    M    0  8.0 15 110   M    M   9 1      22  80
 2  56  51  54   M  11   0 0.01  0.0    0  6.3 12  40   M    M  10 1       M  M
 3  80  54  67   M   0   2 0.41  0.0    0 14.0 25 180   M    M   7 13     39 180
 4  64  43  54   M  11   0 0.00  0.0    0 11.8 21 330   M    M   3        37 330
 5  51  44  48   M  17   0 0.04    M    0  6.8 15 130   M    M  10 1      20 120
 6  56  46  51   M  14   0 0.03    M    0  7.9 13  30   M    M   8 1       M  M
 7  52  44  48   M  17   0 0.10    M    0  8.8 14  40   M    M  10        16  20
 8  66  51  59   M   6   0 0.98  0.0    0  8.6 13 170   M    M  10 13     20 120
 9   M   M   M   M   M   M 0.26    M    0  4.4 10  40   M    M   7 123     M  M
10  65  51  58   M   7   0 0.56  0.0    0  8.9 20 240   M    M   9 12     33 260
11  52  39  46   M  19   0    T    M    0 18.8 25 280   M    M  10        36 270
12  39  33  36   M  29   0 0.00  0.0    0 10.7 16 300   M    M   9        24 300
13  49  28  39   M  26   0 0.00  0.0    0  9.4 17 210   M    M   4        25 210
14  48  37  43   M  22   0 0.32    M    0  7.8 14 330   M    M  10 1       M  M
15  40  32  36   M  29   0 0.04    M    0 12.1 18 280   M    M   7 1      36 260
16  56  33  45   M  20   0 0.00  0.0    0 14.2 22 250   M    M   6        29 240
17  45  30  38   M  27   0 0.00  0.0    0 14.1 21 320   M    M   5        31 290
18  55  26  41   M  24   0 0.00  0.0    0 10.8 20 220   M    M   0        27 210
19  54  49  52   M  13   0    T    M    0 14.6 21 220   M    M   4 1      30 210
20  49  33  41   M  24   0 0.13    M    0 16.3 28 350   M    M   8 1      40 320
21  43  32  38   M  27   0 0.00  0.0    0  8.5 15 250   M    M   5        18 250
22  58  31  45   M  20   0 0.00  0.0    0  8.5 15 310   M    M   3 8      22 310
================================================================================
SM 1135  835       375   2  3.55     0.0 231.3          M      154
================================================================================
AV 54.1 39.8                              10.5 FASTST   M    M   7    MAX(MPH)
                                 MISC ---->  # 28 350               # 40  320
================================================================================
NOTES:
# LAST OF SEVERAL OCCURRENCES

COLUMN 17 PEAK WIND IN M.P.H.

PRELIMINARY LOCAL CLIMATOLOGICAL DATA (WS FORM: F-6) , PAGE 2

                                          STATION:  STURGEON BAY WI
                                          MONTH:    OCTOBER
                                          YEAR:     2018
                                          LATITUDE:   44 55 N
                                          LONGITUDE:  87 25 W

[TEMPERATURE DATA]      [PRECIPITATION DATA]       SYMBOLS USED IN COLUMN 16

AVERAGE MONTHLY: 46.9   TOTAL FOR MONTH:   3.55    1 = FOG OR MIST
DPTR FM NORMAL:     M   DPTR FM NORMAL:       M    2 = FOG REDUCING VISIBILITY
HIGHEST:    80 ON  3    GRTST 24HR  0.98 ON  8- 8      TO 1/4 MILE OR LESS
LOWEST:     26 ON 18                               3 = THUNDER
                        SNOW, ICE PELLETS, HAIL    4 = ICE PELLETS
                        TOTAL MONTH:   0.0 INCH    5 = HAIL
                        GRTST 24HR     0.0         6 = FREEZING RAIN OR DRIZZLE
                        GRTST DEPTH:   0           7 = DUSTSTORM OR SANDSTORM:
                                                       VSBY 1/2 MILE OR LESS
                                                   8 = SMOKE OR HAZE
[NO. OF DAYS WITH]      [WEATHER - DAYS WITH]      9 = BLOWING SNOW
                                                   X = TORNADO
MAX 32 OR BELOW:   0    0.01 INCH OR MORE:  12
MAX 90 OR ABOVE:   0    0.10 INCH OR MORE:   8
MIN 32 OR BELOW:   6    0.50 INCH OR MORE:   3
MIN  0 OR BELOW:   0    1.00 INCH OR MORE:   0

[HDD (BASE 65) ]
TOTAL THIS MO.   375    CLEAR  (SCALE 0-3)   3
DPTR FM NORMAL     M    PTCLDY (SCALE 4-7)   9
TOTAL FM JUL 1   543    CLOUDY (SCALE 8-10) 10
DPTR FM NORMAL     M

[CDD (BASE 65) ]
TOTAL THIS MO.     2
DPTR FM NORMAL     M    [PRESSURE DATA]
TOTAL FM JAN 1   526    HIGHEST SLP M ON M
DPTR FM NORMAL   526    LOWEST  SLP M ON M

[REMARKS]
