000
CXUS54 KEWX 240910
CF6T20
PRELIMINARY LOCAL CLIMATOLOGICAL DATA (WS FORM: F-6)

                                          STATION:   GONZALES
                                          MONTH:     MAY
                                          YEAR:      2018
                                          LATITUDE:   29 31 N
                                          LONGITUDE:  97 28 W

  TEMPERATURE IN F:       :PCPN:    SNOW:  WIND      :SUNSHINE: SKY     :PK WND
================================================================================
1   2   3   4   5  6A  6B    7    8   9   10  11  12  13   14  15   16   17  18
                                     12Z  AVG MX 2MIN
DY MAX MIN AVG DEP HDD CDD  WTR  SNW DPTH SPD SPD DIR MIN PSBL S-S WX    SPD DR
================================================================================

 1  82  71  77   M   0  12 0.00    M    M 10.8 15 140   M    M  10        23 150
 2  89  73  81   M   0  16 0.01    M    M 12.4 20 180   M    M   9 1      31 180
 3  88  75  82   M   0  17 0.00    M    M 11.6 17 150   M    M   9        23 160
 4  77  66  72   M   0   7 0.08    M    M  7.1 13  40   M    M   9        18  40
 5  84  61  73   M   0   8 0.00    M    M  5.3 12 360   M    M   3 18     16  50
 6  88  56  72   M   0   7 0.00    M    M  2.6  8 350   M    M   0         M  M
 7  91  56  74   M   0   9 0.00    M    M  2.9 10 170   M    M   0        16 170
 8  91  60  76   M   0  11 0.00    M    M  6.6 13 150   M    M   0 1      21 180
 9  90  58  74   M   0   9 0.00    M    M  7.3 15 140   M    M   2 12     21 140
10  90  60  75   M   0  10 0.00    M    M  8.0 17 180   M    M   3 12     25 180
11  92  69  81   M   0  16 0.00    M    M 10.5 17 160   M    M   6 12     27 160
12  94  73  84   M   0  19 0.00    M    M  9.8 15 140   M    M   6 1      22 140
13  94  73  84   M   0  19 0.00    M    M  8.4 14 150   M    M   5        21 140
14  93  74  84   M   0  19 0.00    M    M  8.0 17 190   M    M   5        22 190
15  94  71  83   M   0  18 0.00    M    M  4.5 12 140   M    M   4 1       M  M
16  95  69  82   M   0  17 0.00    M    M  3.2  8 170   M    M   3 1       M  M
17  97  68  83   M   0  18 0.00    M    M  5.5 12 160   M    M   0 1       M  M
18  96  73  85   M   0  20 0.00    M    M 10.0 16 150   M    M   4        23 190
19  95  72  84   M   0  19 0.00    M    M 11.3 22 160   M    M   6 1      28 160
20  89  70  80   M   0  15 0.54    M    M  7.7 17  70   M    M   6 3      25 150
21  86  70  78   M   0  13 0.00    M    M  4.2  8 120   M    M   5 1       M  M
22  90  70  80   M   0  15 0.00    M    M  4.9 16  90   M    M   4 12     24  90
23  92  69  81   M   0  16 0.05  0.0    0  4.5 13 110   M    M   5 12     20 110
================================================================================
SM 2077 1557         0 330  0.68     0.0 167.1          M      104
================================================================================
AV 90.3 67.7                               7.3 FASTST   M    M   5    MAX(MPH)
                                 MISC ---->  # 22 160               # 31  180
================================================================================
NOTES:
# LAST OF SEVERAL OCCURRENCES

COLUMN 17 PEAK WIND IN M.P.H.

PRELIMINARY LOCAL CLIMATOLOGICAL DATA (WS FORM: F-6) , PAGE 2

                                          STATION:  GONZALES
                                          MONTH:    MAY
                                          YEAR:     2018
                                          LATITUDE:   29 31 N
                                          LONGITUDE:  97 28 W

[TEMPERATURE DATA]      [PRECIPITATION DATA]       SYMBOLS USED IN COLUMN 16

AVERAGE MONTHLY: 79.0   TOTAL FOR MONTH:   0.68    1 = FOG OR MIST
DPTR FM NORMAL:     M   DPTR FM NORMAL:       M    2 = FOG REDUCING VISIBILITY
HIGHEST:    97 ON 17    GRTST 24HR  0.54 ON 20-20      TO 1/4 MILE OR LESS
LOWEST:     56 ON  7, 6                            3 = THUNDER
                        SNOW, ICE PELLETS, HAIL    4 = ICE PELLETS
                        TOTAL MONTH:   0.0 INCH    5 = HAIL
                        GRTST 24HR     0.0         6 = FREEZING RAIN OR DRIZZLE
                        GRTST DEPTH:   0           7 = DUSTSTORM OR SANDSTORM:
                                                       VSBY 1/2 MILE OR LESS
                                                   8 = SMOKE OR HAZE
[NO. OF DAYS WITH]      [WEATHER - DAYS WITH]      9 = BLOWING SNOW
                                                   X = TORNADO
MAX 32 OR BELOW:   0    0.01 INCH OR MORE:   4
MAX 90 OR ABOVE:  15    0.10 INCH OR MORE:   1
MIN 32 OR BELOW:   0    0.50 INCH OR MORE:   1
MIN  0 OR BELOW:   0    1.00 INCH OR MORE:   0

[HDD (BASE 65) ]
TOTAL THIS MO.     0    CLEAR  (SCALE 0-3)   7
DPTR FM NORMAL     M    PTCLDY (SCALE 4-7)  12
TOTAL FM JUL 1  1285    CLOUDY (SCALE 8-10)  4
DPTR FM NORMAL     M

[CDD (BASE 65) ]
TOTAL THIS MO.   330
DPTR FM NORMAL     M    [PRESSURE DATA]
TOTAL FM JAN 1   659    HIGHEST SLP M ON M
DPTR FM NORMAL     M    LOWEST  SLP M ON M

[REMARKS]
