000
CXUS54 KEWX 210910
CF6T20
PRELIMINARY LOCAL CLIMATOLOGICAL DATA (WS FORM: F-6)

                                          STATION:   GONZALES
                                          MONTH:     AUGUST
                                          YEAR:      2018
                                          LATITUDE:   29 31 N
                                          LONGITUDE:  97 28 W

  TEMPERATURE IN F:       :PCPN:    SNOW:  WIND      :SUNSHINE: SKY     :PK WND
================================================================================
1   2   3   4   5  6A  6B    7    8   9   10  11  12  13   14  15   16   17  18
                                     12Z  AVG MX 2MIN
DY MAX MIN AVG DEP HDD CDD  WTR  SNW DPTH SPD SPD DIR MIN PSBL S-S WX    SPD DR
================================================================================

 1 100  70  85   M   0  20 0.00    M    M  3.2  9  50   M    M   1 1      18  20
 2  99  67  83   M   0  18 0.00    M    M  3.3  9 170   M    M   1        16 140
 3  99  69  84   M   0  19 0.00    M    M  4.9 12 140   M    M   1 1      17 120
 4 100  71  86   M   0  21 0.00    M    M  8.1 18 170   M    M   3        25 170
 5  95  75  85   M   0  20 0.09    M    M  4.7  9 170   M    M   3 3       M  M
 6  96  73  85   M   0  20    T    M    M  5.6 14 150   M    M   3 3      21 170
 7  96  74  85   M   0  20 0.37    M    M  5.2 16 180   M    M   3        23 180
 8  98  75  87   M   0  22 0.00    M    M  6.6 17 170   M    M   2 13     36 170
 9 100  73  87   M   0  22 0.00    M    M  5.0 12 150   M    M   2        20 140
10  96  76  86   M   0  21 0.00    M    M  5.2 16 160   M    M   3 1      22 160
11  96  73  85   M   0  20 2.06    M    M  3.2 15 160   M    M   4 3      24 160
12  91  76  84   M   0  19 0.01    M    M  5.8 14 150   M    M   4 13     21 280
13  98  77  88   M   0  23 0.00    M    M 10.4 20 150   M    M   4 8      29 180
14  98   M   M   M   M   M 0.00    M    M  8.8 16 150   M    M   4 8      22 150
15  99  76  88   M   0  23 0.00    M    M  7.3 13 170   M    M   2        17 170
16 100  77  89   M   0  24 0.00    M    M  6.9 15 160   M    M   4        24 160
17  99  75  87   M   0  22 0.00    M    M  5.5 15 160   M    M   2 1      20 160
18   M  76   M   M   M   M 0.00    M    M  5.5 12 150   M    M   3        18 150
19  99  77  88   M   0  23 0.00    M    M  9.4 16 160   M    M   3        21 160
20 101  80  91   M   0  26 0.00    M    M  6.6 13 160   M    M   4        18 140
================================================================================
SM 1860 1410         0 383  2.53    M    121.2          M       56
================================================================================
AV 97.9 74.2                               6.1 FASTST   M    M   3    MAX(MPH)
                                 MISC ---->  # 20 150               # 36  170
================================================================================
NOTES:
# LAST OF SEVERAL OCCURRENCES

COLUMN 17 PEAK WIND IN M.P.H.

PRELIMINARY LOCAL CLIMATOLOGICAL DATA (WS FORM: F-6) , PAGE 2

                                          STATION:  GONZALES
                                          MONTH:    AUGUST
                                          YEAR:     2018
                                          LATITUDE:   29 31 N
                                          LONGITUDE:  97 28 W

[TEMPERATURE DATA]      [PRECIPITATION DATA]       SYMBOLS USED IN COLUMN 16

AVERAGE MONTHLY: 86.1   TOTAL FOR MONTH:   2.53    1 = FOG OR MIST
DPTR FM NORMAL:     M   DPTR FM NORMAL:       M    2 = FOG REDUCING VISIBILITY
HIGHEST:   101 ON 20    GRTST 24HR  2.06 ON 11-11      TO 1/4 MILE OR LESS
LOWEST:     67 ON  2                               3 = THUNDER
                        SNOW, ICE PELLETS, HAIL    4 = ICE PELLETS
                        TOTAL MONTH:    M          5 = HAIL
                        GRTST 24HR    M  ON   M    6 = FREEZING RAIN OR DRIZZLE
                        GRTST DEPTH:  M  ON   M    7 = DUSTSTORM OR SANDSTORM:
                                                       VSBY 1/2 MILE OR LESS
                                                   8 = SMOKE OR HAZE
[NO. OF DAYS WITH]      [WEATHER - DAYS WITH]      9 = BLOWING SNOW
                                                   X = TORNADO
MAX 32 OR BELOW:   0    0.01 INCH OR MORE:   4
MAX 90 OR ABOVE:  19    0.10 INCH OR MORE:   2
MIN 32 OR BELOW:   0    0.50 INCH OR MORE:   1
MIN  0 OR BELOW:   0    1.00 INCH OR MORE:   1

[HDD (BASE 65) ]
TOTAL THIS MO.     0    CLEAR  (SCALE 0-3)  11
DPTR FM NORMAL     M    PTCLDY (SCALE 4-7)   9
TOTAL FM JUL 1     0    CLOUDY (SCALE 8-10)  0
DPTR FM NORMAL     M

[CDD (BASE 65) ]
TOTAL THIS MO.   383
DPTR FM NORMAL     M    [PRESSURE DATA]
TOTAL FM JAN 1  2506    HIGHEST SLP M ON M
DPTR FM NORMAL     M    LOWEST  SLP M ON M

[REMARKS]
