000
CXUS52 KTAE 180800
CF6TLH
PRELIMINARY LOCAL CLIMATOLOGICAL DATA (WS FORM: F-6)

                                          STATION:   TALLAHASSEE
                                          MONTH:     DECEMBER
                                          YEAR:      2018
                                          LATITUDE:   30 22 N
                                          LONGITUDE:  84 22 W

  TEMPERATURE IN F:       :PCPN:    SNOW:  WIND      :SUNSHINE: SKY     :PK WND
================================================================================
1   2   3   4   5  6A  6B    7    8   9   10  11  12  13   14  15   16   17  18
                                     12Z  AVG MX 2MIN
DY MAX MIN AVG DEP HDD CDD  WTR  SNW DPTH SPD SPD DIR MIN PSBL S-S WX    SPD DR
================================================================================

 1  75  59  67  11   0   2 1.85  0.0    0 10.6 21 220   M    M   7 13     29 150
 2  80  70  75  19   0  10 3.38  0.0    0   M   M   M   M    M   M         M  M
 3  71  54  63   7   2   0 2.73  0.0    0  4.4 17 350   M    M   9 13     22 250
 4  69  46  58   3   7   0 0.00  0.0    0  6.4 14 330   M    M   2 1      16 310
 5  56  34  45 -10  20   0 0.00  0.0    0  6.2 17 300   M    M   2        22 330
 6  57  34  46  -9  19   0 0.00  0.0    0  2.8  9  70   M    M   4        15  40
 7  64  35  50  -5  15   0 0.00  0.0    0  2.9  9  90   M    M   3        12  90
 8  64  47  56   2   9   0    T  0.0    0  7.8 17 110   M    M   9        22 110
 9  65  47  56   2   9   0 1.29  0.0    0 10.0 18 110   M    M  10 1      25 110
10  47  42  45  -9  20   0    T  0.0    0  8.5 14 330   M    M  10 1      18 320
11  53  32  43 -11  22   0 0.00  0.0    0  4.8 13 340   M    M   6        18 350
12  60  26  43 -11  22   0 0.00  0.0    0  1.2  9 220   M    M   6 12     11 220
13  64  43  54   0  11   0 0.12    M    M  7.2 15 100   M    M   9 1      19 100
14  65  60  63  10   2   0 3.21  0.0    0 10.1 23 130   M    M  10 1      30 140
15  68  51  60   7   5   0 0.01  0.0    0  6.3 22 230   M    M   7        27 220
16  62  49  56   3   9   0 0.00  0.0    0  6.9 18 310   M    M   8        22 310
17  67  42  55   2  10   0 0.00  0.0    0  3.3 10 320   M    M   6        14 300
================================================================================
SM 1087  771       182  12 12.59     0.0  99.4          M      108
================================================================================
AV 63.9 45.4                               6.2 FASTST   M    M   7    MAX(MPH)
                                 MISC ---->  # 23 130               # 30  140
================================================================================
NOTES:
# LAST OF SEVERAL OCCURRENCES

COLUMN 17 PEAK WIND IN M.P.H.

PRELIMINARY LOCAL CLIMATOLOGICAL DATA (WS FORM: F-6) , PAGE 2

                                          STATION:  TALLAHASSEE
                                          MONTH:    DECEMBER
                                          YEAR:     2018
                                          LATITUDE:   30 22 N
                                          LONGITUDE:  84 22 W

[TEMPERATURE DATA]      [PRECIPITATION DATA]       SYMBOLS USED IN COLUMN 16

AVERAGE MONTHLY: 54.7   TOTAL FOR MONTH:  12.59    1 = FOG OR MIST
DPTR FM NORMAL:   0.3   DPTR FM NORMAL:   10.42    2 = FOG REDUCING VISIBILITY
HIGHEST:    80 ON  2    GRTST 24HR  3.38 ON  2- 2      TO 1/4 MILE OR LESS
LOWEST:     26 ON 12                               3 = THUNDER
                        SNOW, ICE PELLETS, HAIL    4 = ICE PELLETS
                        TOTAL MONTH:   0.0 INCH    5 = HAIL
                        GRTST 24HR     0.0         6 = FREEZING RAIN OR DRIZZLE
                        GRTST DEPTH:   0           7 = DUSTSTORM OR SANDSTORM:
                                                       VSBY 1/2 MILE OR LESS
                                                   8 = SMOKE OR HAZE
[NO. OF DAYS WITH]      [WEATHER - DAYS WITH]      9 = BLOWING SNOW
                                                   X = TORNADO
MAX 32 OR BELOW:   0    0.01 INCH OR MORE:   7
MAX 90 OR ABOVE:   0    0.10 INCH OR MORE:   6
MIN 32 OR BELOW:   2    0.50 INCH OR MORE:   5
MIN  0 OR BELOW:   0    1.00 INCH OR MORE:   5

[HDD (BASE 65) ]
TOTAL THIS MO.   182    CLEAR  (SCALE 0-3)   3
DPTR FM NORMAL    -8    PTCLDY (SCALE 4-7)   7
TOTAL FM JUL 1   407    CLOUDY (SCALE 8-10)  6
DPTR FM NORMAL   -19

[CDD (BASE 65) ]
TOTAL THIS MO.    12
DPTR FM NORMAL     4    [PRESSURE DATA]
TOTAL FM JAN 1  3075    HIGHEST SLP M ON M
DPTR FM NORMAL   487    LOWEST  SLP 29.75 ON  1

[REMARKS]
