000
CXUS51 KCLE 250800
CF6TOL
PRELIMINARY LOCAL CLIMATOLOGICAL DATA (WS FORM: F-6)

                                          STATION:   TOLEDO OH
                                          MONTH:     FEBRUARY
                                          YEAR:      2020
                                          LATITUDE:   41 35 N
                                          LONGITUDE:  83 48 W

  TEMPERATURE IN F:       :PCPN:    SNOW:  WIND      :SUNSHINE: SKY     :PK WND
================================================================================
1   2   3   4   5  6A  6B    7    8   9   10  11  12  13   14  15   16   17  18
                                     12Z  AVG MX 2MIN
DY MAX MIN AVG DEP HDD CDD  WTR  SNW DPTH SPD SPD DIR MIN PSBL S-S WX    SPD DR
================================================================================

 1  38  26  32   6  33   0 0.02    T    0  7.6 20 260   M    M   9 18     25 260
 2  56  34  45  19  20   0    T  0.0    0 13.4 28 260   M    M   3        37 220
 3  57  29  43  17  22   0 0.00  0.0    0  5.0 12  80   M    M   0 1      15 130
 4  39  34  37  11  28   0    T  0.0    0  9.2 18  40   M    M   7 8      23  20
 5  34  25  30   4  35   0 0.35  2.9    0 12.7 21  60   M    M  10 126    24  60
 6  29  25  27   1  38   0 0.06  0.3    3  9.9 17  20   M    M  10 18     21  20
 7  35  26  31   4  34   0 0.03  0.5    4 11.3 18 290   M    M   7 18     22 320
 8  34  26  30   3  35   0 0.03  0.3    3  4.8 14 240   M    M  10 18     17 230
 9  37  26  32   5  33   0 0.25  1.3    3  7.0 16 190   M    M   8 18     24 140
10  38  33  36   9  29   0 0.01  0.0    1  5.8 14 230   M    M  10 18     19 210
11  39  27  33   6  32   0 0.00  0.0    T  8.6 23 290   M    M   6 8      30 290
12  36  23  30   2  35   0 0.12  0.9    0  4.3 10 200   M    M   4 18     14 200
13  35  20  28   0  37   0 0.06  0.3    1  8.9 18 320   M    M  10 18     23 350
14  22   9  16 -12  49   0    T    T    1  6.9 18 360   M    M   6        24 360
15  37   9  23  -5  42   0    T    T    T  9.5 20 230   M    M   5        30 190
16  41  27  34   6  31   0 0.00  0.0    T  6.5 16 280   M    M   3 8      20 220
17  40  22  31   2  34   0 0.02    T    0  8.3 18  70   M    M   5 18     22  70
18  43  29  36   7  29   0 0.06  0.0    0 13.2 26 290   M    M   7 18     33 290
19  34  24  29   0  36   0 0.00  0.0    0  9.3 17 330   M    M   0        23 310
20  29  16  23  -6  42   0 0.00  0.0    0  8.2 15  20   M    M   2        20  30
21  37  14  26  -4  39   0 0.00  0.0    0 10.4 21 260   M    M   0        27 230
22  49  25  37   7  28   0 0.00  0.0    0 11.8 22 250   M    M   0        28 240
23  54  31  43  13  22   0 0.00  0.0    0 10.1 18 210   M    M   0        24 220
24  48  37  43  13  22   0 0.25  0.0    0  5.5 13 230   M    M   4 1      18 220
================================================================================
SM  941  597       785   0  1.26     6.5 208.2          M      126
================================================================================
AV 39.2 24.9                               8.7 FASTST   M    M   5    MAX(MPH)
                                 MISC ---->  # 28 260               # 37  220
================================================================================
NOTES:
# LAST OF SEVERAL OCCURRENCES

COLUMN 17 PEAK WIND IN M.P.H.

PRELIMINARY LOCAL CLIMATOLOGICAL DATA (WS FORM: F-6) , PAGE 2

                                          STATION:  TOLEDO OH
                                          MONTH:    FEBRUARY
                                          YEAR:     2020
                                          LATITUDE:   41 35 N
                                          LONGITUDE:  83 48 W

[TEMPERATURE DATA]      [PRECIPITATION DATA]       SYMBOLS USED IN COLUMN 16

AVERAGE MONTHLY: 32.0   TOTAL FOR MONTH:   1.26    1 = FOG OR MIST
DPTR FM NORMAL:   4.2   DPTR FM NORMAL:   -0.49    2 = FOG REDUCING VISIBILITY
HIGHEST:    57 ON  3    GRTST 24HR  0.35 ON  5- 5      TO 1/4 MILE OR LESS
LOWEST:      9 ON 15,14                            3 = THUNDER
                        SNOW, ICE PELLETS, HAIL    4 = ICE PELLETS
                        TOTAL MONTH:   6.5 INCHES  5 = HAIL
                        GRTST 24HR   2.9 ON  5- 5  6 = FREEZING RAIN OR DRIZZLE
                        GRTST DEPTH:   4 ON  7     7 = DUSTSTORM OR SANDSTORM:
                                                       VSBY 1/2 MILE OR LESS
                                                   8 = SMOKE OR HAZE
[NO. OF DAYS WITH]      [WEATHER - DAYS WITH]      9 = BLOWING SNOW
                                                   X = TORNADO
MAX 32 OR BELOW:   3    0.01 INCH OR MORE:  12
MAX 90 OR ABOVE:   0    0.10 INCH OR MORE:   4
MIN 32 OR BELOW:  20    0.50 INCH OR MORE:   0
MIN  0 OR BELOW:   0    1.00 INCH OR MORE:   0

[HDD (BASE 65) ]
TOTAL THIS MO.   785    CLEAR  (SCALE 0-3)   8
DPTR FM NORMAL  -108    PTCLDY (SCALE 4-7)   9
TOTAL FM JUL 1  3737    CLOUDY (SCALE 8-10)  7
DPTR FM NORMAL  -705

[CDD (BASE 65) ]
TOTAL THIS MO.     0
DPTR FM NORMAL     0    [PRESSURE DATA]
TOTAL FM JAN 1     0    HIGHEST SLP M ON M
DPTR FM NORMAL     0    LOWEST  SLP 29.27 ON  7

[REMARKS]
