000
CXUS51 KCLE 230800
CF6TOL
PRELIMINARY LOCAL CLIMATOLOGICAL DATA (WS FORM: F-6)

                                          STATION:   TOLEDO OH
                                          MONTH:     JANUARY
                                          YEAR:      2019
                                          LATITUDE:   41 35 N
                                          LONGITUDE:  83 48 W

  TEMPERATURE IN F:       :PCPN:    SNOW:  WIND      :SUNSHINE: SKY     :PK WND
================================================================================
1   2   3   4   5  6A  6B    7    8   9   10  11  12  13   14  15   16   17  18
                                     12Z  AVG MX 2MIN
DY MAX MIN AVG DEP HDD CDD  WTR  SNW DPTH SPD SPD DIR MIN PSBL S-S WX    SPD DR
================================================================================

 1  47  32  40  14  25   0 0.01  0.0    0  7.8 30 260   M    M  10 1      40 240
 2  39  31  35   9  30   0 0.01    T    0  7.8 25 270   M    M  10 1      32 270
 3  38  31  35   9  30   0 0.00  0.0    0 11.5 20 270   M    M   5        27 270
 4  52  31  42  16  23   0 0.00  0.0    0  6.4 14 200   M    M   0        19 220
 5  50  27  39  13  26   0 0.00  0.0    0  9.2 20 240   M    M   0 18     23 240
 6  44  32  38  12  27   0 0.00  0.0    0  7.0 17 100   M    M   1        23 100
 7  54  34  44  18  21   0 0.05  0.0    0 13.5 25 230   M    M   6        37 220
 8  55  39  47  21  18   0 0.05  0.0    0 14.7 29 290   M    M   6 13     37 280
 9  39  21  30   4  35   0 0.02  0.1    0 15.6 26 290   M    M   9        37 290
10  29  21  25  -1  40   0    T    T    T 10.4 21 320   M    M   7        28 320
11  31  22  27   2  38   0 0.00  0.0    0  2.7  7 190   M    M   6        11 140
12  31  23  27   2  38   0 0.23  2.0    0  8.4 20  60   M    M   6 1      25  50
13  30  17  24  -1  41   0    T  0.1    2 11.0 20  40   M    M   6 18     24  50
14  30  10  20  -5  45   0 0.00  0.0    2  4.1 10 260   M    M   5 8      12 250
15  29  23  26   1  39   0    T    M    0 12.1 29 260   M    M  10 18     38 260
16  36  27  32   7  33   0 0.00  0.0    2 10.2 28 250   M    M  10        34 250
17  33  25  29   4  36   0 0.08  0.8    1  5.7 12 100   M    M   9 1      13 100
18  34  28  31   6  34   0 0.02  0.2    2  7.5 13  70   M    M  10 18     15 310
19  28  19  24  -1  41   0 0.43  5.7    2 16.8 24  10   M    M  10 18     31  30
20  19  -6   7 -18  58   0    T    T    8 12.4 24 350   M    M   2        35 350
21  11  -8   2 -23  63   0 0.00  0.0    7  4.6  9 310   M    M   0        12 310
22  36  -6  15 -10  50   0 0.01  0.0    7  5.8 15 150   M    M   6 6      24 160
================================================================================
SM  795  473       791   0  0.91     8.9 205.2          M      134
================================================================================
AV 36.1 21.5                               9.3 FASTST   M    M   6    MAX(MPH)
                                 MISC ---->  # 30 260               # 40  240
================================================================================
NOTES:
# LAST OF SEVERAL OCCURRENCES

COLUMN 17 PEAK WIND IN M.P.H.

PRELIMINARY LOCAL CLIMATOLOGICAL DATA (WS FORM: F-6) , PAGE 2

                                          STATION:  TOLEDO OH
                                          MONTH:    JANUARY
                                          YEAR:     2019
                                          LATITUDE:   41 35 N
                                          LONGITUDE:  83 48 W

[TEMPERATURE DATA]      [PRECIPITATION DATA]       SYMBOLS USED IN COLUMN 16

AVERAGE MONTHLY: 28.8   TOTAL FOR MONTH:   0.91    1 = FOG OR MIST
DPTR FM NORMAL:   3.4   DPTR FM NORMAL:   -0.59    2 = FOG REDUCING VISIBILITY
HIGHEST:    55 ON  8    GRTST 24HR  0.80 ON 31- 1      TO 1/4 MILE OR LESS
LOWEST:     -8 ON 21                               3 = THUNDER
                        SNOW, ICE PELLETS, HAIL    4 = ICE PELLETS
                        TOTAL MONTH:   8.9 INCHES  5 = HAIL
                        GRTST 24HR   5.7 ON 19-19  6 = FREEZING RAIN OR DRIZZLE
                        GRTST DEPTH:   8 ON 20     7 = DUSTSTORM OR SANDSTORM:
                                                       VSBY 1/2 MILE OR LESS
                                                   8 = SMOKE OR HAZE
[NO. OF DAYS WITH]      [WEATHER - DAYS WITH]      9 = BLOWING SNOW
                                                   X = TORNADO
MAX 32 OR BELOW:   9    0.01 INCH OR MORE:  10
MAX 90 OR ABOVE:   0    0.10 INCH OR MORE:   2
MIN 32 OR BELOW:  20    0.50 INCH OR MORE:   0
MIN  0 OR BELOW:   3    1.00 INCH OR MORE:   0

[HDD (BASE 65) ]
TOTAL THIS MO.   791    CLEAR  (SCALE 0-3)   5
DPTR FM NORMAL   -80    PTCLDY (SCALE 4-7)   9
TOTAL FM JUL 1  3005    CLOUDY (SCALE 8-10)  8
DPTR FM NORMAL  -191

[CDD (BASE 65) ]
TOTAL THIS MO.     0
DPTR FM NORMAL     0    [PRESSURE DATA]
TOTAL FM JAN 1     0    HIGHEST SLP M ON M
DPTR FM NORMAL     0    LOWEST  SLP 29.57 ON M

[REMARKS]
