000
CXUS54 KFWD 210730
CF6TPL
PRELIMINARY LOCAL CLIMATOLOGICAL DATA (WS FORM: F-6)

                                          STATION:   TEMPLE
                                          MONTH:     MAY
                                          YEAR:      2018
                                          LATITUDE:   31  8 N
                                          LONGITUDE:  97 25 W

  TEMPERATURE IN F:       :PCPN:    SNOW:  WIND      :SUNSHINE: SKY     :PK WND
================================================================================
1   2   3   4   5  6A  6B    7    8   9   10  11  12  13   14  15   16   17  18
                                     12Z  AVG MX 2MIN
DY MAX MIN AVG DEP HDD CDD  WTR  SNW DPTH SPD SPD DIR MIN PSBL S-S WX    SPD DR
================================================================================

 1  79  68  74   4   0   9    T  0.0    0 14.8 24 130   M    M  10        31 140
 2  89  71  80  10   0  15    T  0.0    0 18.4 28 140   M    M   8 1      38 160
 3  86  73  80  10   0  15    T  0.0    0 16.7 23 170   M    M   8        30 150
 4  73  63  68  -2   0   3 1.12  0.0    0  7.9 13  70   M    M   6 13     22  20
 5  81  56  69  -2   0   4 0.00  0.0    0  7.2 14 350   M    M   1 12     21 350
 6  85  50  68  -3   0   3 0.00  0.0    0  4.7 10  20   M    M   0         M  M
 7  90  55  73   2   0   8 0.00  0.0    0  5.5 10 180   M    M   0 8       M  M
 8  89  61  75   4   0  10 0.00  0.0    0 12.6 20 170   M    M   0 8      28 160
 9  87  60  74   2   0   9 0.00  0.0    0 12.8 21 180   M    M   0        35 170
10  87  63  75   3   0  10 0.00  0.0    0 15.5 21 170   M    M   3 18     27 190
11  88  69  79   7   0  14 0.00  0.0    0 19.2 25 180   M    M   3        32 160
12  91  71  81   9   0  16 0.00  0.0    0 16.7 23 160   M    M   4        30 160
13  90  70  80   7   0  15 0.00  0.0    0 13.4 18 140   M    M   4 8      22 160
14  90  71  81   8   0  16 0.00  0.0    0 13.1 21 160   M    M   3 8      30 160
15  90  71  81   8   0  16    T  0.0    0  9.1 16 180   M    M   1 8      20 140
16  94  65  80   7   0  15 0.00  0.0    0  6.2 12 290   M    M   0 8       M  M
17  95  65  80   6   0  15 0.00  0.0    0  5.5 12 160   M    M   0 8       M  M
18  93  67  80   6   0  15 0.00  0.0    0 13.4 21 160   M    M   0        30 160
19  92  71  82   8   0  17 0.00  0.0    0 16.9 25 140   M    M   4        32 140
20  81  65  73  -1   0   8 2.60  0.0    0  9.0 20 120   M    M   6 138    23 120
================================================================================
SM 1750 1305         0 233  3.72     0.0 238.6          M       61
================================================================================
AV 87.5 65.3                              11.9 FASTST   M    M   3    MAX(MPH)
                                 MISC ---->  # 28 140               # 38  160
================================================================================
NOTES:
# LAST OF SEVERAL OCCURRENCES

COLUMN 17 PEAK WIND IN M.P.H.

PRELIMINARY LOCAL CLIMATOLOGICAL DATA (WS FORM: F-6) , PAGE 2

                                          STATION:  TEMPLE
                                          MONTH:    MAY
                                          YEAR:     2018
                                          LATITUDE:   31  8 N
                                          LONGITUDE:  97 25 W

[TEMPERATURE DATA]      [PRECIPITATION DATA]       SYMBOLS USED IN COLUMN 16

AVERAGE MONTHLY: 76.4   TOTAL FOR MONTH:   3.72    1 = FOG OR MIST
DPTR FM NORMAL:   4.4   DPTR FM NORMAL:    1.01    2 = FOG REDUCING VISIBILITY
HIGHEST:    95 ON 17    GRTST 24HR  2.60 ON 20-20      TO 1/4 MILE OR LESS
LOWEST:     50 ON  6                               3 = THUNDER
                        SNOW, ICE PELLETS, HAIL    4 = ICE PELLETS
                        TOTAL MONTH:   0.0 INCH    5 = HAIL
                        GRTST 24HR     0.0         6 = FREEZING RAIN OR DRIZZLE
                        GRTST DEPTH:   0           7 = DUSTSTORM OR SANDSTORM:
                                                       VSBY 1/2 MILE OR LESS
                                                   8 = SMOKE OR HAZE
[NO. OF DAYS WITH]      [WEATHER - DAYS WITH]      9 = BLOWING SNOW
                                                   X = TORNADO
MAX 32 OR BELOW:   0    0.01 INCH OR MORE:   2
MAX 90 OR ABOVE:   9    0.10 INCH OR MORE:   2
MIN 32 OR BELOW:   0    0.50 INCH OR MORE:   2
MIN  0 OR BELOW:   0    1.00 INCH OR MORE:   2

[HDD (BASE 65) ]
TOTAL THIS MO.     0    CLEAR  (SCALE 0-3)  10
DPTR FM NORMAL    -6    PTCLDY (SCALE 4-7)   9
TOTAL FM JUL 1  1946    CLOUDY (SCALE 8-10)  1
DPTR FM NORMAL  -189

[CDD (BASE 65) ]
TOTAL THIS MO.   233
DPTR FM NORMAL    83    [PRESSURE DATA]
TOTAL FM JAN 1   383    HIGHEST SLP M ON M
DPTR FM NORMAL    88    LOWEST  SLP M ON M

[REMARKS]
