000
CXUS54 KFWD 200730
CF6TPL
PRELIMINARY LOCAL CLIMATOLOGICAL DATA (WS FORM: F-6)

                                          STATION:   TEMPLE
                                          MONTH:     JANUARY
                                          YEAR:      2019
                                          LATITUDE:   31  8 N
                                          LONGITUDE:  97 25 W

  TEMPERATURE IN F:       :PCPN:    SNOW:  WIND      :SUNSHINE: SKY     :PK WND
================================================================================
1   2   3   4   5  6A  6B    7    8   9   10  11  12  13   14  15   16   17  18
                                     12Z  AVG MX 2MIN
DY MAX MIN AVG DEP HDD CDD  WTR  SNW DPTH SPD SPD DIR MIN PSBL S-S WX    SPD DR
================================================================================

 1  42  36  39  -8  26   0 0.00  0.0    0 13.1 17 350   M    M   8 1      24 350
 2  36  33  35 -12  30   0 2.18  0.0    0 13.2 17 320   M    M   9 1       M  M
 3  45  32  39  -8  26   0 0.24    M    0 10.5 16 300   M    M   8 13     20 300
 4  62  33  48   1  17   0 0.00  0.0    0  7.2 13 280   M    M   1         M  M
 5  72  32  52   5  13   0 0.00  0.0    0  4.9 13 180   M    M   0 1       M  M
 6  68  40  54   7  11   0 0.00  0.0    0 13.8 25 160   M    M   4 1      31 150
 7  75  53  64  17   1   0    T  0.0    0  9.2 22 180   M    M   5 1      28 180
 8  70  43  57  10   8   0 0.00  0.0    0  6.7 13 360   M    M   0 12      M  M
 9  57  40  49   2  16   0 0.00  0.0    0  8.5 14  20   M    M   0         M  M
10  57  39  48   1  17   0    T    M    0  6.0  9 110   M    M   3         M  M
11  60  42  51   4  14   0 0.41  0.0    0  9.2 15 160   M    M   7 1      18 180
12  55  37  46  -1  19   0 0.00  0.0    0 12.8 22 330   M    M   3 12     31 290
13  48  34  41  -6  24   0 0.00  0.0    0  9.5 16  10   M    M   5        21 350
14  45  36  41  -6  24   0 0.00  0.0    0  6.2 10 360   M    M   9         M  M
15  50  42  46  -1  19   0 0.00  0.0    0  5.6 13 170   M    M  10         M  M
16  56  45  51   4  14   0 0.01    M    M 11.2 16 160   M    M   9 1       M  M
17  70  48  59  12   6   0 0.00  0.0    0  6.8 13 300   M    M   3 1       M  M
18  66  45  56   9   9   0    T    M    0 12.4 23 170   M    M   6 12     32 170
19  62  33  48   1  17   0    T    M    0 20.1 33 310   M    M   2        46 320
================================================================================
SM 1096  743       311   0  2.84     0.0 186.9          M       92
================================================================================
AV 57.7 39.1                               9.8 FASTST   M    M   5    MAX(MPH)
                                 MISC ---->  # 33 310               # 46  320
================================================================================
NOTES:
# LAST OF SEVERAL OCCURRENCES

COLUMN 17 PEAK WIND IN M.P.H.

PRELIMINARY LOCAL CLIMATOLOGICAL DATA (WS FORM: F-6) , PAGE 2

                                          STATION:  TEMPLE
                                          MONTH:    JANUARY
                                          YEAR:     2019
                                          LATITUDE:   31  8 N
                                          LONGITUDE:  97 25 W

[TEMPERATURE DATA]      [PRECIPITATION DATA]       SYMBOLS USED IN COLUMN 16

AVERAGE MONTHLY: 48.4   TOTAL FOR MONTH:   2.84    1 = FOG OR MIST
DPTR FM NORMAL:   1.4   DPTR FM NORMAL:    1.49    2 = FOG REDUCING VISIBILITY
HIGHEST:    75 ON  7    GRTST 24HR  2.18 ON  2- 2      TO 1/4 MILE OR LESS
LOWEST:     32 ON  5, 3                            3 = THUNDER
                        SNOW, ICE PELLETS, HAIL    4 = ICE PELLETS
                        TOTAL MONTH:   0.0 INCH    5 = HAIL
                        GRTST 24HR     0.0         6 = FREEZING RAIN OR DRIZZLE
                        GRTST DEPTH:   0           7 = DUSTSTORM OR SANDSTORM:
                                                       VSBY 1/2 MILE OR LESS
                                                   8 = SMOKE OR HAZE
[NO. OF DAYS WITH]      [WEATHER - DAYS WITH]      9 = BLOWING SNOW
                                                   X = TORNADO
MAX 32 OR BELOW:   0    0.01 INCH OR MORE:   4
MAX 90 OR ABOVE:   0    0.10 INCH OR MORE:   3
MIN 32 OR BELOW:   2    0.50 INCH OR MORE:   1
MIN  0 OR BELOW:   0    1.00 INCH OR MORE:   1

[HDD (BASE 65) ]
TOTAL THIS MO.   311    CLEAR  (SCALE 0-3)   7
DPTR FM NORMAL   -31    PTCLDY (SCALE 4-7)   8
TOTAL FM JUL 1  1188    CLOUDY (SCALE 8-10)  4
DPTR FM NORMAL    -9

[CDD (BASE 65) ]
TOTAL THIS MO.     0
DPTR FM NORMAL     0    [PRESSURE DATA]
TOTAL FM JAN 1     0    HIGHEST SLP M ON M
DPTR FM NORMAL     0    LOWEST  SLP M ON M

[REMARKS]
