000
CXUS53 KOAX 231000
CF6TQE
PRELIMINARY LOCAL CLIMATOLOGICAL DATA (WS FORM: F-6)

                                          STATION:   TEKAMAH NE
                                          MONTH:     OCTOBER
                                          YEAR:      2019
                                          LATITUDE:   41 46 N
                                          LONGITUDE:  96 11 W

  TEMPERATURE IN F:       :PCPN:    SNOW:  WIND      :SUNSHINE: SKY     :PK WND
================================================================================
1   2   3   4   5  6A  6B    7    8   9   10  11  12  13   14  15   16   17  18
                                     12Z  AVG MX 2MIN
DY MAX MIN AVG DEP HDD CDD  WTR  SNW DPTH SPD SPD DIR MIN PSBL S-S WX    SPD DR
================================================================================

 1  65  52  59   1   6   0 0.72    M    M 12.7 23  10   M    M  10 1      27  10
 2  54  47  51  -7  14   0 0.31    M    M 10.1 17 310   M    M   9 1      24 350
 3  57  41  49  -8  16   0 0.00    M    M  9.2 17 350   M    M   4        23 320
 4  57  38  48  -9  17   0 0.39    M    M 10.4 25 130   M    M   6 13     33 130
 5  66  46  56   0   9   0 1.10    M    M 11.5 26 280   M    M   4 13     38 280
 6  68  42  55  -1  10   0 0.00    M    M  7.5 20 270   M    M   0        28 280
 7  73  39  56   1   9   0 0.00    M    M  7.2 21 190   M    M   0        26 200
 8  72  43  58   3   7   0 0.00    M    M 14.3 29 180   M    M   0        41 160
 9  68  53  61   7   4   0 0.01    M    M 14.6 31 140   M    M   4 3      40 160
10  58  37  48  -6  17   0 0.41    M    M 13.9 24 320   M    M  10 13     36 330
11  40  28  34 -20  31   0 0.00    M    M 15.8 26 280   M    M   8        40 290
12  57  28  43 -10  22   0 0.00    M    M 12.5 29 270   M    M   0        41 250
13  58  29  44  -9  21   0 0.00    M    M  9.4 22 300   M    M   0        32 310
14  68  27  48  -4  17   0 0.00    M    M  8.3 21 150   M    M   0        27 140
15  57  44  51  -1  14   0 0.00    M    M 17.5 32 300   M    M   5        46 320
16  54  36  45  -6  20   0 0.00    M    M  6.5 21 340   M    M   5        26 340
17  66  33  50  -1  15   0 0.00    M    M 10.4 22 160   M    M   0        28 160
18  78  50  64  13   1   0 0.00    M    M 15.6 35 190   M    M   1        49 180
19  71  42  57   7   8   0 0.01    M    M  5.4 13 290   M    M   1 8      17 330
20  63  39  51   1  14   0    T    M    M 12.9 30 140   M    M   3        43 110
21  54  37  46  -3  19   0 0.05    M    M 17.5 35 300   M    M   7 123    50 290
22  58  37  48  -1  17   0 0.00    M    M 14.4 29 280   M    M   1        47 280
================================================================================
SM 1362  868       308   0  3.00    M    257.6          M       78
================================================================================
AV 61.9 39.5                              11.7 FASTST   M    M   4    MAX(MPH)
                                 MISC ---->  # 35 190               # 50  290
================================================================================
NOTES:
# LAST OF SEVERAL OCCURRENCES

COLUMN 17 PEAK WIND IN M.P.H.

PRELIMINARY LOCAL CLIMATOLOGICAL DATA (WS FORM: F-6) , PAGE 2

                                          STATION:  TEKAMAH NE
                                          MONTH:    OCTOBER
                                          YEAR:     2019
                                          LATITUDE:   41 46 N
                                          LONGITUDE:  96 11 W

[TEMPERATURE DATA]      [PRECIPITATION DATA]       SYMBOLS USED IN COLUMN 16

AVERAGE MONTHLY: 50.7   TOTAL FOR MONTH:   3.00    1 = FOG OR MIST
DPTR FM NORMAL:  -2.7   DPTR FM NORMAL:    1.51    2 = FOG REDUCING VISIBILITY
HIGHEST:    78 ON 18    GRTST 24HR  1.10 ON  5- 5      TO 1/4 MILE OR LESS
LOWEST:     27 ON 14                               3 = THUNDER
                        SNOW, ICE PELLETS, HAIL    4 = ICE PELLETS
                        TOTAL MONTH:    M          5 = HAIL
                        GRTST 24HR    M  ON   M    6 = FREEZING RAIN OR DRIZZLE
                        GRTST DEPTH:  M  ON   M    7 = DUSTSTORM OR SANDSTORM:
                                                       VSBY 1/2 MILE OR LESS
                                                   8 = SMOKE OR HAZE
[NO. OF DAYS WITH]      [WEATHER - DAYS WITH]      9 = BLOWING SNOW
                                                   X = TORNADO
MAX 32 OR BELOW:   0    0.01 INCH OR MORE:   8
MAX 90 OR ABOVE:   0    0.10 INCH OR MORE:   5
MIN 32 OR BELOW:   4    0.50 INCH OR MORE:   2
MIN  0 OR BELOW:   0    1.00 INCH OR MORE:   1

[HDD (BASE 65) ]
TOTAL THIS MO.   308    CLEAR  (SCALE 0-3)  11
DPTR FM NORMAL    40    PTCLDY (SCALE 4-7)   8
TOTAL FM JUL 1   324    CLOUDY (SCALE 8-10)  3
DPTR FM NORMAL   -62

[CDD (BASE 65) ]
TOTAL THIS MO.     0
DPTR FM NORMAL   -12    [PRESSURE DATA]
TOTAL FM JAN 1  1072    HIGHEST SLP M ON M
DPTR FM NORMAL    88    LOWEST  SLP 29.43 ON 21

[REMARKS]
