000
CXUS53 KOAX 241000
CF6TQE
PRELIMINARY LOCAL CLIMATOLOGICAL DATA (WS FORM: F-6)

                                          STATION:   TEKAMAH NE
                                          MONTH:     MAY
                                          YEAR:      2020
                                          LATITUDE:   41 46 N
                                          LONGITUDE:  96 11 W

  TEMPERATURE IN F:       :PCPN:    SNOW:  WIND      :SUNSHINE: SKY     :PK WND
================================================================================
1   2   3   4   5  6A  6B    7    8   9   10  11  12  13   14  15   16   17  18
                                     12Z  AVG MX 2MIN
DY MAX MIN AVG DEP HDD CDD  WTR  SNW DPTH SPD SPD DIR MIN PSBL S-S WX    SPD DR
================================================================================

 1  91  53  72  15   0   7 0.00    M    M 13.6 30 210   M    M   0 8      35 200
 2  69  50  60   3   5   0 0.08    M    M  7.5 21 320   M    M   5        25 320
 3  78  49  64   7   1   0    T    M    M  4.0 14 160   M    M   4        18 160
 4  60  50  55  -3  10   0 0.26    M    M  6.9 14 100   M    M   7 1      17  80
 5  59  41  50  -8  15   0 0.01    M    M 17.7 39 320   M    M   4 8      52 320
 6  63  40  52  -6  13   0    T    M    M  9.9 18 360   M    M   6        24 320
 7  60  36  48 -11  17   0 0.16    M    M  7.0 18 180   M    M   5 1      30 190
 8  59  35  47 -12  18   0 0.00    M    M 13.1 24 340   M    M   0        31 350
 9  70  30  50 -10  15   0 0.03    M    M 17.3 36 320   M    M   4 8      50 300
10  58  34  46 -14  19   0 0.00    M    M 19.5 32 320   M    M   3        41 310
11  57  33  45 -15  20   0 0.00    M    M  8.8 17 330   M    M   3        23 270
12  59  42  51 -10  14   0 0.00    M    M  7.4 15 160   M    M   9        21 130
13  56  37  47 -14  18   0 0.04    M    M 11.5 26 160   M    M   8 18     33 170
14  78  52  65   3   0   0 0.00    M    M  6.4 13  20   M    M   6 1      19  60
15  79  46  63   1   2   0 0.00    M    M  8.1 20 360   M    M   0        26  20
16  74  49  62   0   3   0 0.63    M    M 10.7 25 360   M    M   6 13     30 350
17  59  51  55  -8  10   0    T    M    M 19.4 30 340   M    M  10 1      40 340
18  61  52  57  -6   8   0 0.00    M    M 14.9 21 350   M    M  10        27 340
19  63  54  59  -4   6   0 0.00    M    M  7.9 14 100   M    M  10        18 100
20  70  57  64   0   1   0 0.00    M    M 11.4 21 100   M    M  10 1      26 120
21  71  58  65   1   0   0 0.02    M    M 12.2 21 130   M    M   9 1      26 130
22  71  59  65   1   0   0 0.30    M    M 11.0 18 130   M    M  10 1      24 110
23  77  57  67   2   0   2 0.00    M    M  7.0 15  20   M    M   6 1      19  10
================================================================================
SM 1542 1065       195   9  1.53    M    253.2          M      135
================================================================================
AV 67.0 46.3                              11.0 FASTST   M    M   6    MAX(MPH)
                                 MISC ---->  # 39 320               # 52  320
================================================================================
NOTES:
# LAST OF SEVERAL OCCURRENCES

COLUMN 17 PEAK WIND IN M.P.H.

PRELIMINARY LOCAL CLIMATOLOGICAL DATA (WS FORM: F-6) , PAGE 2

                                          STATION:  TEKAMAH NE
                                          MONTH:    MAY
                                          YEAR:     2020
                                          LATITUDE:   41 46 N
                                          LONGITUDE:  96 11 W

[TEMPERATURE DATA]      [PRECIPITATION DATA]       SYMBOLS USED IN COLUMN 16

AVERAGE MONTHLY: 56.7   TOTAL FOR MONTH:   1.53    1 = FOG OR MIST
DPTR FM NORMAL:  -4.1   DPTR FM NORMAL:   -1.53    2 = FOG REDUCING VISIBILITY
HIGHEST:    91 ON  1    GRTST 24HR  0.63 ON 16-16      TO 1/4 MILE OR LESS
LOWEST:     30 ON  9                               3 = THUNDER
                        SNOW, ICE PELLETS, HAIL    4 = ICE PELLETS
                        TOTAL MONTH:    M          5 = HAIL
                        GRTST 24HR    M  ON   M    6 = FREEZING RAIN OR DRIZZLE
                        GRTST DEPTH:  M  ON   M    7 = DUSTSTORM OR SANDSTORM:
                                                       VSBY 1/2 MILE OR LESS
                                                   8 = SMOKE OR HAZE
[NO. OF DAYS WITH]      [WEATHER - DAYS WITH]      9 = BLOWING SNOW
                                                   X = TORNADO
MAX 32 OR BELOW:   0    0.01 INCH OR MORE:   9
MAX 90 OR ABOVE:   1    0.10 INCH OR MORE:   4
MIN 32 OR BELOW:   1    0.50 INCH OR MORE:   1
MIN  0 OR BELOW:   0    1.00 INCH OR MORE:   0

[HDD (BASE 65) ]
TOTAL THIS MO.   195    CLEAR  (SCALE 0-3)   4
DPTR FM NORMAL    59    PTCLDY (SCALE 4-7)  11
TOTAL FM JUL 1  6236    CLOUDY (SCALE 8-10)  8
DPTR FM NORMAL  -229

[CDD (BASE 65) ]
TOTAL THIS MO.     9
DPTR FM NORMAL   -31    [PRESSURE DATA]
TOTAL FM JAN 1    12    HIGHEST SLP M ON M
DPTR FM NORMAL   -36    LOWEST  SLP 29.66 ON 22

[REMARKS]
