895
CXUS54 KFWD 200732
CF6TRL
PRELIMINARY LOCAL CLIMATOLOGICAL DATA (WS FORM: F-6)

                                          STATION:   TERRELL
                                          MONTH:     JUNE
                                          YEAR:      2024
                                          LATITUDE:   32 42 N
                                          LONGITUDE:  96 16 W

  TEMPERATURE IN F:       :PCPN:    SNOW:  WIND      :SUNSHINE: SKY     :PK WND
================================================================================
1   2   3   4   5  6A  6B    7    8   9   10  11  12  13   14  15   16   17  18
                                     12Z  AVG MX 2MIN
DY MAX MIN AVG DEP HDD CDD  WTR  SNW DPTH SPD SPD DIR MIN PSBL S-S WX    SPD DR
================================================================================

 1  83  66  75  -4   0  10 1.15    M    M  3.5 25 330   M    M   3 13     35 320
 2  87  66  77  -2   0  12 0.84    M    M  6.9 29 340   M    M   4 123    46 360
 3  86  68  77  -2   0  12 1.58    M    M 11.9 28  20   M    M   6 13     36  20
 4  90  68  79  -1   0  14 0.21    M    M 12.5 21 170   M    M   6 138    29 180
 5  90  67  79  -1   0  14 1.45    M    M  6.9 35  10   M    M   3 13     47  10
 6  93  66  80   0   0  15 0.00    M    M  3.1 10 100   M    M   0        15 100
 7  93  70  82   2   0  17 0.00    M    M  6.2 15 170   M    M   0        21 160
 8  94  74  84   4   0  19 0.00    M    M  9.7 20 180   M    M   0        28 170
 9  92  72  82   2   0  17 0.00    M    M  5.7 15 160   M    M   1 1      20 180
10  86  73  80  -1   0  15    T    M    M  6.1 16  20   M    M   3 3      22  20
11  86  71  79  -2   0  14 1.07    M    M  4.8 17 260   M    M   4 123    23 280
12  88  72  80  -1   0  15 0.00    M    M  5.3 12  90   M    M   3        17 140
13  92  69  81   0   0  16 0.00    M    M  2.8 10 180   M    M   1        14 180
14  94  68  81   0   0  16 0.00    M    M  4.3 10  70   M    M   0        15 160
15  92  70  81  -1   0  16 0.00    M    M  5.8 15 160   M    M   1 8      23 160
16  92  73  83   1   0  18 0.00    M    M  9.1 20 170   M    M   1        26 160
17  93  75  84   2   0  19 0.00    M    M 12.9 23 140   M    M   3        32 140
18  92  74  83   1   0  18 0.00    M    M 12.4 21 120   M    M   3        31 130
19  86  72  79  -3   0  14 0.00    M    M  7.7 14  70   M    M   2        21  60
================================================================================
SM 1709 1334         0 291  6.30    M    137.6          M       44
================================================================================
AV 89.9 70.2                               7.2 FASTST   M    M   2    MAX(MPH)
                                 MISC ---->    35  10                 47  10
================================================================================
NOTES:
# LAST OF SEVERAL OCCURRENCES

COLUMN 17 PEAK WIND IN M.P.H.

PRELIMINARY LOCAL CLIMATOLOGICAL DATA (WS FORM: F-6) , PAGE 2

                                          STATION:   TERRELL
                                          MONTH:     JUNE
                                          YEAR:      2024
                                          LATITUDE:   32 42 N
                                          LONGITUDE:  96 16 W

[TEMPERATURE DATA]      [PRECIPITATION DATA]       SYMBOLS USED IN COLUMN 16

AVERAGE MONTHLY: 80.1   TOTAL FOR MONTH:   6.30    1 = FOG OR MIST
DPTR FM NORMAL:  -0.6   DPTR FM NORMAL:    4.02    2 = FOG REDUCING VISIBILITY
HIGHEST:    94 ON 14, 8  GRTST 24HR  1.79 ON  3- 4      TO 1/4 MILE OR LESS
LOWEST:     66 ON  6, 2                             3 = THUNDER
                        SNOW, ICE PELLETS, HAIL    4 = ICE PELLETS
                        TOTAL MONTH:  M            5 = HAIL
                        GRTST 24HR    M  ON   M    6 = FREEZING RAIN OR DRIZZLE
                        GRTST DEPTH:  M  ON   M    7 = DUSTSTORM OR SANDSTORM:
                                                       VSBY 1/2 MILE OR LESS
                                                   8 = SMOKE OR HAZE
[NO. OF DAYS WITH]      [WEATHER - DAYS WITH]      9 = BLOWING SNOW
                                                   X = TORNADO
MAX 32 OR BELOW:   0    0.01 INCH OR MORE:   6
MAX 90 OR ABOVE:  12    0.10 INCH OR MORE:   6
MIN 32 OR BELOW:   0    0.50 INCH OR MORE:   5
MIN  0 OR BELOW:   0    1.00 INCH OR MORE:   4

[HDD (BASE 65) ]
TOTAL THIS MO.     0    CLEAR  (SCALE 0-3)  14
DPTR FM NORMAL     0    PTCLDY (SCALE 4-7)   5
TOTAL FM JUL 1  2007    CLOUDY (SCALE 8-10)  0
DPTR FM NORMAL  -204

[CDD (BASE 65) ]
TOTAL THIS MO.   291
DPTR FM NORMAL    -5    [PRESSURE DATA]
TOTAL FM JAN 1   796    HIGHEST SLP M ON M
DPTR FM NORMAL    79    LOWEST  SLP 29.56 ON  4

[REMARKS]