000
CXUS56 KPQR 281200
CF6TTD
PRELIMINARY LOCAL CLIMATOLOGICAL DATA (WS FORM: F-6)

                                          STATION:   TROUTDALE OR
                                          MONTH:     FEBRUARY
                                          YEAR:      2020
                                          LATITUDE:   45 33 N
                                          LONGITUDE: 122 25 W

  TEMPERATURE IN F:       :PCPN:    SNOW:  WIND      :SUNSHINE: SKY     :PK WND
================================================================================
1   2   3   4   5  6A  6B    7    8   9   10  11  12  13   14  15   16   17  18
                                     12Z  AVG MX 2MIN
DY MAX MIN AVG DEP HDD CDD  WTR  SNW DPTH SPD SPD DIR MIN PSBL S-S WX    SPD DR
================================================================================

 1  60  41  51  10  14   0 0.25    M    M  8.0 24 220   M    M   7 18     35 210
 2  46  30  38  -3  27   0    T    M    M  2.1  7  90   M    M   6 1       9 110
 3  43  29  36  -6  29   0 0.03    M    M  2.3  8 220   M    M   6 1      10 240
 4  43  26  35  -7  30   0 0.01    M    M  2.3  8 170   M    M   6 18     11 160
 5  53  38  46   4  19   0 0.31    M    M  7.4 16 220   M    M  10 18     23 210
 6  59  51  55  13  10   0 0.13    M    M 11.1 21 220   M    M  10        29 200
 7  56  45  51   9  14   0 0.11    M    M 11.8 22 250   M    M  10 8      32 240
 8  48  44  46   4  19   0 0.08    M    M  6.3 22 220   M    M  10        28 220
 9  45  35  40  -2  25   0 0.00    M    M  1.9  7 270   M    M   9 1      10 280
10  53  33  43   1  22   0 0.00    M    M  1.8 10 250   M    M   4        13 250
11  45  31  38  -4  27   0    T    M    M  1.4 10 210   M    M   6 18     11 210
12  53  34  44   2  21   0    T    M    M  2.3  8 270   M    M   6 128    13 290
13  45  30  38  -4  27   0 0.11    M    M  2.6 12 230   M    M   8 18     17 230
14  51  42  47   5  18   0 0.02    M    M  5.0 15 240   M    M   9 8      18 240
15  46  43  45   3  20   0 0.80    M    M  2.3 12 170   M    M  10 1      18 180
16  51  39  45   2  20   0 0.10    M    M  4.2 17 250   M    M   8 1      22 240
17  50  32  41  -2  24   0 0.01    M    M  3.0 10  30   M    M   7        12  30
18  52  30  41  -2  24   0 0.00    M    M  7.8 22  90   M    M   2 1      27  90
19  52  41  47   4  18   0 0.00    M    M 20.2 28 100   M    M   0        36  90
20  51  41  46   3  19   0 0.00    M    M 19.8 28  90   M    M   0        34 100
21  59  36  48   5  17   0 0.00    M    M  7.3 23  90   M    M   0        32  90
22  57  29  43  -1  22   0 0.00    M    M  1.1  8  40   M    M   3        10  20
23  53  42  48   4  17   0 0.06    M    M 11.6 31 250   M    M   9 18     38 240
24  49  36  43  -1  22   0    T    M    M  4.4 12 160   M    M   9        15 160
25  57  30  44   0  21   0 0.00    M    M  3.3 20  90   M    M   3 1      26  80
26  56  36  46   2  19   0    T    M    M  1.1  6 100   M    M   6 8       8 360
27  62  31  47   3  18   0 0.00    M    M  2.0  7 110   M    M   2 12     10 230
================================================================================
SM 1395  975       563   0  2.02    M    154.4          M      166
================================================================================
AV 51.7 36.1                               5.7 FASTST   M    M   6    MAX(MPH)
                                 MISC ---->  # 31 250               # 38  240
================================================================================
NOTES:
# LAST OF SEVERAL OCCURRENCES

COLUMN 17 PEAK WIND IN M.P.H.

PRELIMINARY LOCAL CLIMATOLOGICAL DATA (WS FORM: F-6) , PAGE 2

                                          STATION:  TROUTDALE OR
                                          MONTH:    FEBRUARY
                                          YEAR:     2020
                                          LATITUDE:   45 33 N
                                          LONGITUDE: 122 25 W

[TEMPERATURE DATA]      [PRECIPITATION DATA]       SYMBOLS USED IN COLUMN 16

AVERAGE MONTHLY: 43.9   TOTAL FOR MONTH:   2.02    1 = FOG OR MIST
DPTR FM NORMAL:   1.3   DPTR FM NORMAL:   -2.88    2 = FOG REDUCING VISIBILITY
HIGHEST:    62 ON 27    GRTST 24HR  0.80 ON 15-15      TO 1/4 MILE OR LESS
LOWEST:     26 ON  4                               3 = THUNDER
                        SNOW, ICE PELLETS, HAIL    4 = ICE PELLETS
                        TOTAL MONTH:    M          5 = HAIL
                        GRTST 24HR    M  ON   M    6 = FREEZING RAIN OR DRIZZLE
                        GRTST DEPTH:  M  ON   M    7 = DUSTSTORM OR SANDSTORM:
                                                       VSBY 1/2 MILE OR LESS
                                                   8 = SMOKE OR HAZE
[NO. OF DAYS WITH]      [WEATHER - DAYS WITH]      9 = BLOWING SNOW
                                                   X = TORNADO
MAX 32 OR BELOW:   0    0.01 INCH OR MORE:  13
MAX 90 OR ABOVE:   0    0.10 INCH OR MORE:   7
MIN 32 OR BELOW:  10    0.50 INCH OR MORE:   1
MIN  0 OR BELOW:   0    1.00 INCH OR MORE:   0

[HDD (BASE 65) ]
TOTAL THIS MO.   563    CLEAR  (SCALE 0-3)   7
DPTR FM NORMAL   -42    PTCLDY (SCALE 4-7)  10
TOTAL FM JUL 1  2867    CLOUDY (SCALE 8-10) 10
DPTR FM NORMAL  -428

[CDD (BASE 65) ]
TOTAL THIS MO.     0
DPTR FM NORMAL     0    [PRESSURE DATA]
TOTAL FM JAN 1     0    HIGHEST SLP M ON M
DPTR FM NORMAL     0    LOWEST  SLP 29.96 ON M

[REMARKS]
