000
CXUS51 KPHI 230800
CF6TTN
PRELIMINARY LOCAL CLIMATOLOGICAL DATA (WS FORM: F-6)

                                          STATION:   TRENTON NJ
                                          MONTH:     SEPTEMBER
                                          YEAR:      2018
                                          LATITUDE:   40 16 N
                                          LONGITUDE:  74 49 W

  TEMPERATURE IN F:       :PCPN:    SNOW:  WIND      :SUNSHINE: SKY     :PK WND
================================================================================
1   2   3   4   5  6A  6B    7    8   9   10  11  12  13   14  15   16   17  18
                                     12Z  AVG MX 2MIN
DY MAX MIN AVG DEP HDD CDD  WTR  SNW DPTH SPD SPD DIR MIN PSBL S-S WX    SPD DR
================================================================================

 1  80  68  74   3   0   9    T    M    M  6.9 14 130   M    M   8        16 120
 2  87  66  77   6   0  12 0.00    M    M  4.5 15 170   M    M   8        18 170
 3  93  76  85  14   0  20 0.00    M    M  3.5  9 220   M    M   5        14 300
 4  94  73  84  14   0  19 0.00    M    M  3.5 12 330   M    M   1        16 330
 5  93  72  83  13   0  18 0.00    M    M  3.8 14 140   M    M   0 1      17 160
 6  95  74  85  15   0  20 0.00    M    M  5.8 21 340   M    M   5 18     30 350
 7  84  70  77   7   0  12 0.18    M    M  6.8 14  70   M    M   7 1      17  90
 8  70  58  64  -5   1   0 0.45    M    M  8.9 14  40   M    M  10 1      21  20
 9  61  55  58 -11   7   0 0.85    M    M 11.4 20  80   M    M  10 1      26  80
10  68  53  61  -8   4   0 0.27    M    M 11.3 21  80   M    M   9 1      30  70
11  76  62  69   1   0   4 0.00    M    M  3.3  8  40   M    M  10 18     12 290
12  82  72  77   9   0  12 0.14    M    M  3.8 10  30   M    M   9 123    14  30
13  76  70  73   5   0   8 0.01    M    M  7.4 13  70   M    M  10 1      17  60
14  75  67  71   4   0   6    T    M    M  8.0 14  60   M    M  10 1      19  50
15  79  65  72   5   0   7 0.00    M    M  4.3  9  60   M    M   4        15  90
16  86  61  74   8   0   9 0.00    M    M  3.5 10 170   M    M   1 1      13 150
17  81  63  72   6   0   7 0.26    M    M  6.6 16 200   M    M   8 1      23 210
18  79  68  74   8   0   9 1.18    M    M  6.6 16 340   M    M   8 123    22 280
19  84  66  75  10   0  10 0.00    M    M  6.7 14 340   M    M   2        17  10
20  72  65  69   4   0   4 0.00    M    M  7.1 14 140   M    M  10        18 100
21  76  66  71   7   0   6 0.00    M    M  7.6 16 200   M    M  10        22 200
22  75  60  68   4   0   3    T    M    M  7.7 18 340   M    M   2        25 340
================================================================================
SM 1766 1450        12 195  3.34    M    139.0          M      147
================================================================================
AV 80.3 65.9                               6.3 FASTST   M    M   7    MAX(MPH)
                                 MISC ---->  # 21 340               # 30  350
================================================================================
NOTES:
# LAST OF SEVERAL OCCURRENCES

COLUMN 17 PEAK WIND IN M.P.H.

PRELIMINARY LOCAL CLIMATOLOGICAL DATA (WS FORM: F-6) , PAGE 2

                                          STATION:  TRENTON NJ
                                          MONTH:    SEPTEMBER
                                          YEAR:     2018
                                          LATITUDE:   40 16 N
                                          LONGITUDE:  74 49 W

[TEMPERATURE DATA]      [PRECIPITATION DATA]       SYMBOLS USED IN COLUMN 16

AVERAGE MONTHLY: 73.1   TOTAL FOR MONTH:   3.34    1 = FOG OR MIST
DPTR FM NORMAL:   5.2   DPTR FM NORMAL:    0.34    2 = FOG REDUCING VISIBILITY
HIGHEST:    95 ON  6    GRTST 24HR  1.18 ON 18-18      TO 1/4 MILE OR LESS
LOWEST:     53 ON 10                               3 = THUNDER
                        SNOW, ICE PELLETS, HAIL    4 = ICE PELLETS
                        TOTAL MONTH:    M          5 = HAIL
                        GRTST 24HR    M  ON   M    6 = FREEZING RAIN OR DRIZZLE
                        GRTST DEPTH:  M  ON   M    7 = DUSTSTORM OR SANDSTORM:
                                                       VSBY 1/2 MILE OR LESS
                                                   8 = SMOKE OR HAZE
[NO. OF DAYS WITH]      [WEATHER - DAYS WITH]      9 = BLOWING SNOW
                                                   X = TORNADO
MAX 32 OR BELOW:   0    0.01 INCH OR MORE:   8
MAX 90 OR ABOVE:   4    0.10 INCH OR MORE:   7
MIN 32 OR BELOW:   0    0.50 INCH OR MORE:   2
MIN  0 OR BELOW:   0    1.00 INCH OR MORE:   1

[HDD (BASE 65) ]
TOTAL THIS MO.    12    CLEAR  (SCALE 0-3)   5
DPTR FM NORMAL   -13    PTCLDY (SCALE 4-7)   8
TOTAL FM JUL 1    12    CLOUDY (SCALE 8-10)  9
DPTR FM NORMAL   -16

[CDD (BASE 65) ]
TOTAL THIS MO.   195
DPTR FM NORMAL   106    [PRESSURE DATA]
TOTAL FM JAN 1  1332    HIGHEST SLP  0.00 ON  8
DPTR FM NORMAL   387    LOWEST  SLP 29.70 ON 18

[REMARKS]
