000
CXUS51 KPHI 180800
CF6TTN
PRELIMINARY LOCAL CLIMATOLOGICAL DATA (WS FORM: F-6)

                                          STATION:   TRENTON NJ
                                          MONTH:     DECEMBER
                                          YEAR:      2018
                                          LATITUDE:   40 16 N
                                          LONGITUDE:  74 49 W

  TEMPERATURE IN F:       :PCPN:    SNOW:  WIND      :SUNSHINE: SKY     :PK WND
================================================================================
1   2   3   4   5  6A  6B    7    8   9   10  11  12  13   14  15   16   17  18
                                     12Z  AVG MX 2MIN
DY MAX MIN AVG DEP HDD CDD  WTR  SNW DPTH SPD SPD DIR MIN PSBL S-S WX    SPD DR
================================================================================

 1  46  30  38  -2  27   0 0.11    M    M  5.2 12 150   M    M   5 1      14  70
 2  57  43  50  10  15   0 0.65    M    M  4.5 12  60   M    M  10 1      15  60
 3  56  44  50  10  15   0 0.00    M    M  8.3 22 270   M    M   6 1      29 260
 4  44  29  37  -2  28   0    T    M    M 10.0 21 300   M    M   4        28 350
 5  36  24  30  -9  35   0 0.00    M    M  5.3 13  30   M    M   4        17  30
 6  39  26  33  -5  32   0 0.00    M    M  7.5 17 270   M    M   3        23 260
 7  39  23  31  -7  34   0 0.00    M    M  7.2 18 310   M    M   2        25 310
 8  37  18  28 -10  37   0 0.00    M    M  3.9 16 270   M    M   3        23 270
 9  34  23  29  -8  36   0 0.00    M    M  1.4  6 340   M    M   0        11 310
10  41  22  32  -5  33   0 0.00    M    M  5.5 13  40   M    M   0        16  30
11  41  20  31  -6  34   0 0.00    M    M  4.5 10 270   M    M   1        14 260
12  44  30  37   1  28   0 0.00    M    M  4.1 13 330   M    M   3 8      17 320
13  46  32  39   3  26   0    T    M    M  7.1 13  60   M    M   7 1      16  60
14  52  36  44   8  21   0 0.15    M    M  4.3 12 140   M    M  10 1      13 150
15  52  47  50  15  15   0 0.11    M    M  8.7 23  70   M    M   9 1      31  60
16  48  39  44   9  21   0 0.83    M    M 13.7 24  70   M    M  10 1      35  50
17  48  38  43   8  22   0 0.00    M    M  9.9 23 300   M    M   8 1      31 290
================================================================================
SM  760  524       459   0  1.85    M    111.1          M       85
================================================================================
AV 44.7 30.8                               6.5 FASTST   M    M   5    MAX(MPH)
                                 MISC ---->  # 24  70               # 35   50
================================================================================
NOTES:
# LAST OF SEVERAL OCCURRENCES

COLUMN 17 PEAK WIND IN M.P.H.

PRELIMINARY LOCAL CLIMATOLOGICAL DATA (WS FORM: F-6) , PAGE 2

                                          STATION:  TRENTON NJ
                                          MONTH:    DECEMBER
                                          YEAR:     2018
                                          LATITUDE:   40 16 N
                                          LONGITUDE:  74 49 W

[TEMPERATURE DATA]      [PRECIPITATION DATA]       SYMBOLS USED IN COLUMN 16

AVERAGE MONTHLY: 37.8   TOTAL FOR MONTH:   1.85    1 = FOG OR MIST
DPTR FM NORMAL:   0.4   DPTR FM NORMAL:   -0.43    2 = FOG REDUCING VISIBILITY
HIGHEST:    57 ON  2    GRTST 24HR  0.83 ON 16-16      TO 1/4 MILE OR LESS
LOWEST:     18 ON  8                               3 = THUNDER
                        SNOW, ICE PELLETS, HAIL    4 = ICE PELLETS
                        TOTAL MONTH:    M          5 = HAIL
                        GRTST 24HR    M  ON   M    6 = FREEZING RAIN OR DRIZZLE
                        GRTST DEPTH:  M  ON   M    7 = DUSTSTORM OR SANDSTORM:
                                                       VSBY 1/2 MILE OR LESS
                                                   8 = SMOKE OR HAZE
[NO. OF DAYS WITH]      [WEATHER - DAYS WITH]      9 = BLOWING SNOW
                                                   X = TORNADO
MAX 32 OR BELOW:   0    0.01 INCH OR MORE:   5
MAX 90 OR ABOVE:   0    0.10 INCH OR MORE:   5
MIN 32 OR BELOW:  11    0.50 INCH OR MORE:   2
MIN  0 OR BELOW:   0    1.00 INCH OR MORE:   0

[HDD (BASE 65) ]
TOTAL THIS MO.   459    CLEAR  (SCALE 0-3)   5
DPTR FM NORMAL   -10    PTCLDY (SCALE 4-7)   8
TOTAL FM JUL 1  1444    CLOUDY (SCALE 8-10)  4
DPTR FM NORMAL    -1

[CDD (BASE 65) ]
TOTAL THIS MO.     0
DPTR FM NORMAL     0    [PRESSURE DATA]
TOTAL FM JAN 1  1418    HIGHEST SLP M ON M
DPTR FM NORMAL   453    LOWEST  SLP 29.61 ON M

[REMARKS]
