000
CXUS54 KTSA 200840
CF6TUL
PRELIMINARY LOCAL CLIMATOLOGICAL DATA (WS FORM: F-6)

                                          STATION:   TULSA OKLAHOMA
                                          MONTH:     OCTOBER
                                          YEAR:      2018
                                          LATITUDE:   36 12 N
                                          LONGITUDE:  95 54 W

  TEMPERATURE IN F:       :PCPN:    SNOW:  WIND      :SUNSHINE: SKY     :PK WND
================================================================================
1   2   3   4   5  6A  6B    7    8   9   10  11  12  13   14  15   16   17  18
                                     12Z  AVG MX 2MIN
DY MAX MIN AVG DEP HDD CDD  WTR  SNW DPTH SPD SPD DIR MIN PSBL S-S WX    SPD DR
================================================================================

 1  84  69  77  10   0  12 0.00  0.0    0 10.2 17 180   M    M   7        22 190
 2  88  70  79  13   0  14 0.00  0.0    0 11.5 18 190   M    M   5        24 190
 3  91  73  82  16   0  17 0.00  0.0    0 16.7 29 190   M    M   3        36 190
 4  81  66  74   8   0   9 0.10  0.0    0  7.0 22  10   M    M   6 1      26  10
 5  91  65  78  13   0  13 0.00  0.0    0 12.9 24 170   M    M   4        29 170
 6  86  61  74   9   0   9 0.19  0.0    0 10.8 22 330   M    M   9 13     26 330
 7  82  61  72   8   0   7 0.12  0.0    0  6.8 18 140   M    M  10 1      23 130
 8  84  72  78  14   0  13 0.00  0.0    0 12.0 26 180   M    M   9        33 190
 9  74  64  69   5   0   4 0.99  0.0    0  9.3 28 260   M    M  10 13     35 260
10  66  47  57  -7   8   0    T  0.0    0 10.7 20 280   M    M   4 1      25 280
11  64  44  54  -9  11   0 0.00  0.0    0  7.2 15 360   M    M   3        19  10
12  60  52  56  -7   9   0 0.12  0.0    0  6.7 17 170   M    M  10 18     20 170
13  56  49  53 -10  12   0 0.25  0.0    0  4.5  9 350   M    M  10 1      12 350
14  61  39  50 -12  15   0 0.04  0.0    0  9.7 29 340   M    M  10 13     35 360
15  52  38  45 -17  20   0    T  0.0    0 12.0 23 350   M    M   8 1      29 350
16  57  39  48 -14  17   0 0.00  0.0    0  3.1  9 330   M    M   9 8      12 360
17  71  38  55  -7  10   0 0.00  0.0    0  4.4 13  50   M    M   5 1      17  40
18  67  50  59  -2   6   0    T  0.0    0  4.7 12 120   M    M  10        18 150
19  58  51  55  -6  10   0 0.87  0.0    0  6.8 16 180   M    M  10 1      19 170
================================================================================
SM 1373 1048       118  98  2.68     0.0 167.0          M      142
================================================================================
AV 72.3 55.2                               8.8 FASTST   M    M   7    MAX(MPH)
                                 MISC ---->  # 29 190               # 36  190
================================================================================
NOTES:
# LAST OF SEVERAL OCCURRENCES

COLUMN 17 PEAK WIND IN M.P.H.

PRELIMINARY LOCAL CLIMATOLOGICAL DATA (WS FORM: F-6) , PAGE 2

                                          STATION:  TULSA OKLAHOMA
                                          MONTH:    OCTOBER
                                          YEAR:     2018
                                          LATITUDE:   36 12 N
                                          LONGITUDE:  95 54 W

[TEMPERATURE DATA]      [PRECIPITATION DATA]       SYMBOLS USED IN COLUMN 16

AVERAGE MONTHLY: 63.7   TOTAL FOR MONTH:   2.68    1 = FOG OR MIST
DPTR FM NORMAL:   0.0   DPTR FM NORMAL:    0.29    2 = FOG REDUCING VISIBILITY
HIGHEST:    91 ON  5, 3 GRTST 24HR  0.99 ON  9- 9      TO 1/4 MILE OR LESS
LOWEST:     38 ON 17,15                            3 = THUNDER
                        SNOW, ICE PELLETS, HAIL    4 = ICE PELLETS
                        TOTAL MONTH:   0.0 INCH    5 = HAIL
                        GRTST 24HR     0.0         6 = FREEZING RAIN OR DRIZZLE
                        GRTST DEPTH:   0           7 = DUSTSTORM OR SANDSTORM:
                                                       VSBY 1/2 MILE OR LESS
                                                   8 = SMOKE OR HAZE
[NO. OF DAYS WITH]      [WEATHER - DAYS WITH]      9 = BLOWING SNOW
                                                   X = TORNADO
MAX 32 OR BELOW:   0    0.01 INCH OR MORE:   8
MAX 90 OR ABOVE:   2    0.10 INCH OR MORE:   7
MIN 32 OR BELOW:   0    0.50 INCH OR MORE:   2
MIN  0 OR BELOW:   0    1.00 INCH OR MORE:   0

[HDD (BASE 65) ]
TOTAL THIS MO.   118    CLEAR  (SCALE 0-3)   2
DPTR FM NORMAL    43    PTCLDY (SCALE 4-7)   7
TOTAL FM JUL 1   128    CLOUDY (SCALE 8-10) 10
DPTR FM NORMAL    29

[CDD (BASE 65) ]
TOTAL THIS MO.    98
DPTR FM NORMAL    48    [PRESSURE DATA]
TOTAL FM JAN 1  2446    HIGHEST SLP M ON M
DPTR FM NORMAL   431    LOWEST  SLP 29.62 ON  9

[REMARKS]
