000
CXUS54 KTSA 230940
CF6TUL
PRELIMINARY LOCAL CLIMATOLOGICAL DATA (WS FORM: F-6)

                                          STATION:   TULSA OKLAHOMA
                                          MONTH:     JANUARY
                                          YEAR:      2019
                                          LATITUDE:   36 12 N
                                          LONGITUDE:  95 54 W

  TEMPERATURE IN F:       :PCPN:    SNOW:  WIND      :SUNSHINE: SKY     :PK WND
================================================================================
1   2   3   4   5  6A  6B    7    8   9   10  11  12  13   14  15   16   17  18
                                     12Z  AVG MX 2MIN
DY MAX MIN AVG DEP HDD CDD  WTR  SNW DPTH SPD SPD DIR MIN PSBL S-S WX    SPD DR
================================================================================

 1  31  24  28  -9  37   0 0.00  0.0    0 11.2 21 340   M    M  10        24 340
 2  32  25  29  -8  36   0    T  0.0    0  2.8  9 330   M    M  10 6      11 330
 3  34  31  33  -4  32   0 1.34    T    0  6.3 14 340   M    M  10 16     17 340
 4  56  34  45   8  20   0 0.27  0.0    0  8.1 16 330   M    M   4 1      19 350
 5  64  31  48  11  17   0 0.00  0.0    0  5.1 10 160   M    M   1        13 160
 6  65  45  55  18  10   0 0.00  0.0    0 13.4 26 180   M    M   9        36 180
 7  69  46  58  21   7   0    T  0.0    0 10.1 28 190   M    M   4        37 190
 8  58  36  47  10  18   0 0.00  0.0    0  7.5 20 360   M    M   2        25  20
 9  51  29  40   3  25   0 0.00  0.0    0  4.8 13 340   M    M   4        17 350
10  45  26  36  -1  29   0 0.05  0.0    0  6.2 14 130   M    M   9        18 120
11  41  37  39   2  26   0 1.25  0.0    0 10.9 17 150   M    M  10 1      23 140
12  39  35  37   0  28   0 0.40  0.0    0 12.2 22 330   M    M  10 1      27 330
13  35  32  34  -3  31   0 0.00  0.0    0  9.8 18 340   M    M  10        22 330
14  38  29  34  -4  31   0 0.00  0.0    0  4.4  8 160   M    M   8        10 260
15  53  28  41   3  24   0 0.00  0.0    0  9.3 16 170   M    M   6 1      19 180
16  50  43  47   9  18   0 0.05  0.0    0  8.8 16 170   M    M  10 18     22 170
17  48  40  44   6  21   0 0.05  0.0    0  7.0 17 350   M    M  10 1      20 350
18  61  40  51  13  14   0 0.37  0.0    0 12.7 32 340   M    M   7 13     42 340
19  41  21  31  -7  34   0    T  0.1    0 21.0 32 340   M    M   8 18     46 330
20  40  15  28 -10  37   0 0.00  0.0    0  5.9 14 180   M    M   3        16 180
21  52  29  41   3  24   0 0.00  0.0    0 16.5 28 170   M    M   8        39 150
22  54  28  41   3  24   0 0.05  0.0    0 18.8 28 170   M    M  10 1      38 170
================================================================================
SM 1057  704       543   0  3.83     0.1 212.8          M      163
================================================================================
AV 48.1 32.0                               9.7 FASTST   M    M   7    MAX(MPH)
                                 MISC ---->  # 32 340               # 46  330
================================================================================
NOTES:
# LAST OF SEVERAL OCCURRENCES

COLUMN 17 PEAK WIND IN M.P.H.

PRELIMINARY LOCAL CLIMATOLOGICAL DATA (WS FORM: F-6) , PAGE 2

                                          STATION:  TULSA OKLAHOMA
                                          MONTH:    JANUARY
                                          YEAR:     2019
                                          LATITUDE:   36 12 N
                                          LONGITUDE:  95 54 W

[TEMPERATURE DATA]      [PRECIPITATION DATA]       SYMBOLS USED IN COLUMN 16

AVERAGE MONTHLY: 40.0   TOTAL FOR MONTH:   3.83    1 = FOG OR MIST
DPTR FM NORMAL:   2.6   DPTR FM NORMAL:    2.68    2 = FOG REDUCING VISIBILITY
HIGHEST:    69 ON  7    GRTST 24HR  1.34 ON  3- 3      TO 1/4 MILE OR LESS
LOWEST:     15 ON 20                               3 = THUNDER
                        SNOW, ICE PELLETS, HAIL    4 = ICE PELLETS
                        TOTAL MONTH:   0.1 INCH    5 = HAIL
                        GRTST 24HR   0.1 ON 19-19  6 = FREEZING RAIN OR DRIZZLE
                        GRTST DEPTH:   0           7 = DUSTSTORM OR SANDSTORM:
                                                       VSBY 1/2 MILE OR LESS
                                                   8 = SMOKE OR HAZE
[NO. OF DAYS WITH]      [WEATHER - DAYS WITH]      9 = BLOWING SNOW
                                                   X = TORNADO
MAX 32 OR BELOW:   2    0.01 INCH OR MORE:   9
MAX 90 OR ABOVE:   0    0.10 INCH OR MORE:   5
MIN 32 OR BELOW:  13    0.50 INCH OR MORE:   2
MIN  0 OR BELOW:   0    1.00 INCH OR MORE:   2

[HDD (BASE 65) ]
TOTAL THIS MO.   543    CLEAR  (SCALE 0-3)   3
DPTR FM NORMAL   -66    PTCLDY (SCALE 4-7)   7
TOTAL FM JUL 1  2065    CLOUDY (SCALE 8-10) 12
DPTR FM NORMAL    28

[CDD (BASE 65) ]
TOTAL THIS MO.     0
DPTR FM NORMAL     0    [PRESSURE DATA]
TOTAL FM JAN 1     0    HIGHEST SLP M ON M
DPTR FM NORMAL     0    LOWEST  SLP 29.58 ON 18

[REMARKS]
