000
CXUS54 KMEG 200639
CF6TUP
PRELIMINARY LOCAL CLIMATOLOGICAL DATA (WS FORM: F-6)

                                          STATION:   TUPELO
                                          MONTH:     OCTOBER
                                          YEAR:      2019
                                          LATITUDE:   34 16 N
                                          LONGITUDE:  88 46 W

  TEMPERATURE IN F:       :PCPN:    SNOW:  WIND      :SUNSHINE: SKY     :PK WND
================================================================================
1   2   3   4   5  6A  6B    7    8   9   10  11  12  13   14  15   16   17  18
                                     12Z  AVG MX 2MIN
DY MAX MIN AVG DEP HDD CDD  WTR  SNW DPTH SPD SPD DIR MIN PSBL S-S WX    SPD DR
================================================================================

 1  98  68  83  15   0  18 0.00  0.0    0  1.4 12 130   M    M   1 18     14 130
 2  99  70  85  17   0  20 0.00  0.0    0  2.0 10 350   M    M   1        13 360
 3  99  71  85  17   0  20 0.00  0.0    0  3.2 14  30   M    M   0 8      17  10
 4  92  67  80  13   0  15 0.00  0.0    0 10.9 17  20   M    M   0        24  10
 5  96  61  79  12   0  14 0.00  0.0    0  4.3 15 140   M    M   0        20 140
 6  91  73  82  16   0  17    T  0.0    0  7.0 21 170   M    M   5 3      25 170
 7  75  60  68   2   0   3 1.13  0.0    0  9.5 25  20   M    M   9 13     32  20
 8  66  58  62  -4   3   0 0.00  0.0    0  6.9 13  20   M    M   9        14  20
 9  84  55  70   5   0   5 0.00  0.0    0  2.2 10 150   M    M   3 12     13 140
10  85  68  77  12   0  12 0.00  0.0    0  8.1 18 120   M    M   5        21 130
11  83  54  69   4   0   4 0.90  0.0    0  8.7 21 360   M    M   8 13     27 200
12  65  45  55  -9  10   0 0.00  0.0    0  8.7 23 360   M    M   4        27 360
13  66  41  54 -10  11   0 0.00  0.0    0  3.1  8 200   M    M   2        11 220
14  70  48  59  -5   6   0 0.00  0.0    0  1.7  9 160   M    M   8        11 160
15  70  62  66   3   0   1 0.11  0.0    0  3.1 10 180   M    M   9 18     13 180
16  68  47  58  -5   7   0 0.03  0.0    0  8.1 26 360   M    M   3 1      34 360
17  68  42  55  -8  10   0 0.00  0.0    0  3.6 13  10   M    M   0        19  10
18  68  43  56  -6   9   0 0.00  0.0    0  4.5 10 130   M    M   0        20 110
19  63  45  54  -8  11   0 0.07  0.0    0  4.2  8 360   M    M   8 18      9  10
================================================================================
SM 1506 1078        67 129  2.24     0.0 101.2          M       75
================================================================================
AV 79.3 56.7                               5.3 FASTST   M    M   4    MAX(MPH)
                                 MISC ---->  # 26 360               # 34  360
================================================================================
NOTES:
# LAST OF SEVERAL OCCURRENCES

COLUMN 17 PEAK WIND IN M.P.H.

PRELIMINARY LOCAL CLIMATOLOGICAL DATA (WS FORM: F-6) , PAGE 2

                                          STATION:  TUPELO
                                          MONTH:    OCTOBER
                                          YEAR:     2019
                                          LATITUDE:   34 16 N
                                          LONGITUDE:  88 46 W

[TEMPERATURE DATA]      [PRECIPITATION DATA]       SYMBOLS USED IN COLUMN 16

AVERAGE MONTHLY: 68.0   TOTAL FOR MONTH:   2.24    1 = FOG OR MIST
DPTR FM NORMAL:   2.9   DPTR FM NORMAL:   -0.31    2 = FOG REDUCING VISIBILITY
HIGHEST:    99 ON  3, 2 GRTST 24HR  1.13 ON  7- 7      TO 1/4 MILE OR LESS
LOWEST:     41 ON 13                               3 = THUNDER
                        SNOW, ICE PELLETS, HAIL    4 = ICE PELLETS
                        TOTAL MONTH:   0.0 INCH    5 = HAIL
                        GRTST 24HR     0.0         6 = FREEZING RAIN OR DRIZZLE
                        GRTST DEPTH:   0           7 = DUSTSTORM OR SANDSTORM:
                                                       VSBY 1/2 MILE OR LESS
                                                   8 = SMOKE OR HAZE
[NO. OF DAYS WITH]      [WEATHER - DAYS WITH]      9 = BLOWING SNOW
                                                   X = TORNADO
MAX 32 OR BELOW:   0    0.01 INCH OR MORE:   5
MAX 90 OR ABOVE:   6    0.10 INCH OR MORE:   3
MIN 32 OR BELOW:   0    0.50 INCH OR MORE:   2
MIN  0 OR BELOW:   0    1.00 INCH OR MORE:   1

[HDD (BASE 65) ]
TOTAL THIS MO.    67    CLEAR  (SCALE 0-3)   9
DPTR FM NORMAL     8    PTCLDY (SCALE 4-7)   5
TOTAL FM JUL 1    67    CLOUDY (SCALE 8-10)  5
DPTR FM NORMAL    -4

[CDD (BASE 65) ]
TOTAL THIS MO.   129
DPTR FM NORMAL    70    [PRESSURE DATA]
TOTAL FM JAN 1  2477    HIGHEST SLP M ON M
DPTR FM NORMAL   460    LOWEST  SLP 29.74 ON 19

[REMARKS]
