000
CXUS53 KAPX 260631
CF6TVC
PRELIMINARY LOCAL CLIMATOLOGICAL DATA (WS FORM: F-6)

                                          STATION:   TRAVERSE CITY MI
                                          MONTH:     MAY
                                          YEAR:      2020
                                          LATITUDE:   44 44 N
                                          LONGITUDE:  85 34 W

  TEMPERATURE IN F:       :PCPN:    SNOW:  WIND      :SUNSHINE: SKY     :PK WND
================================================================================
1   2   3   4   5  6A  6B    7    8   9   10  11  12  13   14  15   16   17  18
                                     12Z  AVG MX 2MIN
DY MAX MIN AVG DEP HDD CDD  WTR  SNW DPTH SPD SPD DIR MIN PSBL S-S WX    SPD DR
================================================================================

 1  62  30  46  -3  19   0 0.01    M    M  2.8 12  20   M    M   4 18     14  10
 2  73  50  62  13   3   0 0.01    M    M  8.5 22 270   M    M   7        30 270
 3  66  39  53   4  12   0 0.00    M    M 10.5 24 280   M    M   2        35 280
 4  46  36  41  -9  24   0 0.00    M    M  9.8 17  40   M    M   6        23 330
 5  50  31  41  -9  24   0 0.00    M    M  4.6 14  10   M    M   6 8      18  20
 6  60  27  44  -6  21   0 0.00    M    M  3.3  9  20   M    M   1        14  40
 7  50  33  42  -9  23   0 0.00    M    M  8.6 21 340   M    M   3        28 330
 8  39  28  34 -17  31   0 0.01    M    M 12.7 24 350   M    M   8 18     39  10
 9  53  29  41 -10  24   0 0.00    M    M  8.9 20 280   M    M   7        31 270
10  42  35  39 -13  26   0 0.01    M    M 10.0 18 350   M    M  10 1      28 340
11  43  27  35 -17  30   0    T    M    M  9.3 20 340   M    M   6        32 360
12  47  26  37 -15  28   0 0.00    M    M  7.1 20 350   M    M   1        27 340
13  58  24  41 -12  24   0 0.00    M    M  4.2 14  20   M    M   5        18  30
14  58  46  52  -1  13   0 0.19    M    M  6.6 14 280   M    M  10 1      22 180
15  68  44  56   3   9   0 0.00    M    M  4.3 22 330   M    M   7 128    29 330
16  63  37  50  -4  15   0 0.00    M    M  5.0 12  20   M    M   4        16  20
17  62  51  57   3   8   0 0.88    M    M  8.7 18 100   M    M   8 1      27  90
18  58  52  55   1  10   0 1.36    M    M 13.2 25  90   M    M  10 1      39  60
19  74  53  64   9   1   0 0.04    M    M 10.8 24  90   M    M   8 1      37  90
20  73  48  61   6   4   0    T    M    M  4.3 14 140   M    M   1        20 150
21  69  48  59   4   6   0 0.00    M    M  4.3 13  20   M    M   1        19  30
22  77  50  64   8   1   0 0.00    M    M  3.9 15  30   M    M   4        22  30
23  74  51  63   7   2   0 0.00    M    M  2.1 14  20   M    M   6 1      18  20
24  76  55  66  10   0   1 0.09    M    M  4.5 14  30   M    M   8 13     17 230
25  87  54  71  14   0   6 0.00  0.0    0  3.9 16  10   M    M   5 1      23 180
================================================================================
SM 1528 1004       358   7  2.60     0.0 171.9          M      138
================================================================================
AV 61.1 40.2                               6.9 FASTST   M    M   6    MAX(MPH)
                                 MISC ---->  # 25  90               # 39   10
================================================================================
NOTES:
# LAST OF SEVERAL OCCURRENCES

COLUMN 17 PEAK WIND IN M.P.H.

PRELIMINARY LOCAL CLIMATOLOGICAL DATA (WS FORM: F-6) , PAGE 2

                                          STATION:  TRAVERSE CITY MI
                                          MONTH:    MAY
                                          YEAR:     2020
                                          LATITUDE:   44 44 N
                                          LONGITUDE:  85 34 W

[TEMPERATURE DATA]      [PRECIPITATION DATA]       SYMBOLS USED IN COLUMN 16

AVERAGE MONTHLY: 50.6   TOTAL FOR MONTH:   2.60    1 = FOG OR MIST
DPTR FM NORMAL:  -2.0   DPTR FM NORMAL:    0.52    2 = FOG REDUCING VISIBILITY
HIGHEST:    87 ON 25    GRTST 24HR  1.36 ON 18-18      TO 1/4 MILE OR LESS
LOWEST:     24 ON 13                               3 = THUNDER
                        SNOW, ICE PELLETS, HAIL    4 = ICE PELLETS
                        TOTAL MONTH:   0.0 INCH    5 = HAIL
                        GRTST 24HR     0.0         6 = FREEZING RAIN OR DRIZZLE
                        GRTST DEPTH:   0           7 = DUSTSTORM OR SANDSTORM:
                                                       VSBY 1/2 MILE OR LESS
                                                   8 = SMOKE OR HAZE
[NO. OF DAYS WITH]      [WEATHER - DAYS WITH]      9 = BLOWING SNOW
                                                   X = TORNADO
MAX 32 OR BELOW:   0    0.01 INCH OR MORE:   9
MAX 90 OR ABOVE:   0    0.10 INCH OR MORE:   3
MIN 32 OR BELOW:   8    0.50 INCH OR MORE:   2
MIN  0 OR BELOW:   0    1.00 INCH OR MORE:   1

[HDD (BASE 65) ]
TOTAL THIS MO.   358    CLEAR  (SCALE 0-3)   5
DPTR FM NORMAL    37    PTCLDY (SCALE 4-7)  17
TOTAL FM JUL 1  6764    CLOUDY (SCALE 8-10)  3
DPTR FM NORMAL  -624

[CDD (BASE 65) ]
TOTAL THIS MO.     7
DPTR FM NORMAL    -1    [PRESSURE DATA]
TOTAL FM JAN 1     7    HIGHEST SLP M ON M
DPTR FM NORMAL    -4    LOWEST  SLP 29.66 ON  2

[REMARKS]
