000
CXUS53 KAPX 260631
CF6TVC
PRELIMINARY LOCAL CLIMATOLOGICAL DATA (WS FORM: F-6)

                                          STATION:   TRAVERSE CITY MI
                                          MONTH:     MAY
                                          YEAR:      2018
                                          LATITUDE:   44 44 N
                                          LONGITUDE:  85 34 W

  TEMPERATURE IN F:       :PCPN:    SNOW:  WIND      :SUNSHINE: SKY     :PK WND
================================================================================
1   2   3   4   5  6A  6B    7    8   9   10  11  12  13   14  15   16   17  18
                                     12Z  AVG MX 2MIN
DY MAX MIN AVG DEP HDD CDD  WTR  SNW DPTH SPD SPD DIR MIN PSBL S-S WX    SPD DR
================================================================================

 1  84  63  74  25   0   9 0.02    M    M  9.9 24 230   M    M   5 3      39 210
 2  73  45  59  10   6   0 0.17    M    M  7.0 23 260   M    M   9 18     31 240
 3  59  43  51   2  14   0 0.17    M    M  3.8 10  20   M    M   8 1      12  30
 4  64  41  53   3  12   0 0.93    M    M  7.0 23 350   M    M   7 12     31 360
 5  70  44  57   7   8   0 0.00    M    M  3.2 16  30   M    M   3        20  20
 6  61  41  51   1  14   0 0.12    M    M  3.1 15  10   M    M   5 1      19  10
 7  69  35  52   1  13   0 0.00    M    M  3.1 12 360   M    M   1        15 360
 8  83  50  67  16   0   2 0.00    M    M  5.1 10 210   M    M   4        17 210
 9  77  45  61  10   4   0 0.57    M    M  3.0  9 150   M    M   9 13     21 180
10  57  39  48  -4  17   0 0.02    M    M 11.0 20 310   M    M   6 1      26 310
11  53  31  42 -10  23   0 0.00    M    M  4.3 14 120   M    M   8        19 120
12  60  40  50  -2  15   0 0.00    M    M  5.8 13 310   M    M   7        16  10
13  64  39  52  -1  13   0 0.00    M    M  3.9 13  20   M    M   3        16  30
14  77  52  65  12   0   0    T    M    M  4.5 13 260   M    M   6        16 260
15  65  45  55   2  10   0 0.09    M    M  6.2 15  10   M    M   4 1      22 360
16  82  44  63   9   2   0 0.00    M    M  6.4 17 290   M    M   0        25 270
17  65  47  56   2   9   0 0.00    M    M  5.0 14 100   M    M   2        20 120
18  81  50  66  12   0   1 0.00    M    M  8.8 13 130   M    M   2        22 130
19  63  45  54  -1  11   0 0.13    M    M  4.7 13 330   M    M  10 1      17 360
20  56  39  48  -7  17   0 0.00    M    M  5.8 14 330   M    M   6        17 330
21  70  37  54  -1  11   0 0.03    M    M  3.1 12 140   M    M   7        17 160
22  68  48  58   2   7   0 0.00    M    M  3.5  9  30   M    M   5         M  M
23  81  46  64   8   1   0 0.00    M    M  2.4 12 350   M    M   3        14  20
24  87  50  69  13   0   4 0.00    M    M  4.7 16 270   M    M   3        22 270
25  91  66  79  22   0  14 0.00    M    M  8.8 22 310   M    M   4        30 270
================================================================================
SM 1760 1125       207  30  2.25    M    134.1          M      127
================================================================================
AV 70.4 45.0                               5.4 FASTST   M    M   5    MAX(MPH)
                                 MISC ---->  # 24 230               # 39  210
================================================================================
NOTES:
# LAST OF SEVERAL OCCURRENCES

COLUMN 17 PEAK WIND IN M.P.H.

PRELIMINARY LOCAL CLIMATOLOGICAL DATA (WS FORM: F-6) , PAGE 2

                                          STATION:  TRAVERSE CITY MI
                                          MONTH:    MAY
                                          YEAR:     2018
                                          LATITUDE:   44 44 N
                                          LONGITUDE:  85 34 W

[TEMPERATURE DATA]      [PRECIPITATION DATA]       SYMBOLS USED IN COLUMN 16

AVERAGE MONTHLY: 57.7   TOTAL FOR MONTH:   2.25    1 = FOG OR MIST
DPTR FM NORMAL:   5.0   DPTR FM NORMAL:    0.17    2 = FOG REDUCING VISIBILITY
HIGHEST:    91 ON 25    GRTST 24HR  0.93 ON  4- 4      TO 1/4 MILE OR LESS
LOWEST:     31 ON 11                               3 = THUNDER
                        SNOW, ICE PELLETS, HAIL    4 = ICE PELLETS
                        TOTAL MONTH:    M          5 = HAIL
                        GRTST 24HR    M  ON   M    6 = FREEZING RAIN OR DRIZZLE
                        GRTST DEPTH:  M  ON   M    7 = DUSTSTORM OR SANDSTORM:
                                                       VSBY 1/2 MILE OR LESS
                                                   8 = SMOKE OR HAZE
[NO. OF DAYS WITH]      [WEATHER - DAYS WITH]      9 = BLOWING SNOW
                                                   X = TORNADO
MAX 32 OR BELOW:   0    0.01 INCH OR MORE:  10
MAX 90 OR ABOVE:   1    0.10 INCH OR MORE:   6
MIN 32 OR BELOW:   1    0.50 INCH OR MORE:   2
MIN  0 OR BELOW:   0    1.00 INCH OR MORE:   0

[HDD (BASE 65) ]
TOTAL THIS MO.   207    CLEAR  (SCALE 0-3)   7
DPTR FM NORMAL  -114    PTCLDY (SCALE 4-7)  15
TOTAL FM JUL 1  7066    CLOUDY (SCALE 8-10)  3
DPTR FM NORMAL  -322

[CDD (BASE 65) ]
TOTAL THIS MO.    30
DPTR FM NORMAL    22    [PRESSURE DATA]
TOTAL FM JAN 1    30    HIGHEST SLP M ON M
DPTR FM NORMAL    19    LOWEST  SLP 29.49 ON  4

[REMARKS]
