607
CXUS56 KPQR 201200
CF6UAO
PRELIMINARY LOCAL CLIMATOLOGICAL DATA (WS FORM: F-6)

                                          STATION:   AURORA STATE OR
                                          MONTH:     JUNE
                                          YEAR:      2018
                                          LATITUDE:   45 15 N
                                          LONGITUDE: 122 46 W

  TEMPERATURE IN F:       :PCPN:    SNOW:  WIND      :SUNSHINE: SKY     :PK WND
================================================================================
1   2   3   4   5  6A  6B    7    8   9   10  11  12  13   14  15   16   17  18
                                     12Z  AVG MX 2MIN
DY MAX MIN AVG DEP HDD CDD  WTR  SNW DPTH SPD SPD DIR MIN PSBL S-S WX    SPD DR
================================================================================

 1  72  48  60   0   5   0 0.00  0.0    0  2.9  9 300   M    M   5        13 290
 2  82  51  67   7   0   2 0.00  0.0    0  3.5  9 360   M    M   0        14 150
 3  74  53  64   4   1   0 0.00  0.0    0  4.1 12 290   M    M   5        22 310
 4  70  51  61   1   4   0 0.00  0.0    0  4.6 12  20   M    M   7        17  30
 5  73  45  59  -1   6   0 0.00  0.0    0  3.4 12 180   M    M   1        17 180
 6  78  47  63   2   2   0 0.00  0.0    0  3.4 13 250   M    M   0        18 250
 7  70  53  62   1   3   0 0.00  0.0    0  5.4 13 180   M    M   7        18 190
 8  69  54  62   1   3   0 0.27  0.0    0  5.9 14 160   M    M   9 1      18 190
 9  62  50  56  -5   9   0 0.13  0.0    0  5.9 14 250   M    M   7 135    21 290
10  57  49  53  -8  12   0 0.27    M    0  6.5 18 180   M    M   8 1      25 210
11  73  50  62   1   3   0 0.01  0.0    0  4.6 10  40   M    M   5        15  40
12  79  46  63   1   2   0 0.00    M    M  4.2 10  50   M    M   2        14  20
13  69  54  62   0   3   0    T    M    M  6.6 16 190   M    M  10 1      24 200
14  68  55  62   0   3   0 0.00    M    M  3.6 10  10   M    M  10        14 340
15  71  53  62   0   3   0 0.00    M    M  3.3 13 350   M    M   9        18 330
16  78  56  67   5   0   2 0.00  0.0    0  7.0 22  20   M    M   7        27  20
17  90  55  73  11   0   8 0.03  0.0    0  3.9 28 340   M    M   3 3      40 330
18  83  55  69   7   0   4 0.00  0.0    0  3.7 12 180   M    M   1        15 190
19  91  56  74  11   0   9 0.00  0.0    0  2.8 12  20   M    M   1        15  10
================================================================================
SM 1409  981        59  25  0.71     0.0  85.3          M       97
================================================================================
AV 74.2 51.6                               4.5 FASTST   M    M   5    MAX(MPH)
                                 MISC ---->  # 28 340               # 40  330
================================================================================
NOTES:
# LAST OF SEVERAL OCCURRENCES

COLUMN 17 PEAK WIND IN M.P.H.

PRELIMINARY LOCAL CLIMATOLOGICAL DATA (WS FORM: F-6) , PAGE 2

                                          STATION:  AURORA STATE OR
                                          MONTH:    JUNE
                                          YEAR:     2018
                                          LATITUDE:   45 15 N
                                          LONGITUDE: 122 46 W

[TEMPERATURE DATA]      [PRECIPITATION DATA]       SYMBOLS USED IN COLUMN 16

AVERAGE MONTHLY: 62.9   TOTAL FOR MONTH:   0.71    1 = FOG OR MIST
DPTR FM NORMAL:   1.7   DPTR FM NORMAL:   -0.82    2 = FOG REDUCING VISIBILITY
HIGHEST:    91 ON 19    GRTST 24HR  0.27 ON 10-10      TO 1/4 MILE OR LESS
LOWEST:     45 ON  5                               3 = THUNDER
                        SNOW, ICE PELLETS, HAIL    4 = ICE PELLETS
                        TOTAL MONTH:   0.0 INCH    5 = HAIL
                        GRTST 24HR     0.0         6 = FREEZING RAIN OR DRIZZLE
                        GRTST DEPTH:   0           7 = DUSTSTORM OR SANDSTORM:
                                                       VSBY 1/2 MILE OR LESS
                                                   8 = SMOKE OR HAZE
[NO. OF DAYS WITH]      [WEATHER - DAYS WITH]      9 = BLOWING SNOW
                                                   X = TORNADO
MAX 32 OR BELOW:   0    0.01 INCH OR MORE:   5
MAX 90 OR ABOVE:   2    0.10 INCH OR MORE:   3
MIN 32 OR BELOW:   0    0.50 INCH OR MORE:   0
MIN  0 OR BELOW:   0    1.00 INCH OR MORE:   0

[HDD (BASE 65) ]
TOTAL THIS MO.    59    CLEAR  (SCALE 0-3)   7
DPTR FM NORMAL   -29    PTCLDY (SCALE 4-7)   7
TOTAL FM JUL 1  3917    CLOUDY (SCALE 8-10)  5
DPTR FM NORMAL  -505

[CDD (BASE 65) ]
TOTAL THIS MO.    25
DPTR FM NORMAL     6    [PRESSURE DATA]
TOTAL FM JAN 1    51    HIGHEST SLP M ON M
DPTR FM NORMAL    17    LOWEST  SLP 29.79 ON 17

[REMARKS]
