369
CXUS56 KPQR 231200
CF6UAO
PRELIMINARY LOCAL CLIMATOLOGICAL DATA (WS FORM: F-6)

                                          STATION:   AURORA STATE OR
                                          MONTH:     SEPTEMBER
                                          YEAR:      2018
                                          LATITUDE:   45 15 N
                                          LONGITUDE: 122 46 W

  TEMPERATURE IN F:       :PCPN:    SNOW:  WIND      :SUNSHINE: SKY     :PK WND
================================================================================
1   2   3   4   5  6A  6B    7    8   9   10  11  12  13   14  15   16   17  18
                                     12Z  AVG MX 2MIN
DY MAX MIN AVG DEP HDD CDD  WTR  SNW DPTH SPD SPD DIR MIN PSBL S-S WX    SPD DR
================================================================================

 1  75  50  63  -3   2   0 0.00    M    M  4.7 16  10   M    M   2        20  30
 2  83  48  66   0   0   1 0.00    M    M  6.2 15 350   M    M   0        20 350
 3  80  52  66   0   0   1 0.00    M    M  5.9 14  10   M    M   3        21 350
 4  85  47  66   0   0   1 0.00    M    M  5.1 14  20   M    M   0        19  10
 5  89  49  69   3   0   4 0.00    M    M  3.0  9  20   M    M   0        11  40
 6  86  53  70   4   0   5 0.00    M    M  2.9 12 260   M    M   0 8      15 260
 7  83  51  67   2   0   2 0.00    M    M  3.8 16 250   M    M   1        21 230
 8  77  55  66   1   0   1    T    M    M  4.2  9 250   M    M   7 1      14 260
 9  79  49  64  -1   1   0 0.00    M    M  4.0 14 250   M    M   2        20 240
10  74  54  64  -1   1   0 0.05  0.0    0  5.8 15 190   M    M   8 1      19 190
11  67  53  60  -5   5   0 0.28    M    M  3.7 10 200   M    M   6 1      13 230
12  68  52  60  -4   5   0 0.06    M    M  3.4 15 180   M    M   9 123    19 180
13  69  49  59  -5   6   0    T    M    M  2.9 15 190   M    M   8 12     19 200
14  72  47  60  -4   5   0 0.00  0.0    M  2.2  9 260   M    M   5 12     16 200
15  68  48  58  -6   7   0 0.02  0.0    M  3.9 13 170   M    M   5        17 170
16  68  52  60  -3   5   0 0.11    M    M  8.0 20 190   M    M   8 1      27 190
17  71  47  59  -4   6   0 0.00    M    M  5.3 13  10   M    M   4        19  30
18  73  45  59  -4   6   0 0.00    M    M  2.8 10 360   M    M   0 1      14  20
19  73  45  59  -3   6   0 0.00    M    M  2.3 13 350   M    M   4        20 350
20  74  48  61  -1   4   0 0.00    M    M  1.5  8  10   M    M   2        11  60
21  75  46  61  -1   4   0    T    M    M  3.8 13 210   M    M   1        20 240
22  70  49  60  -2   5   0 0.05    M    M  6.9 17 190   M    M   7 18     23 190
================================================================================
SM 1659 1089        68  15  0.57     0.0  92.3          M       82
================================================================================
AV 75.4 49.5                               4.2 FASTST   M    M   4    MAX(MPH)
                                 MISC ---->  # 20 190               # 27  190
================================================================================
NOTES:
# LAST OF SEVERAL OCCURRENCES

COLUMN 17 PEAK WIND IN M.P.H.

PRELIMINARY LOCAL CLIMATOLOGICAL DATA (WS FORM: F-6) , PAGE 2

                                          STATION:  AURORA STATE OR
                                          MONTH:    SEPTEMBER
                                          YEAR:     2018
                                          LATITUDE:   45 15 N
                                          LONGITUDE: 122 46 W

[TEMPERATURE DATA]      [PRECIPITATION DATA]       SYMBOLS USED IN COLUMN 16

AVERAGE MONTHLY: 62.5   TOTAL FOR MONTH:   0.57    1 = FOG OR MIST
DPTR FM NORMAL:  -1.8   DPTR FM NORMAL:   -0.50    2 = FOG REDUCING VISIBILITY
HIGHEST:    89 ON  5    GRTST 24HR  0.28 ON 11-11      TO 1/4 MILE OR LESS
LOWEST:     45 ON 19,18                            3 = THUNDER
                        SNOW, ICE PELLETS, HAIL    4 = ICE PELLETS
                        TOTAL MONTH:   0.0 INCH    5 = HAIL
                        GRTST 24HR     0.0         6 = FREEZING RAIN OR DRIZZLE
                        GRTST DEPTH:   0           7 = DUSTSTORM OR SANDSTORM:
                                                       VSBY 1/2 MILE OR LESS
                                                   8 = SMOKE OR HAZE
[NO. OF DAYS WITH]      [WEATHER - DAYS WITH]      9 = BLOWING SNOW
                                                   X = TORNADO
MAX 32 OR BELOW:   0    0.01 INCH OR MORE:   6
MAX 90 OR ABOVE:   0    0.10 INCH OR MORE:   2
MIN 32 OR BELOW:   0    0.50 INCH OR MORE:   0
MIN  0 OR BELOW:   0    1.00 INCH OR MORE:   0

[HDD (BASE 65) ]
TOTAL THIS MO.    68    CLEAR  (SCALE 0-3)  11
DPTR FM NORMAL    13    PTCLDY (SCALE 4-7)   9
TOTAL FM JUL 1    88    CLOUDY (SCALE 8-10)  2
DPTR FM NORMAL   -14

[CDD (BASE 65) ]
TOTAL THIS MO.    15
DPTR FM NORMAL   -24    [PRESSURE DATA]
TOTAL FM JAN 1   540    HIGHEST SLP M ON M
DPTR FM NORMAL   211    LOWEST  SLP 29.86 ON M

[REMARKS]
