000
CXUS56 KPQR 181200
CF6UAO
PRELIMINARY LOCAL CLIMATOLOGICAL DATA (WS FORM: F-6)

                                          STATION:   AURORA STATE OR
                                          MONTH:     DECEMBER
                                          YEAR:      2018
                                          LATITUDE:   45 15 N
                                          LONGITUDE: 122 46 W

  TEMPERATURE IN F:       :PCPN:    SNOW:  WIND      :SUNSHINE: SKY     :PK WND
================================================================================
1   2   3   4   5  6A  6B    7    8   9   10  11  12  13   14  15   16   17  18
                                     12Z  AVG MX 2MIN
DY MAX MIN AVG DEP HDD CDD  WTR  SNW DPTH SPD SPD DIR MIN PSBL S-S WX    SPD DR
================================================================================

 1  46  40  43   1  22   0 0.06    M    M  1.6 17 180   M    M   9 1      23 180
 2  48  37  43   1  22   0 0.04    M    M  2.8  7 190   M    M   8 1       9 190
 3  50  32  41  -1  24   0 0.00    M    M  6.1 12  30   M    M   0        16  20
 4  51  36  44   3  21   0 0.00    M    M  9.8 17  50   M    M   0        23  50
 5  48  27  38  -3  27   0 0.00    M    M 10.9 22  50   M    M   0        30  40
 6  48  26  37  -4  28   0 0.00    M    M  8.6 15  30   M    M   0        21  30
 7  40  25  33  -8  32   0 0.02    M    M  1.3  8  30   M    M   3 18     13  20
 8  46  35  41   0  24   0 0.03    M    M  5.6 12  20   M    M   7 18     14  30
 9  41  37  39  -2  26   0 0.58    M    M  3.2 12  30   M    M  10 18     14  30
10  47  40  44   4  21   0 0.01    M    M  1.0  6 120   M    M  10 12      7 190
11  52  41  47   7  18   0 0.51    M    M  9.4 28 190   M    M  10 1      39 180
12  51  41  46   6  19   0 0.03  0.0    M  7.0 17 190   M    M   6 1      23 190
13  56  37  47   7  18   0 0.00    M    M  6.2 16 190   M    M   4        21 180
14  50  33  42   2  23   0 0.11    M    M  5.4 29 190   M    M   4 1      42 200
15  48  37  43   3  22   0 0.07    M    M  3.4 12  50   M    M   7        15  50
16  51  44  48   8  17   0 0.41    M    M  4.9 14 190   M    M   9 1      18 150
17  53  42  48   8  17   0 0.50    M    M  6.5 22 180   M    M   8 1      28 200
================================================================================
SM  826  610       381   0  2.37     0.0  93.7          M       95
================================================================================
AV 48.6 35.9                               5.5 FASTST   M    M   6    MAX(MPH)
                                 MISC ---->  # 29 190               # 42  200
================================================================================
NOTES:
# LAST OF SEVERAL OCCURRENCES

COLUMN 17 PEAK WIND IN M.P.H.

PRELIMINARY LOCAL CLIMATOLOGICAL DATA (WS FORM: F-6) , PAGE 2

                                          STATION:  AURORA STATE OR
                                          MONTH:    DECEMBER
                                          YEAR:     2018
                                          LATITUDE:   45 15 N
                                          LONGITUDE: 122 46 W

[TEMPERATURE DATA]      [PRECIPITATION DATA]       SYMBOLS USED IN COLUMN 16

AVERAGE MONTHLY: 42.2   TOTAL FOR MONTH:   2.37    1 = FOG OR MIST
DPTR FM NORMAL:   1.5   DPTR FM NORMAL:   -1.25    2 = FOG REDUCING VISIBILITY
HIGHEST:    56 ON 13    GRTST 24HR  0.58 ON  9- 9      TO 1/4 MILE OR LESS
LOWEST:     25 ON  7                               3 = THUNDER
                        SNOW, ICE PELLETS, HAIL    4 = ICE PELLETS
                        TOTAL MONTH:   0.0 INCH    5 = HAIL
                        GRTST 24HR     0.0         6 = FREEZING RAIN OR DRIZZLE
                        GRTST DEPTH:  M  ON   M    7 = DUSTSTORM OR SANDSTORM:
                                                       VSBY 1/2 MILE OR LESS
                                                   8 = SMOKE OR HAZE
[NO. OF DAYS WITH]      [WEATHER - DAYS WITH]      9 = BLOWING SNOW
                                                   X = TORNADO
MAX 32 OR BELOW:   0    0.01 INCH OR MORE:  12
MAX 90 OR ABOVE:   0    0.10 INCH OR MORE:   5
MIN 32 OR BELOW:   4    0.50 INCH OR MORE:   3
MIN  0 OR BELOW:   0    1.00 INCH OR MORE:   0

[HDD (BASE 65) ]
TOTAL THIS MO.   381    CLEAR  (SCALE 0-3)   5
DPTR FM NORMAL   -32    PTCLDY (SCALE 4-7)   7
TOTAL FM JUL 1  1265    CLOUDY (SCALE 8-10)  5
DPTR FM NORMAL  -225

[CDD (BASE 65) ]
TOTAL THIS MO.     0
DPTR FM NORMAL     0    [PRESSURE DATA]
TOTAL FM JAN 1   556    HIGHEST SLP  0.00 ON  5
DPTR FM NORMAL   220    LOWEST  SLP 29.56 ON 14

[REMARKS]
