000
CXUS55 KGJT 231000
CF6VEL
PRELIMINARY LOCAL CLIMATOLOGICAL DATA (WS FORM: F-6)

                                          STATION:   VERNAL UT
                                          MONTH:     OCTOBER
                                          YEAR:      2018
                                          LATITUDE:   40 27 N
                                          LONGITUDE: 109 31 W

  TEMPERATURE IN F:       :PCPN:    SNOW:  WIND      :SUNSHINE: SKY     :PK WND
================================================================================
1   2   3   4   5  6A  6B    7    8   9   10  11  12  13   14  15   16   17  18
                                     12Z  AVG MX 2MIN
DY MAX MIN AVG DEP HDD CDD  WTR  SNW DPTH SPD SPD DIR MIN PSBL S-S WX    SPD DR
================================================================================

 1  80  50  65  11   0   0 0.04    M    M  5.8 24 290   M    M   2        31 300
 2  74  53  64  10   1   0 0.04    M    M  5.5 20 200   M    M   7 1      26 180
 3  73  53  63  10   2   0 0.30    M    M  4.3 22 260   M    M   5 13     27 270
 4  61  51  56   3   9   0 0.24    M    M  5.9 20 210   M    M   7 13     24 220
 5  60  41  51  -1  14   0 0.06    M    M  6.0 17 350   M    M   7        21 360
 6  53  39  46  -6  19   0    T    M    M  2.7 12  60   M    M   6        14  50
 7  49  44  47  -5  18   0 0.17    M    M 13.3 23  40   M    M  10        30  30
 8  52  38  45  -6  20   0 0.03    M    M 12.0 20  60   M    M   9        29  30
 9  52  31  42  -9  23   0 0.02    M    M  4.7 13 120   M    M   5        15 140
10  49  37  43  -7  22   0 0.36    M    M  7.4 18  50   M    M   9 1      23  60
11  50  34  42  -8  23   0 0.00    M    M  2.5 10 220   M    M   8        13 150
12  54  35  45  -5  20   0 0.00    M    M  3.3  9 160   M    M   3        13 160
13  60  32  46  -3  19   0 0.00    M    M  5.5 20  20   M    M   1        27  20
14  43  26  35 -14  30   0    T    M    M 12.9 23  50   M    M   4 1      29  40
15  47  21  34 -15  31   0 0.00    M    M  3.3  9 240   M    M   0        12 220
16  60  24  42  -6  23   0 0.00    M    M  3.3 18  20   M    M   0        23  20
17  60  32  46  -2  19   0 0.02    M    M  6.8 17 240   M    M   4        22 220
18  55  36  46  -2  19   0 0.01    M    M  3.7 13 200   M    M   6        16 220
19  60  31  46  -1  19   0 0.00    M    M  3.1  8 290   M    M   1         9 180
20  62  30  46  -1  19   0 0.00    M    M  2.6  8 260   M    M   0         8 260
21  65  34  50   4  15   0 0.00    M    M  3.6  9 100   M    M   2        13 100
22  70  37  54   8  11   0 0.05    M    M  4.0 23 250   M    M   1 8      30 230
================================================================================
SM 1289  809       376   0  1.34    M    122.2          M       97
================================================================================
AV 58.6 36.8                               5.6 FASTST   M    M   4    MAX(MPH)
                                 MISC ---->  # 24 290               # 31  300
================================================================================
NOTES:
# LAST OF SEVERAL OCCURRENCES

COLUMN 17 PEAK WIND IN M.P.H.

PRELIMINARY LOCAL CLIMATOLOGICAL DATA (WS FORM: F-6) , PAGE 2

                                          STATION:  VERNAL UT
                                          MONTH:    OCTOBER
                                          YEAR:     2018
                                          LATITUDE:   40 27 N
                                          LONGITUDE: 109 31 W

[TEMPERATURE DATA]      [PRECIPITATION DATA]       SYMBOLS USED IN COLUMN 16

AVERAGE MONTHLY: 47.7   TOTAL FOR MONTH:   1.34    1 = FOG OR MIST
DPTR FM NORMAL:  -2.3   DPTR FM NORMAL:    0.30    2 = FOG REDUCING VISIBILITY
HIGHEST:    80 ON  1    GRTST 24HR  0.36 ON 10-10      TO 1/4 MILE OR LESS
LOWEST:     21 ON 15                               3 = THUNDER
                        SNOW, ICE PELLETS, HAIL    4 = ICE PELLETS
                        TOTAL MONTH:    M          5 = HAIL
                        GRTST 24HR    M  ON   M    6 = FREEZING RAIN OR DRIZZLE
                        GRTST DEPTH:  M  ON   M    7 = DUSTSTORM OR SANDSTORM:
                                                       VSBY 1/2 MILE OR LESS
                                                   8 = SMOKE OR HAZE
[NO. OF DAYS WITH]      [WEATHER - DAYS WITH]      9 = BLOWING SNOW
                                                   X = TORNADO
MAX 32 OR BELOW:   0    0.01 INCH OR MORE:  12
MAX 90 OR ABOVE:   0    0.10 INCH OR MORE:   4
MIN 32 OR BELOW:   8    0.50 INCH OR MORE:   0
MIN  0 OR BELOW:   0    1.00 INCH OR MORE:   0

[HDD (BASE 65) ]
TOTAL THIS MO.   376    CLEAR  (SCALE 0-3)   9
DPTR FM NORMAL    44    PTCLDY (SCALE 4-7)  10
TOTAL FM JUL 1   418    CLOUDY (SCALE 8-10)  3
DPTR FM NORMAL   -96

[CDD (BASE 65) ]
TOTAL THIS MO.     0
DPTR FM NORMAL     0    [PRESSURE DATA]
TOTAL FM JAN 1  1033    HIGHEST SLP  0.00 ON 15
DPTR FM NORMAL   522    LOWEST  SLP 29.48 ON  7

[REMARKS]
