000
CXUS55 KGJT 211000
CF6VEL
PRELIMINARY LOCAL CLIMATOLOGICAL DATA (WS FORM: F-6)

                                          STATION:   VERNAL UT
                                          MONTH:     FEBRUARY
                                          YEAR:      2019
                                          LATITUDE:   40 27 N
                                          LONGITUDE: 109 31 W

  TEMPERATURE IN F:       :PCPN:    SNOW:  WIND      :SUNSHINE: SKY     :PK WND
================================================================================
1   2   3   4   5  6A  6B    7    8   9   10  11  12  13   14  15   16   17  18
                                     12Z  AVG MX 2MIN
DY MAX MIN AVG DEP HDD CDD  WTR  SNW DPTH SPD SPD DIR MIN PSBL S-S WX    SPD DR
================================================================================

 1  27   0  14  -7  51   0 0.00    M    M  2.3  8 260   M    M   0 18      9 260
 2  29   2  16  -5  49   0    T    M    M  2.0  8  90   M    M   4 18     10 330
 3  43  19  31  10  34   0 0.11    M    M  4.0 13 120   M    M   6 126    18 110
 4  43  14  29   7  36   0 0.00    M    M  4.9 18 210   M    M   6        25 220
 5  37  26  32  10  33   0 0.30    M    M  6.5 18 230   M    M   9 128    24 240
 6  30  13  22   0  43   0 0.27    M    M  4.3 15  40   M    M   9 12     20  40
 7  21  -3   9 -14  56   0    T    M    M  3.1  9 250   M    M   4 18     11 310
 8  17 -11   3 -20  62   0 0.00    M    M  1.8  7 280   M    M   0 8       7  80
 9  13 -11   1 -22  64   0 0.00    M    M  2.0  7  80   M    M   1 18      8  90
10  18 -11   4 -20  61   0    T    M    M  2.7 10 280   M    M   4 128    11 280
11  27   2  15  -9  50   0 0.04    M    M  3.2 16 250   M    M   5 128    20 260
12  22  -9   7 -17  58   0 0.00    M    M  2.5  7 280   M    M   0         9  90
13  25   2  14 -11  51   0 0.21    M    M  2.2  8 330   M    M   6 128    12 130
14  33  22  28   3  37   0 0.38    M    M  2.0  8 330   M    M  10 18     10 310
15  40  26  33   7  32   0 0.05    M    M  2.1 14 120   M    M   7 128    17 130
16  33  16  25  -1  40   0 0.09    M    M  4.9 22  60   M    M   6 1      29  70
17  31  -1  15 -12  50   0 0.00    M    M  2.6  8 350   M    M   3        10 140
18  29   6  18  -9  47   0 0.05    M    M  3.2 12  30   M    M   6 18     16  30
19  23   0  12 -16  53   0    T    M    M  3.1  9 340   M    M   6 18     12 150
20  22  -5   9 -19  56   0    T    M    M  1.8 10 320   M    M   5 18     12 320
================================================================================
SM  563   97       963   0  1.50    M     61.2          M       97
================================================================================
AV 28.2  4.9                               3.1 FASTST   M    M   5    MAX(MPH)
                                 MISC ---->  # 22  60               # 29   70
================================================================================
NOTES:
# LAST OF SEVERAL OCCURRENCES

COLUMN 17 PEAK WIND IN M.P.H.

PRELIMINARY LOCAL CLIMATOLOGICAL DATA (WS FORM: F-6) , PAGE 2

                                          STATION:  VERNAL UT
                                          MONTH:    FEBRUARY
                                          YEAR:     2019
                                          LATITUDE:   40 27 N
                                          LONGITUDE: 109 31 W

[TEMPERATURE DATA]      [PRECIPITATION DATA]       SYMBOLS USED IN COLUMN 16

AVERAGE MONTHLY: 16.5   TOTAL FOR MONTH:   1.50    1 = FOG OR MIST
DPTR FM NORMAL:  -7.6   DPTR FM NORMAL:    1.14    2 = FOG REDUCING VISIBILITY
HIGHEST:    43 ON  4, 3 GRTST 24HR  0.38 ON 14-14      TO 1/4 MILE OR LESS
LOWEST:    -11 ON 10, 9                            3 = THUNDER
                        SNOW, ICE PELLETS, HAIL    4 = ICE PELLETS
                        TOTAL MONTH:    M          5 = HAIL
                        GRTST 24HR    M  ON   M    6 = FREEZING RAIN OR DRIZZLE
                        GRTST DEPTH:  M  ON   M    7 = DUSTSTORM OR SANDSTORM:
                                                       VSBY 1/2 MILE OR LESS
                                                   8 = SMOKE OR HAZE
[NO. OF DAYS WITH]      [WEATHER - DAYS WITH]      9 = BLOWING SNOW
                                                   X = TORNADO
MAX 32 OR BELOW:  14    0.01 INCH OR MORE:   9
MAX 90 OR ABOVE:   0    0.10 INCH OR MORE:   5
MIN 32 OR BELOW:  20    0.50 INCH OR MORE:   0
MIN  0 OR BELOW:   9    1.00 INCH OR MORE:   0

[HDD (BASE 65) ]
TOTAL THIS MO.   963    CLEAR  (SCALE 0-3)   5
DPTR FM NORMAL   146    PTCLDY (SCALE 4-7)  12
TOTAL FM JUL 1  5319    CLOUDY (SCALE 8-10)  3
DPTR FM NORMAL   107

[CDD (BASE 65) ]
TOTAL THIS MO.     0
DPTR FM NORMAL     0    [PRESSURE DATA]
TOTAL FM JAN 1     0    HIGHEST SLP M ON M
DPTR FM NORMAL     0    LOWEST  SLP 29.36 ON 16

[REMARKS]
