000
CXUS55 KGJT 181000
CF6VEL
PRELIMINARY LOCAL CLIMATOLOGICAL DATA (WS FORM: F-6)

                                          STATION:   VERNAL UT
                                          MONTH:     OCTOBER
                                          YEAR:      2019
                                          LATITUDE:   40 27 N
                                          LONGITUDE: 109 31 W

  TEMPERATURE IN F:       :PCPN:    SNOW:  WIND      :SUNSHINE: SKY     :PK WND
================================================================================
1   2   3   4   5  6A  6B    7    8   9   10  11  12  13   14  15   16   17  18
                                     12Z  AVG MX 2MIN
DY MAX MIN AVG DEP HDD CDD  WTR  SNW DPTH SPD SPD DIR MIN PSBL S-S WX    SPD DR
================================================================================

 1  70  32  51  -3  14   0 0.00    M    M  4.7 18 240   M    M   0        24 240
 2  64  33  49  -5  16   0 0.00    M    M  6.9 26 240   M    M   0        39 220
 3  71  30  51  -2  14   0 0.00    M    M  3.6 12 210   M    M   0        17 220
 4  73  34  54   1  11   0 0.00    M    M 10.1 36 290   M    M   1        49 280
 5  61  28  45  -7  20   0 0.00    M    M  4.5  9 280   M    M   0        14 190
 6  60  33  47  -5  18   0 0.00    M    M  6.1 15 360   M    M   1        20 360
 7  65  25  45  -7  20   0 0.00    M    M  3.9  9 280   M    M   0        13 110
 8  72  30  51   0  14   0 0.00    M    M  3.5  9 290   M    M   0        13 130
 9  74  35  55   4  10   0 0.00    M    M 12.1 33 280   M    M   0        50 280
10  44  20  32 -18  33   0 0.00    M    M  5.4 15 360   M    M   5        20 350
11  48  15  32 -18  33   0 0.00    M    M  3.1 10 190   M    M   0        15 190
12  57  19  38 -12  27   0 0.00    M    M  3.3 10 300   M    M   0        11  70
13  64  21  43  -6  22   0 0.00    M    M  2.8  8 300   M    M   0        11 140
14  65  27  46  -3  19   0 0.00    M    M  3.5 10 310   M    M   0        14 120
15  67  27  47  -2  18   0 0.00    M    M  4.3 10 290   M    M   0        12 150
16  70  29  50   2  15   0 0.00    M    M  3.7  9 300   M    M   0        12  90
17  70  33  52   4  13   0    T    M    M  5.3 23 300   M    M   2        32 300
================================================================================
SM 1095  471       317   0    T     M     86.8          M        9
================================================================================
AV 64.4 27.7                               5.1 FASTST   M    M   1    MAX(MPH)
                                 MISC ---->  # 36 290               # 50  280
================================================================================
NOTES:
# LAST OF SEVERAL OCCURRENCES

COLUMN 17 PEAK WIND IN M.P.H.

PRELIMINARY LOCAL CLIMATOLOGICAL DATA (WS FORM: F-6) , PAGE 2

                                          STATION:  VERNAL UT
                                          MONTH:    OCTOBER
                                          YEAR:     2019
                                          LATITUDE:   40 27 N
                                          LONGITUDE: 109 31 W

[TEMPERATURE DATA]      [PRECIPITATION DATA]       SYMBOLS USED IN COLUMN 16

AVERAGE MONTHLY: 46.1   TOTAL FOR MONTH:      T    1 = FOG OR MIST
DPTR FM NORMAL:  -4.8   DPTR FM NORMAL:   -0.81    2 = FOG REDUCING VISIBILITY
HIGHEST:    74 ON  9    GRTST 24HR    T  ON 17-17      TO 1/4 MILE OR LESS
LOWEST:     15 ON 11                               3 = THUNDER
                        SNOW, ICE PELLETS, HAIL    4 = ICE PELLETS
                        TOTAL MONTH:    M          5 = HAIL
                        GRTST 24HR    M  ON   M    6 = FREEZING RAIN OR DRIZZLE
                        GRTST DEPTH:  M  ON   M    7 = DUSTSTORM OR SANDSTORM:
                                                       VSBY 1/2 MILE OR LESS
                                                   8 = SMOKE OR HAZE
[NO. OF DAYS WITH]      [WEATHER - DAYS WITH]      9 = BLOWING SNOW
                                                   X = TORNADO
MAX 32 OR BELOW:   0    0.01 INCH OR MORE:   0
MAX 90 OR ABOVE:   0    0.10 INCH OR MORE:   0
MIN 32 OR BELOW:  12    0.50 INCH OR MORE:   0
MIN  0 OR BELOW:   0    1.00 INCH OR MORE:   0

[HDD (BASE 65) ]
TOTAL THIS MO.   317    CLEAR  (SCALE 0-3)  16
DPTR FM NORMAL    77    PTCLDY (SCALE 4-7)   1
TOTAL FM JUL 1   431    CLOUDY (SCALE 8-10)  0
DPTR FM NORMAL     9

[CDD (BASE 65) ]
TOTAL THIS MO.     0
DPTR FM NORMAL     0    [PRESSURE DATA]
TOTAL FM JAN 1   671    HIGHEST SLP M ON M
DPTR FM NORMAL   160    LOWEST  SLP 29.39 ON  9

[REMARKS]
