000
CXUS55 KGJT 241000
CF6VEL
PRELIMINARY LOCAL CLIMATOLOGICAL DATA (WS FORM: F-6)

                                          STATION:   VERNAL UT
                                          MONTH:     FEBRUARY
                                          YEAR:      2020
                                          LATITUDE:   40 27 N
                                          LONGITUDE: 109 31 W

  TEMPERATURE IN F:       :PCPN:    SNOW:  WIND      :SUNSHINE: SKY     :PK WND
================================================================================
1   2   3   4   5  6A  6B    7    8   9   10  11  12  13   14  15   16   17  18
                                     12Z  AVG MX 2MIN
DY MAX MIN AVG DEP HDD CDD  WTR  SNW DPTH SPD SPD DIR MIN PSBL S-S WX    SPD DR
================================================================================

 1  31  12  22   1  43   0 0.00    M    M  1.1  6  80   M    M   7 128     8  80
 2  25   5  15  -6  50   0 0.00    M    M  1.4  6 140   M    M   2 128     8 100
 3  29  12  21   0  44   0 0.13    M    M  9.2 22  60   M    M   9 128    31  40
 4  21  -5   8 -14  57   0    T    M    M  7.2 22  50   M    M   2 1      29  50
 5  19  -2   9 -13  56   0 0.00    M    M  1.3  8 100   M    M   6        13 100
 6  31   5  18  -4  47   0 0.00    M    M  2.0  7 270   M    M   6         9  80
 7  44  15  30   7  35   0 0.00    M    M  4.3 10  20   M    M   1        13  10
 8  44  16  30   7  35   0 0.00    M    M  5.3 22  60   M    M   2        29  70
 9  35  15  25   2  40   0 0.00    M    M  8.8 20  50   M    M   4        26  50
10  31   7  19  -5  46   0 0.00    M    M  3.9 12  50   M    M   3        16  50
11  27   4  16  -8  49   0 0.00    M    M  3.7 10 100   M    M   0        15 130
12  32   9  21  -3  44   0 0.00    M    M  3.5 10  60   M    M   6        13  60
13  35  10  23  -2  42   0 0.00    M    M  2.6  8 350   M    M   2         9  80
14  41  11  26   1  39   0 0.00    M    M  2.4  9 270   M    M   0        12 360
15  38  17  28   2  37   0 0.00    M    M  3.2  9 280   M    M   1        11 230
16  43  24  34   8  31   0 0.00    M    M  3.8 12 290   M    M   4        15 290
17  39  20  30   3  35   0 0.00    M    M  5.9 21  10   M    M   4        28 360
18  32  11  22  -5  43   0 0.00    M    M  3.2  9 140   M    M   0        14 180
19  35  11  23  -5  42   0 0.00    M    M  6.6 22  60   M    M   0        32  60
20  28   6  17 -11  48   0 0.00    M    M  3.1  8 140   M    M   0        11 150
21  35   8  22  -6  43   0 0.00    M    M  2.2  8 110   M    M   0        14 150
22  41  14  28  -1  37   0 0.00    M    M  2.9 10 230   M    M   3        12 230
23  45  27  36   6  29   0    T    M    M  3.4 13 200   M    M   3 18     16 200
================================================================================
SM  781  252       972   0  0.13    M     91.0          M       65
================================================================================
AV 34.0 11.0                               4.0 FASTST   M    M   3    MAX(MPH)
                                 MISC ---->  # 22  60               # 32   60
================================================================================
NOTES:
# LAST OF SEVERAL OCCURRENCES

COLUMN 17 PEAK WIND IN M.P.H.

PRELIMINARY LOCAL CLIMATOLOGICAL DATA (WS FORM: F-6) , PAGE 2

                                          STATION:  VERNAL UT
                                          MONTH:    FEBRUARY
                                          YEAR:     2020
                                          LATITUDE:   40 27 N
                                          LONGITUDE: 109 31 W

[TEMPERATURE DATA]      [PRECIPITATION DATA]       SYMBOLS USED IN COLUMN 16

AVERAGE MONTHLY: 22.5   TOTAL FOR MONTH:   0.13    1 = FOG OR MIST
DPTR FM NORMAL:  -2.3   DPTR FM NORMAL:   -0.29    2 = FOG REDUCING VISIBILITY
HIGHEST:    45 ON 23    GRTST 24HR  0.13 ON  3- 3      TO 1/4 MILE OR LESS
LOWEST:     -5 ON  4                               3 = THUNDER
                        SNOW, ICE PELLETS, HAIL    4 = ICE PELLETS
                        TOTAL MONTH:    M          5 = HAIL
                        GRTST 24HR    M  ON   M    6 = FREEZING RAIN OR DRIZZLE
                        GRTST DEPTH:  M  ON   M    7 = DUSTSTORM OR SANDSTORM:
                                                       VSBY 1/2 MILE OR LESS
                                                   8 = SMOKE OR HAZE
[NO. OF DAYS WITH]      [WEATHER - DAYS WITH]      9 = BLOWING SNOW
                                                   X = TORNADO
MAX 32 OR BELOW:  11    0.01 INCH OR MORE:   1
MAX 90 OR ABOVE:   0    0.10 INCH OR MORE:   1
MIN 32 OR BELOW:  23    0.50 INCH OR MORE:   0
MIN  0 OR BELOW:   2    1.00 INCH OR MORE:   0

[HDD (BASE 65) ]
TOTAL THIS MO.   972    CLEAR  (SCALE 0-3)  13
DPTR FM NORMAL    47    PTCLDY (SCALE 4-7)   9
TOTAL FM JUL 1  5454    CLOUDY (SCALE 8-10)  1
DPTR FM NORMAL   134

[CDD (BASE 65) ]
TOTAL THIS MO.     0
DPTR FM NORMAL     0    [PRESSURE DATA]
TOTAL FM JAN 1     0    HIGHEST SLP M ON M
DPTR FM NORMAL     0    LOWEST  SLP 29.15 ON  3

[REMARKS]
