000
CXUS52 KMLB 231235
CF6VRB
PRELIMINARY LOCAL CLIMATOLOGICAL DATA (WS FORM: F-6)

                                          STATION:   VERO BEACH
                                          MONTH:     JANUARY
                                          YEAR:      2019
                                          LATITUDE:   27 39 N
                                          LONGITUDE:  80 25 W

  TEMPERATURE IN F:       :PCPN:    SNOW:  WIND      :SUNSHINE: SKY     :PK WND
================================================================================
1   2   3   4   5  6A  6B    7    8   9   10  11  12  13   14  15   16   17  18
                                     12Z  AVG MX 2MIN
DY MAX MIN AVG DEP HDD CDD  WTR  SNW DPTH SPD SPD DIR MIN PSBL S-S WX    SPD DR
================================================================================

 1  83  60  72  10   0   7 0.00  0.0    0  5.6 17 130   M    M   5 12     20 130
 2  81  57  69   7   0   4 0.00  0.0    0  4.9 12 140   M    M   3 12     17  50
 3  83  62  73  11   0   8 0.31  0.0    0  5.6 15 150   M    M   5 12     18 130
 4  85  67  76  14   0  11 0.10  0.0    0 10.0 21 230   M    M   5 1      29 200
 5  75  51  63   1   2   0    T  0.0    0 11.2 23 270   M    M   3        29 290
 6  74  48  61  -1   4   0 0.00  0.0    0  5.8 12  30   M    M   0        14  30
 7  79  54  67   5   0   2 0.00  0.0    0  2.7 13  80   M    M   3 1      17 100
 8  79  52  66   4   0   1 0.00  0.0    0  3.1  9  90   M    M   1 1      11  70
 9  75  55  65   3   0   0 0.00  0.0    0  9.5 18 280   M    M   0        22 290
10  64  43  54  -8  11   0 0.00  0.0    0 10.3 17  10   M    M   1        21 360
11  74  47  61  -1   4   0 0.00  0.0    0  8.7 17  70   M    M   2        21  70
12  78  63  71   9   0   6 0.00  0.0    0  9.5 17 140   M    M   3        24 130
13  83  53  68   6   0   3 0.00  0.0    0  4.8 14 270   M    M   4 12     18 230
14  70  49  60  -2   5   0 0.00  0.0    0  8.8 18  40   M    M   3 1      24  10
15  65  48  57  -5   8   0 0.00  0.0    0  9.2 17 360   M    M   2        21  10
16  66  43  55  -7  10   0 0.00  0.0    0  9.1 16 340   M    M   1        20 350
17  75  47  61  -1   4   0 0.00  0.0    0  5.4 13  90   M    M   2 12     18 130
18  76  47  62   0   3   0 0.00  0.0    0  4.6 12  50   M    M   1 12     14  40
19  81  49  65   3   0   0 0.00  0.0    0  7.4 21 130   M    M   1        24 130
20  72  45  59  -3   6   0 0.23  0.0    0 17.1 32 270   M    M   3 1      41 270
21  64  38  51 -11  14   0 0.00  0.0    0 10.6 22 360   M    M   3        29  40
22  75  47  61  -1   4   0    T  0.0    0 15.2 24 110   M    M   6        31 110
================================================================================
SM 1657 1125        75  42  0.64     0.0 179.1          M       57
================================================================================
AV 75.3 51.1                               8.1 FASTST   M    M   3    MAX(MPH)
                                 MISC ---->  # 32 270               # 41  270
================================================================================
NOTES:
# LAST OF SEVERAL OCCURRENCES

COLUMN 17 PEAK WIND IN M.P.H.

PRELIMINARY LOCAL CLIMATOLOGICAL DATA (WS FORM: F-6) , PAGE 2

                                          STATION:  VERO BEACH
                                          MONTH:    JANUARY
                                          YEAR:     2019
                                          LATITUDE:   27 39 N
                                          LONGITUDE:  80 25 W

[TEMPERATURE DATA]      [PRECIPITATION DATA]       SYMBOLS USED IN COLUMN 16

AVERAGE MONTHLY: 63.2   TOTAL FOR MONTH:   0.64    1 = FOG OR MIST
DPTR FM NORMAL:   1.2   DPTR FM NORMAL:   -1.13    2 = FOG REDUCING VISIBILITY
HIGHEST:    85 ON  4    GRTST 24HR  0.31 ON  3- 3      TO 1/4 MILE OR LESS
LOWEST:     38 ON 21                               3 = THUNDER
                        SNOW, ICE PELLETS, HAIL    4 = ICE PELLETS
                        TOTAL MONTH:   0.0 INCH    5 = HAIL
                        GRTST 24HR     0.0         6 = FREEZING RAIN OR DRIZZLE
                        GRTST DEPTH:   0           7 = DUSTSTORM OR SANDSTORM:
                                                       VSBY 1/2 MILE OR LESS
                                                   8 = SMOKE OR HAZE
[NO. OF DAYS WITH]      [WEATHER - DAYS WITH]      9 = BLOWING SNOW
                                                   X = TORNADO
MAX 32 OR BELOW:   0    0.01 INCH OR MORE:   3
MAX 90 OR ABOVE:   0    0.10 INCH OR MORE:   3
MIN 32 OR BELOW:   0    0.50 INCH OR MORE:   0
MIN  0 OR BELOW:   0    1.00 INCH OR MORE:   0

[HDD (BASE 65) ]
TOTAL THIS MO.    75    CLEAR  (SCALE 0-3)  15
DPTR FM NORMAL   -35    PTCLDY (SCALE 4-7)   7
TOTAL FM JUL 1   204    CLOUDY (SCALE 8-10)  0
DPTR FM NORMAL   -41

[CDD (BASE 65) ]
TOTAL THIS MO.    42
DPTR FM NORMAL    -2    [PRESSURE DATA]
TOTAL FM JAN 1    42    HIGHEST SLP M ON M
DPTR FM NORMAL    -2    LOWEST  SLP 29.77 ON 20

[REMARKS]
