000
CXUS55 KLBF 181200
CF6VTN
PRELIMINARY LOCAL CLIMATOLOGICAL DATA (WS FORM: F-6)

                                          STATION:   VALENTINE
                                          MONTH:     DECEMBER
                                          YEAR:      2018
                                          LATITUDE:   42 52 N
                                          LONGITUDE: 100 33 W

  TEMPERATURE IN F:       :PCPN:    SNOW:  WIND      :SUNSHINE: SKY     :PK WND
================================================================================
1   2   3   4   5  6A  6B    7    8   9   10  11  12  13   14  15   16   17  18
                                     12Z  AVG MX 2MIN
DY MAX MIN AVG DEP HDD CDD  WTR  SNW DPTH SPD SPD DIR MIN PSBL S-S WX    SPD DR
================================================================================

 1  36  31  34   7  31   0 0.67  6.3    T 17.6 26 340   M    M  10 1      38 350
 2  31  23  27   1  38   0    T    T    6 14.4 31 330   M    M  10 1      42 340
 3  24  19  22  -4  43   0 0.00  0.0    5  8.0 15 350   M    M  10 1      19 340
 4  35  13  24  -2  41   0 0.00  0.0    5  7.1 18 290   M    M   7        24 290
 5  32   6  19  -7  46   0 0.00  0.0    4 10.2 20 340   M    M   1        26 350
 6  23   6  15 -10  50   0    T    T    4  7.4 23 330   M    M   4        29 340
 7  30   0  15 -10  50   0 0.00  0.0    3  6.3 20 210   M    M   1        26 210
 8  37  -4  17  -8  48   0 0.00  0.0    3  8.1 16 260   M    M   0        21 220
 9  31   4  18  -6  47   0 0.00  0.0    3  8.2 17 310   M    M   0        25 310
10  39   3  21  -3  44   0 0.00  0.0    3  7.3 14 240   M    M   0        16 230
11  39  11  25   1  40   0 0.01    T    3  9.5 23 310   M    M   1 1      35 320
12  42  10  26   2  39   0 0.03    T    2  8.8 29 340   M    M   2 1      41 350
13  41  21  31   7  34   0    T    T    2 13.3 29 320   M    M   3        43 320
14  45  20  33  10  32   0 0.00  0.0    1  6.9 13 240   M    M   0        15 250
15  51  25  38  15  27   0 0.00  0.0    1 10.0 22 230   M    M   0        28 210
16  51  22  37  14  28   0 0.00  0.0    1  4.6  9 230   M    M   0        11 250
17  55  23  39  16  26   0 0.00  0.0    1  5.3 13 190   M    M   0        17 190
================================================================================
SM  642  233       664   0  0.71     6.3 153.0          M       49
================================================================================
AV 37.8 13.7                               9.0 FASTST   M    M   3    MAX(MPH)
                                 MISC ---->  # 31 330               # 43  320
================================================================================
NOTES:
# LAST OF SEVERAL OCCURRENCES

COLUMN 17 PEAK WIND IN M.P.H.

PRELIMINARY LOCAL CLIMATOLOGICAL DATA (WS FORM: F-6) , PAGE 2

                                          STATION:  VALENTINE
                                          MONTH:    DECEMBER
                                          YEAR:     2018
                                          LATITUDE:   42 52 N
                                          LONGITUDE: 100 33 W

[TEMPERATURE DATA]      [PRECIPITATION DATA]       SYMBOLS USED IN COLUMN 16

AVERAGE MONTHLY: 25.7   TOTAL FOR MONTH:   0.71    1 = FOG OR MIST
DPTR FM NORMAL:   1.1   DPTR FM NORMAL:    0.50    2 = FOG REDUCING VISIBILITY
HIGHEST:    55 ON 17    GRTST 24HR  0.67 ON  1- 1      TO 1/4 MILE OR LESS
LOWEST:     -4 ON  8                               3 = THUNDER
                        SNOW, ICE PELLETS, HAIL    4 = ICE PELLETS
                        TOTAL MONTH:   6.3 INCHES  5 = HAIL
                        GRTST 24HR   6.3 ON  1- 1  6 = FREEZING RAIN OR DRIZZLE
                        GRTST DEPTH:   6 ON  2     7 = DUSTSTORM OR SANDSTORM:
                                                       VSBY 1/2 MILE OR LESS
                                                   8 = SMOKE OR HAZE
[NO. OF DAYS WITH]      [WEATHER - DAYS WITH]      9 = BLOWING SNOW
                                                   X = TORNADO
MAX 32 OR BELOW:   6    0.01 INCH OR MORE:   3
MAX 90 OR ABOVE:   0    0.10 INCH OR MORE:   1
MIN 32 OR BELOW:  17    0.50 INCH OR MORE:   1
MIN  0 OR BELOW:   2    1.00 INCH OR MORE:   0

[HDD (BASE 65) ]
TOTAL THIS MO.   664    CLEAR  (SCALE 0-3)  12
DPTR FM NORMAL   -23    PTCLDY (SCALE 4-7)   2
TOTAL FM JUL 1  2229    CLOUDY (SCALE 8-10)  3
DPTR FM NORMAL   -76

[CDD (BASE 65) ]
TOTAL THIS MO.     0
DPTR FM NORMAL     0    [PRESSURE DATA]
TOTAL FM JAN 1  1058    HIGHEST SLP M ON M
DPTR FM NORMAL   237    LOWEST  SLP 29.41 ON  1

[REMARKS]
