000
CXUS55 KLBF 221200
CF6VTN
PRELIMINARY LOCAL CLIMATOLOGICAL DATA (WS FORM: F-6)

                                          STATION:   VALENTINE
                                          MONTH:     JUNE
                                          YEAR:      2018
                                          LATITUDE:   42 52 N
                                          LONGITUDE: 100 33 W

  TEMPERATURE IN F:       :PCPN:    SNOW:  WIND      :SUNSHINE: SKY     :PK WND
================================================================================
1   2   3   4   5  6A  6B    7    8   9   10  11  12  13   14  15   16   17  18
                                     12Z  AVG MX 2MIN
DY MAX MIN AVG DEP HDD CDD  WTR  SNW DPTH SPD SPD DIR MIN PSBL S-S WX    SPD DR
================================================================================

 1  91  62  77  14   0  12    T  0.0    0 15.7 31 150   M    M   2 3      42 160
 2  78  49  64   1   1   0 0.00  0.0    0 12.9 26 290   M    M   2        39 320
 3  83  43  63   0   2   0 0.00  0.0    0  7.1 15 170   M    M   0        21 170
 4  92  58  75  11   0  10 0.00  0.0    0 13.4 28 190   M    M   0        37 180
 5 102  58  80  16   0  15 0.00  0.0    0  7.5 18 210   M    M   0        26 210
 6  95  71  83  19   0  18 0.00  0.0    0 15.0 36 190   M    M   1        54 250
 7  87  63  75  10   0  10 0.01  0.0    0 13.1 26 120   M    M   3 3      38  40
 8  93  63  78  13   0  13 0.52  0.0    0 13.0 32 340   M    M   2 13     46 330
 9  88  59  74   9   0   9    T  0.0    0  8.2 20  10   M    M   1        27  10
10  94  65  80  14   0  15 0.00  0.0    0 14.0 26 170   M    M   1 1      33 160
11  80  60  70   4   0   5    T  0.0    0 13.5 37 300   M    M   3 3      61 290
12  78  52  65  -1   0   0 0.00  0.0    0  6.4 18  20   M    M   4        27  10
13  86  49  68   1   0   3 0.03  0.0    0  9.8 24 160   M    M   4 3      31 160
14 101  62  82  15   0  17 0.00  0.0    0 12.6 26 190   M    M   0 1      35 160
15  87  65  76   9   0  11 0.00  0.0    0  7.3 21 190   M    M   0 3      27 190
16  98  66  82  14   0  17 0.26  0.0    0  9.2 23 270   M    M   2 138    31 260
17  72  60  66  -2   0   1 0.33  0.0    0 10.4 21  10   M    M   8 13     31  30
18  71  59  65  -3   0   0 1.04  0.0    0  8.0 21 250   M    M  10 13     26 250
19  75  61  68  -1   0   3 0.05  0.0    0  8.1 17 360   M    M   9 13     23  10
20  73  58  66  -3   0   1 3.04  0.0    0 10.4 20 340   M    M   7 1      27 320
21  81  56  69  -1   0   4 0.00  0.0    0  9.2 21 350   M    M   2        28  20
================================================================================
SM 1805 1239         3 164  5.28     0.0 224.8          M       61
================================================================================
AV 86.0 59.0                              10.7 FASTST   M    M   3    MAX(MPH)
                                 MISC ---->  # 37 300               # 61  290
================================================================================
NOTES:
# LAST OF SEVERAL OCCURRENCES

COLUMN 17 PEAK WIND IN M.P.H.

PRELIMINARY LOCAL CLIMATOLOGICAL DATA (WS FORM: F-6) , PAGE 2

                                          STATION:  VALENTINE
                                          MONTH:    JUNE
                                          YEAR:     2018
                                          LATITUDE:   42 52 N
                                          LONGITUDE: 100 33 W

[TEMPERATURE DATA]      [PRECIPITATION DATA]       SYMBOLS USED IN COLUMN 16

AVERAGE MONTHLY: 72.5   TOTAL FOR MONTH:   5.28    1 = FOG OR MIST
DPTR FM NORMAL:   6.4   DPTR FM NORMAL:    2.74    2 = FOG REDUCING VISIBILITY
HIGHEST:   102 ON  5    GRTST 24HR  3.04 ON 20-20      TO 1/4 MILE OR LESS
LOWEST:     43 ON  3                               3 = THUNDER
                        SNOW, ICE PELLETS, HAIL    4 = ICE PELLETS
                        TOTAL MONTH:   0.0 INCH    5 = HAIL
                        GRTST 24HR     0.0         6 = FREEZING RAIN OR DRIZZLE
                        GRTST DEPTH:   0           7 = DUSTSTORM OR SANDSTORM:
                                                       VSBY 1/2 MILE OR LESS
                                                   8 = SMOKE OR HAZE
[NO. OF DAYS WITH]      [WEATHER - DAYS WITH]      9 = BLOWING SNOW
                                                   X = TORNADO
MAX 32 OR BELOW:   0    0.01 INCH OR MORE:   8
MAX 90 OR ABOVE:   8    0.10 INCH OR MORE:   5
MIN 32 OR BELOW:   0    0.50 INCH OR MORE:   3
MIN  0 OR BELOW:   0    1.00 INCH OR MORE:   2

[HDD (BASE 65) ]
TOTAL THIS MO.     3    CLEAR  (SCALE 0-3)  15
DPTR FM NORMAL   -49    PTCLDY (SCALE 4-7)   4
TOTAL FM JUL 1  6813    CLOUDY (SCALE 8-10)  2
DPTR FM NORMAL  -181

[CDD (BASE 65) ]
TOTAL THIS MO.   164
DPTR FM NORMAL    90    [PRESSURE DATA]
TOTAL FM JAN 1   275    HIGHEST SLP M ON M
DPTR FM NORMAL   167    LOWEST  SLP 29.44 ON 11

[REMARKS]
