000
CXUS55 KLBF 271200
CF6VTN
PRELIMINARY LOCAL CLIMATOLOGICAL DATA (WS FORM: F-6)

                                          STATION:   VALENTINE
                                          MONTH:     MAY
                                          YEAR:      2020
                                          LATITUDE:   42 52 N
                                          LONGITUDE: 100 33 W

  TEMPERATURE IN F:       :PCPN:    SNOW:  WIND      :SUNSHINE: SKY     :PK WND
================================================================================
1   2   3   4   5  6A  6B    7    8   9   10  11  12  13   14  15   16   17  18
                                     12Z  AVG MX 2MIN
DY MAX MIN AVG DEP HDD CDD  WTR  SNW DPTH SPD SPD DIR MIN PSBL S-S WX    SPD DR
================================================================================

 1  82  51  67  14   0   2 0.08  0.0    0 13.1 25 330   M    M   0        37 320
 2  72  53  63  10   2   0 0.10  0.0    0  4.4 18 210   M    M   6 1      23 210
 3  75  46  61   8   4   0 0.22  0.0    0 10.0 31 210   M    M   4 3      43 140
 4  58  44  51  -3  14   0 0.78  0.0    0 14.5 28 320   M    M   8 18     39 320
 5  68  41  55   1  10   0 0.00  0.0    0 13.2 25 350   M    M   2        36 330
 6  66  33  50  -4  15   0 0.00  0.0    0  7.0 13 140   M    M   1        19 320
 7  62  38  50  -5  15   0 0.12  0.0    0 15.5 30 120   M    M   8 13     38 130
 8  64  34  49  -6  16   0 0.00  0.0    0  5.8 15 360   M    M   3 12     22 340
 9  56  28  42 -13  23   0 0.01  0.0    0 18.2 35 320   M    M   7        50 310
10  53  25  39 -17  26   0 0.00  0.0    0  8.8 20 360   M    M   5 8      27 350
11  46  37  42 -14  23   0 0.00  0.0    0  6.2 13 140   M    M  10        17 150
12  51  41  46 -10  19   0    T  0.0    0 16.2 28 160   M    M  10        37 170
13  66  46  56  -1   9   0 0.01  0.0    0 11.9 25 170   M    M   7 8      35 170
14  72  46  59   2   6   0 0.09  0.0    0  6.9 16  60   M    M   4 12     22  80
15  68  45  57   0   8   0 0.36  0.0    0  8.2 20 150   M    M   9 1      24 150
16  59  50  55  -3  10   0 0.23  0.0    0  7.9 15 330   M    M   9 18     22 360
17  66  46  56  -2   9   0    T  0.0    0  8.3 16 330   M    M   8 18     23  20
18  72  38  55  -3  10   0 0.00  0.0    0  9.3 18 130   M    M   3 12     25 140
19  79  50  65   6   0   0 0.00  0.0    0 13.9 21 140   M    M   0 18     31 160
20  80  54  67   8   0   2 0.00  0.0    0 17.3 31 130   M    M   0 18     41 150
21  69  59  64   5   1   0 0.04  0.0    0 12.9 18 170   M    M   9 138    24 170
22  80  55  68   8   0   3 0.00  0.0    0  8.0 17 140   M    M   1        23 140
23  83  51  67   7   0   2 0.11  0.0    0 12.4 22 140   M    M   5 123    38 160
24  71  53  62   2   3   0 0.22  0.0    0 13.1 22 340   M    M   6 1      31 320
25  68  45  57  -3   8   0 0.10  0.0    0  9.3 17 330   M    M   6        24 320
26  77  41  59  -2   6   0 0.00  0.0    0  4.9 15 340   M    M   0        21 330
================================================================================
SM 1763 1150       237   9  2.47     0.0 277.2          M      131
================================================================================
AV 67.8 44.2                              10.7 FASTST   M    M   5    MAX(MPH)
                                 MISC ---->  # 35 320               # 50  310
================================================================================
NOTES:
# LAST OF SEVERAL OCCURRENCES

COLUMN 17 PEAK WIND IN M.P.H.

PRELIMINARY LOCAL CLIMATOLOGICAL DATA (WS FORM: F-6) , PAGE 2

                                          STATION:  VALENTINE
                                          MONTH:    MAY
                                          YEAR:     2020
                                          LATITUDE:   42 52 N
                                          LONGITUDE: 100 33 W

[TEMPERATURE DATA]      [PRECIPITATION DATA]       SYMBOLS USED IN COLUMN 16

AVERAGE MONTHLY: 56.0   TOTAL FOR MONTH:   2.47    1 = FOG OR MIST
DPTR FM NORMAL:  -0.8   DPTR FM NORMAL:   -0.08    2 = FOG REDUCING VISIBILITY
HIGHEST:    83 ON 23    GRTST 24HR  0.78 ON  4- 4      TO 1/4 MILE OR LESS
LOWEST:     25 ON 10                               3 = THUNDER
                        SNOW, ICE PELLETS, HAIL    4 = ICE PELLETS
                        TOTAL MONTH:   0.0 INCH    5 = HAIL
                        GRTST 24HR     0.0         6 = FREEZING RAIN OR DRIZZLE
                        GRTST DEPTH:   0           7 = DUSTSTORM OR SANDSTORM:
                                                       VSBY 1/2 MILE OR LESS
                                                   8 = SMOKE OR HAZE
[NO. OF DAYS WITH]      [WEATHER - DAYS WITH]      9 = BLOWING SNOW
                                                   X = TORNADO
MAX 32 OR BELOW:   0    0.01 INCH OR MORE:  14
MAX 90 OR ABOVE:   0    0.10 INCH OR MORE:   9
MIN 32 OR BELOW:   2    0.50 INCH OR MORE:   1
MIN  0 OR BELOW:   0    1.00 INCH OR MORE:   0

[HDD (BASE 65) ]
TOTAL THIS MO.   237    CLEAR  (SCALE 0-3)   9
DPTR FM NORMAL     0    PTCLDY (SCALE 4-7)  11
TOTAL FM JUL 1  6489    CLOUDY (SCALE 8-10)  6
DPTR FM NORMAL  -431

[CDD (BASE 65) ]
TOTAL THIS MO.     9
DPTR FM NORMAL   -14    [PRESSURE DATA]
TOTAL FM JAN 1     9    HIGHEST SLP M ON M
DPTR FM NORMAL   -18    LOWEST  SLP 29.59 ON 23

[REMARKS]
