000
CXUS56 KLOX 231155
CF6WJF
PRELIMINARY LOCAL CLIMATOLOGICAL DATA (WS FORM: F-6)

                                          STATION:   LANCASTER FOX FIELD CA
                                          MONTH:     OCTOBER
                                          YEAR:      2019
                                          LATITUDE:   34 43 N
                                          LONGITUDE: 118 13 W

  TEMPERATURE IN F:       :PCPN:    SNOW:  WIND      :SUNSHINE: SKY     :PK WND
================================================================================
1   2   3   4   5  6A  6B    7    8   9   10  11  12  13   14  15   16   17  18
                                     12Z  AVG MX 2MIN
DY MAX MIN AVG DEP HDD CDD  WTR  SNW DPTH SPD SPD DIR MIN PSBL S-S WX    SPD DR
================================================================================

 1  75  42  59  -9   6   0 0.00  0.0    0 13.1 28 280   M    M   0        31 280
 2  78  32  55 -13  10   0 0.00  0.0    0  5.4 16  70   M    M   0        22  30
 3  83  36  60  -7   5   0 0.00  0.0    0  8.5 23 250   M    M   0        29 250
 4  81  45  63  -4   2   0 0.00  0.0    0 16.5 29 280   M    M   0        34 280
 5  85  37  61  -6   4   0 0.00  0.0    0  3.5 14 270   M    M   0        15 270
 6  88  41  65  -1   0   0 0.00  0.0    0  5.8 20  70   M    M   0        23  80
 7  90  40  65  -1   0   0 0.00  0.0    0  4.6 17 240   M    M   0        22 240
 8  92  44  68   2   0   3 0.00  0.0    0  8.5 24 250   M    M   0        29 250
 9  85  59  72   7   0   7 0.00  0.0    0 18.1 30 270   M    M   0 8      36 270
10  71  42  57  -8   8   0 0.00  0.0    0 13.1 29  70   M    M   1 8      35  70
11  73  29  51 -13  14   0 0.00  0.0    0  7.8 22  80   M    M   0 8      29  60
12  77  27  52 -12  13   0 0.00  0.0    0  4.4 13  70   M    M   0 8      17  70
13  80  30  55  -9  10   0 0.00  0.0    0  6.0 18 250   M    M   0 8      22 260
14  80  38  59  -4   6   0 0.00  0.0    0  5.2 17 290   M    M   0        20 290
15  85  36  61  -2   4   0 0.00  0.0    0  4.6 16  60   M    M   0        19  70
16  85  40  63   0   2   0 0.00  0.0    0  4.1 14 280   M    M   0        17 230
17  72  56  64   2   1   0 0.00  0.0    0 22.8 38 280   M    M   0 8      44 280
18  76  51  64   2   1   0 0.00  0.0    0 15.0 26 280   M    M   0        33 280
19  79  51  65   3   0   0 0.00  0.0    0 19.4 36 280   M    M   0 8      42 280
20  77  50  64   3   1   0 0.00  0.0    0 13.3 32 300   M    M   0        41 300
21  83  40  62   1   3   0 0.00  0.0    0  3.9 14  60   M    M   0        22  60
22  86  39  63   3   2   0 0.00  0.0    0  3.2 10 260   M    M   0        11 300
================================================================================
SM 1781  905        92  10  0.00     0.0 206.9          M        1
================================================================================
AV 81.0 41.1                               9.4 FASTST   M    M   0    MAX(MPH)
                                 MISC ---->  # 38 280               # 44  280
================================================================================
NOTES:
# LAST OF SEVERAL OCCURRENCES

COLUMN 17 PEAK WIND IN M.P.H.

PRELIMINARY LOCAL CLIMATOLOGICAL DATA (WS FORM: F-6) , PAGE 2

                                          STATION:  LANCASTER FOX FIELD CA
                                          MONTH:    OCTOBER
                                          YEAR:     2019
                                          LATITUDE:   34 43 N
                                          LONGITUDE: 118 13 W

[TEMPERATURE DATA]      [PRECIPITATION DATA]       SYMBOLS USED IN COLUMN 16

AVERAGE MONTHLY: 61.1   TOTAL FOR MONTH:   0.00    1 = FOG OR MIST
DPTR FM NORMAL:  -3.2   DPTR FM NORMAL:   -0.27    2 = FOG REDUCING VISIBILITY
HIGHEST:    92 ON  8    GRTST 24HR  0.00 ON 22-22      TO 1/4 MILE OR LESS
LOWEST:     27 ON 12                               3 = THUNDER
                        SNOW, ICE PELLETS, HAIL    4 = ICE PELLETS
                        TOTAL MONTH:   0.0 INCH    5 = HAIL
                        GRTST 24HR     0.0         6 = FREEZING RAIN OR DRIZZLE
                        GRTST DEPTH:   0           7 = DUSTSTORM OR SANDSTORM:
                                                       VSBY 1/2 MILE OR LESS
                                                   8 = SMOKE OR HAZE
[NO. OF DAYS WITH]      [WEATHER - DAYS WITH]      9 = BLOWING SNOW
                                                   X = TORNADO
MAX 32 OR BELOW:   0    0.01 INCH OR MORE:   0
MAX 90 OR ABOVE:   2    0.10 INCH OR MORE:   0
MIN 32 OR BELOW:   4    0.50 INCH OR MORE:   0
MIN  0 OR BELOW:   0    1.00 INCH OR MORE:   0

[HDD (BASE 65) ]
TOTAL THIS MO.    92    CLEAR  (SCALE 0-3)  22
DPTR FM NORMAL    27    PTCLDY (SCALE 4-7)   0
TOTAL FM JUL 1   105    CLOUDY (SCALE 8-10)  0
DPTR FM NORMAL    28

[CDD (BASE 65) ]
TOTAL THIS MO.    10
DPTR FM NORMAL   -38    [PRESSURE DATA]
TOTAL FM JAN 1  1812    HIGHEST SLP M ON M
DPTR FM NORMAL   -66    LOWEST  SLP 29.71 ON 17

[REMARKS]
