000
CXUS56 KLOX 241655
CF6WJF
PRELIMINARY LOCAL CLIMATOLOGICAL DATA (WS FORM: F-6)

                                          STATION:   LANCASTER FOX FIELD CA
                                          MONTH:     MAY
                                          YEAR:      2020
                                          LATITUDE:   34 43 N
                                          LONGITUDE: 118 13 W

  TEMPERATURE IN F:       :PCPN:    SNOW:  WIND      :SUNSHINE: SKY     :PK WND
================================================================================
1   2   3   4   5  6A  6B    7    8   9   10  11  12  13   14  15   16   17  18
                                     12Z  AVG MX 2MIN
DY MAX MIN AVG DEP HDD CDD  WTR  SNW DPTH SPD SPD DIR MIN PSBL S-S WX    SPD DR
================================================================================

 1  78  59  69   5   0   4 0.00  0.0    0 24.6 36 270   M    M   0        42 270
 2  84  59  72   8   0   7 0.00  0.0    0 20.7 32 280   M    M   0        39 270
 3  83  57  70   6   0   5 0.00  0.0    0 20.9 33 280   M    M   0        40 280
 4  87  50  69   4   0   4 0.00  0.0    0 10.3 25 280   M    M   0        29 290
 5  93  44  69   4   0   4 0.00  0.0    0  9.2 28 280   M    M   0        33 280
 6  90  61  76  11   0  11 0.00  0.0    0 16.0 30 280   M    M   0        35 290
 7  94  49  72   6   0   7 0.00  0.0    0  6.0 18 280   M    M   0        22 290
 8  95  49  72   6   0   7 0.00  0.0    0  9.0 24 240   M    M   0        31 250
 9  93  52  73   7   0   8 0.00  0.0    0  9.4 28 240   M    M   0        36 240
10  89  57  73   6   0   8 0.00  0.0    0 13.8 26 220   M    M   0        34 230
11  79  55  67   0   0   2 0.00  0.0    0 16.1 30 250   M    M   0        35 250
12  72  52  62  -5   3   0 0.00  0.0    0 19.7 31 240   M    M   2        39 240
13  74  51  63  -5   2   0 0.00  0.0    0 22.5 33 280   M    M   0 8      41 270
14  75  53  64  -4   1   0 0.00  0.0    0 24.9 39 280   M    M   0        46 280
15  82  56  69   1   0   4 0.00  0.0    0 20.1 33 280   M    M   0        40 280
16  91  53  72   4   0   7 0.00  0.0    0 10.5 25 250   M    M   0        31 240
17  80  60  70   1   0   5 0.00  0.0    0 15.9 28 240   M    M   0        33 230
18  70  51  61  -8   4   0 0.02  0.0    0 19.1 32 250   M    M   2 1      40 250
19  69  47  58 -11   7   0 0.00  0.0    0 17.0 31 290   M    M   1        37 300
20  78  51  65  -4   0   0 0.00  0.0    0 12.5 28 270   M    M   0        33 270
21  85  43  64  -6   1   0 0.00  0.0    0  7.1 23 250   M    M   0        27 250
22  81  61  71   1   0   6 0.00  0.0    0 18.5 26 220   M    M   0        35 210
23  83  56  70   0   0   5 0.00  0.0    0 10.3 24 270   M    M   0        29 290
================================================================================
SM 1905 1226        18  94  0.02     0.0 354.1          M        5
================================================================================
AV 82.8 53.3                              15.4 FASTST   M    M   0    MAX(MPH)
                                 MISC ---->  # 39 280               # 46  280
================================================================================
NOTES:
# LAST OF SEVERAL OCCURRENCES

COLUMN 17 PEAK WIND IN M.P.H.

PRELIMINARY LOCAL CLIMATOLOGICAL DATA (WS FORM: F-6) , PAGE 2

                                          STATION:  LANCASTER FOX FIELD CA
                                          MONTH:    MAY
                                          YEAR:     2020
                                          LATITUDE:   34 43 N
                                          LONGITUDE: 118 13 W

[TEMPERATURE DATA]      [PRECIPITATION DATA]       SYMBOLS USED IN COLUMN 16

AVERAGE MONTHLY: 68.1   TOTAL FOR MONTH:   0.02    1 = FOG OR MIST
DPTR FM NORMAL:   0.9   DPTR FM NORMAL:   -0.05    2 = FOG REDUCING VISIBILITY
HIGHEST:    95 ON  8    GRTST 24HR  0.02 ON 18-18      TO 1/4 MILE OR LESS
LOWEST:     43 ON 21                               3 = THUNDER
                        SNOW, ICE PELLETS, HAIL    4 = ICE PELLETS
                        TOTAL MONTH:   0.0 INCH    5 = HAIL
                        GRTST 24HR     0.0         6 = FREEZING RAIN OR DRIZZLE
                        GRTST DEPTH:   0           7 = DUSTSTORM OR SANDSTORM:
                                                       VSBY 1/2 MILE OR LESS
                                                   8 = SMOKE OR HAZE
[NO. OF DAYS WITH]      [WEATHER - DAYS WITH]      9 = BLOWING SNOW
                                                   X = TORNADO
MAX 32 OR BELOW:   0    0.01 INCH OR MORE:   1
MAX 90 OR ABOVE:   6    0.10 INCH OR MORE:   0
MIN 32 OR BELOW:   0    0.50 INCH OR MORE:   0
MIN  0 OR BELOW:   0    1.00 INCH OR MORE:   0

[HDD (BASE 65) ]
TOTAL THIS MO.    18    CLEAR  (SCALE 0-3)  23
DPTR FM NORMAL   -34    PTCLDY (SCALE 4-7)   0
TOTAL FM JUL 1  2937    CLOUDY (SCALE 8-10)  0
DPTR FM NORMAL    17

[CDD (BASE 65) ]
TOTAL THIS MO.    94
DPTR FM NORMAL    -7    [PRESSURE DATA]
TOTAL FM JAN 1   153    HIGHEST SLP M ON M
DPTR FM NORMAL    22    LOWEST  SLP 29.77 ON M

[REMARKS]
