000
CXUS56 KPDT 201832
CF6YKM
PRELIMINARY LOCAL CLIMATOLOGICAL DATA (WS FORM: F-6)

                                          STATION:   YAKIMA WA
                                          MONTH:     FEBRUARY
                                          YEAR:      2019
                                          LATITUDE:   46 34 N
                                          LONGITUDE: 120 32 W

  TEMPERATURE IN F:       :PCPN:    SNOW:  WIND      :SUNSHINE: SKY     :PK WND
================================================================================
1   2   3   4   5  6A  6B    7    8   9   10  11  12  13   14  15   16   17  18
                                     12Z  AVG MX 2MIN
DY MAX MIN AVG DEP HDD CDD  WTR  SNW DPTH SPD SPD DIR MIN PSBL S-S WX    SPD DR
================================================================================

 1  34  29  32  -2  33   0    T    M    M  1.2  7 140   M    M  10 16     10 240
 2  42  28  35   1  30   0 0.00    M    M  2.3  8  90   M    M   6 128    11  90
 3  39  29  34   0  31   0 0.00    M    M  1.5  8 280   M    M   7 12     12 170
 4  34  24  29  -5  36   0 0.59    M    M  6.7 21  10   M    M  10 12     27  10
 5  27   5  16 -18  49   0 0.13    M    M  2.9  8 310   M    M   9 1       9 120
 6  23  -6   9 -25  56   0 0.00    M    M  4.1  9 280   M    M   0 18     10 270
 7  23  -8   8 -27  57   0 0.00    M    M  3.5  8 290   M    M   1 18      9 290
 8  23  11  17 -18  48   0 0.07    M    M  1.6  8 260   M    M   9 18     10 240
 9  26  21  24 -11  41   0 0.13    M    M 14.2 29  10   M    M  10 19     38  20
10  25  18  22 -13  43   0 0.24    M    M  4.0 14  30   M    M  10 12     18  40
11  23   9  16 -19  49   0 0.22    M    M  5.0 12 270   M    M   9 128    19 300
12  28  19  24 -12  41   0 0.15    M    M  2.2  9 270   M    M   8 18     10 270
13  32  20  26 -10  39   0 0.01    M    M  2.0  9 340   M    M  10 18     12 340
14  33  26  30  -6  35   0 0.18    M    M  5.8 16 360   M    M  10 12     19  10
15  34  24  29  -7  36   0 0.02    M    M  2.2  8  70   M    M  10 18     10 100
16  36  29  33  -3  32   0 0.06    M    M  1.1  8 140   M    M  10 18      9 140
17  40  26  33  -3  32   0 0.05    M    M  3.1 12  30   M    M   8 12     14  20
18  32  13  23 -14  42   0    T    M    M  4.2  9 270   M    M   5 1      12 340
19  31   9  20 -17  45   0 0.00  0.0    M  3.0  9 250   M    M   3 18     11 250
================================================================================
SM  585  326       775   0  1.85     0.0  70.6          M      145
================================================================================
AV 30.8 17.2                               3.7 FASTST   M    M   8    MAX(MPH)
                                 MISC ---->  # 29  10               # 38   20
================================================================================
NOTES:
# LAST OF SEVERAL OCCURRENCES

COLUMN 17 PEAK WIND IN M.P.H.

PRELIMINARY LOCAL CLIMATOLOGICAL DATA (WS FORM: F-6) , PAGE 2

                                          STATION:  YAKIMA WA
                                          MONTH:    FEBRUARY
                                          YEAR:     2019
                                          LATITUDE:   46 34 N
                                          LONGITUDE: 120 32 W

[TEMPERATURE DATA]      [PRECIPITATION DATA]       SYMBOLS USED IN COLUMN 16

AVERAGE MONTHLY: 24.0   TOTAL FOR MONTH:   1.85    1 = FOG OR MIST
DPTR FM NORMAL: -11.2   DPTR FM NORMAL:    1.31    2 = FOG REDUCING VISIBILITY
HIGHEST:    42 ON  2    GRTST 24HR  0.59 ON  4- 4      TO 1/4 MILE OR LESS
LOWEST:     -8 ON  7                               3 = THUNDER
                        SNOW, ICE PELLETS, HAIL    4 = ICE PELLETS
                        TOTAL MONTH:   0.0 INCH    5 = HAIL
                        GRTST 24HR     0.0         6 = FREEZING RAIN OR DRIZZLE
                        GRTST DEPTH:  M  ON   M    7 = DUSTSTORM OR SANDSTORM:
                                                       VSBY 1/2 MILE OR LESS
                                                   8 = SMOKE OR HAZE
[NO. OF DAYS WITH]      [WEATHER - DAYS WITH]      9 = BLOWING SNOW
                                                   X = TORNADO
MAX 32 OR BELOW:  11    0.01 INCH OR MORE:  12
MAX 90 OR ABOVE:   0    0.10 INCH OR MORE:   7
MIN 32 OR BELOW:  19    0.50 INCH OR MORE:   1
MIN  0 OR BELOW:   2    1.00 INCH OR MORE:   0

[HDD (BASE 65) ]
TOTAL THIS MO.   775    CLEAR  (SCALE 0-3)   3
DPTR FM NORMAL   209    PTCLDY (SCALE 4-7)   4
TOTAL FM JUL 1  4135    CLOUDY (SCALE 8-10) 12
DPTR FM NORMAL  -149

[CDD (BASE 65) ]
TOTAL THIS MO.     0
DPTR FM NORMAL     0    [PRESSURE DATA]
TOTAL FM JAN 1     0    HIGHEST SLP M ON M
DPTR FM NORMAL     0    LOWEST  SLP 29.30 ON 14

[REMARKS]
