000
CXUS51 KPBZ 190904
CF6ZZV
PRELIMINARY LOCAL CLIMATOLOGICAL DATA (WS FORM: F-6)

                                          STATION:   ZANESVILLE OH
                                          MONTH:     JANUARY
                                          YEAR:      2019
                                          LATITUDE:   39 56 N
                                          LONGITUDE:  81 54 W

  TEMPERATURE IN F:       :PCPN:    SNOW:  WIND      :SUNSHINE: SKY     :PK WND
================================================================================
1   2   3   4   5  6A  6B    7    8   9   10  11  12  13   14  15   16   17  18
                                     12Z  AVG MX 2MIN
DY MAX MIN AVG DEP HDD CDD  WTR  SNW DPTH SPD SPD DIR MIN PSBL S-S WX    SPD DR
================================================================================

 1  60  39  50  21  15   0    T    M    M  9.2 28 260   M    M  10 18     41 280
 2  43  33  38   9  27   0 0.00    M    M  4.2 21 260   M    M  10 12     27 260
 3  41  27  34   5  31   0 0.00  0.0    0  6.9 21 260   M    M   6        28 270
 4  49  26  38   9  27   0 0.15    M    0  3.5 10  80   M    M   2 18     14 350
 5  49  37  43  14  22   0 0.25    M    0  7.4 16 270   M    M   3 1      21 270
 6  47  30  39  10  26   0 0.00  0.0    0  3.3 12 270   M    M   3 12     16 260
 7  60  34  47  18  18   0    T    M    0 10.5 18 250   M    M   4        27 220
 8  63  40  52  23  13   0 0.04    M    0 13.3 32 270   M    M   7        43 270
 9  41  23  32   3  33   0    T    M    0 12.9 24 290   M    M  10 1      31 300
10  26  21  24  -5  41   0    T    M    0  9.9 18 300   M    M  10        25 320
11  31  24  28  -1  37   0 0.00  0.0    0  3.6 10 320   M    M   7        15 310
12  30  25  28  -1  37   0 0.27    M    0  5.1 10  50   M    M   8 128    13  50
13  32  29  31   3  34   0    T    M    0  6.9 14  50   M    M  10 18     18  10
14  30  19  25  -3  40   0 0.00    M    M  5.0 10 260   M    M  10 18     13 260
15  29  19  24  -4  41   0 0.00  0.0    0  6.3 15 270   M    M   9 18     20 230
16  33  29  31   3  34   0 0.01    M    0  5.3 15 230   M    M  10 18     20 210
17  34  30  32   4  33   0 0.12    M    0  3.9 12 120   M    M  10 1      14 120
18  36  33  35   6  30   0 0.00  0.0    0  4.1 10 300   M    M  10 18     15 290
================================================================================
SM  734  518       539   0  0.84     0.0 121.3          M      139
================================================================================
AV 40.8 28.8                               6.7 FASTST   M    M   8    MAX(MPH)
                                 MISC ---->  # 32 270               # 43  270
================================================================================
NOTES:
# LAST OF SEVERAL OCCURRENCES

COLUMN 17 PEAK WIND IN M.P.H.

PRELIMINARY LOCAL CLIMATOLOGICAL DATA (WS FORM: F-6) , PAGE 2

                                          STATION:  ZANESVILLE OH
                                          MONTH:    JANUARY
                                          YEAR:     2019
                                          LATITUDE:   39 56 N
                                          LONGITUDE:  81 54 W

[TEMPERATURE DATA]      [PRECIPITATION DATA]       SYMBOLS USED IN COLUMN 16

AVERAGE MONTHLY: 34.8   TOTAL FOR MONTH:   0.84    1 = FOG OR MIST
DPTR FM NORMAL:   6.1   DPTR FM NORMAL:   -0.76    2 = FOG REDUCING VISIBILITY
HIGHEST:    63 ON  8    GRTST 24HR  0.88 ON 31- 1      TO 1/4 MILE OR LESS
LOWEST:     19 ON 15,14                            3 = THUNDER
                        SNOW, ICE PELLETS, HAIL    4 = ICE PELLETS
                        TOTAL MONTH:   0.0 INCH    5 = HAIL
                        GRTST 24HR     0.0         6 = FREEZING RAIN OR DRIZZLE
                        GRTST DEPTH:   0           7 = DUSTSTORM OR SANDSTORM:
                                                       VSBY 1/2 MILE OR LESS
                                                   8 = SMOKE OR HAZE
[NO. OF DAYS WITH]      [WEATHER - DAYS WITH]      9 = BLOWING SNOW
                                                   X = TORNADO
MAX 32 OR BELOW:   6    0.01 INCH OR MORE:   6
MAX 90 OR ABOVE:   0    0.10 INCH OR MORE:   4
MIN 32 OR BELOW:  12    0.50 INCH OR MORE:   0
MIN  0 OR BELOW:   0    1.00 INCH OR MORE:   0

[HDD (BASE 65) ]
TOTAL THIS MO.   539    CLEAR  (SCALE 0-3)   3
DPTR FM NORMAL  -109    PTCLDY (SCALE 4-7)   5
TOTAL FM JUL 1  2562    CLOUDY (SCALE 8-10) 10
DPTR FM NORMAL  -231

[CDD (BASE 65) ]
TOTAL THIS MO.     0
DPTR FM NORMAL     0    [PRESSURE DATA]
TOTAL FM JAN 1     0    HIGHEST SLP M ON M
DPTR FM NORMAL     0    LOWEST  SLP 29.54 ON  5

[REMARKS]
