000
CXUS51 KPBZ 210730
CF6ZZV
PRELIMINARY LOCAL CLIMATOLOGICAL DATA (WS FORM: F-6)

                                          STATION:   ZANESVILLE OH
                                          MONTH:     OCTOBER
                                          YEAR:      2019
                                          LATITUDE:   39 56 N
                                          LONGITUDE:  81 54 W

  TEMPERATURE IN F:       :PCPN:    SNOW:  WIND      :SUNSHINE: SKY     :PK WND
================================================================================
1   2   3   4   5  6A  6B    7    8   9   10  11  12  13   14  15   16   17  18
                                     12Z  AVG MX 2MIN
DY MAX MIN AVG DEP HDD CDD  WTR  SNW DPTH SPD SPD DIR MIN PSBL S-S WX    SPD DR
================================================================================

 1  92  67  80  22   0  15 0.00    M    M  3.8 14 230   M    M   3 1      18 230
 2  92  73  83  25   0  18 0.00    M    M  6.2 18 260   M    M   3        25 270
 3  93  63  78  21   0  13 0.00    M    M  7.6 20 320   M    M   2 1      28 230
 4  69  50  60   3   5   0 0.00    M    M  7.3 14  20   M    M   5        23 340
 5  77  44  61   4   4   0 0.00    M    M  6.1 15 160   M    M   0        20 170
 6  74  59  67  11   0   2 0.45    M    M  7.7 16 210   M    M   6 1      21 190
 7  61  48  55  -1  10   0 0.54    M    M  3.1 12 330   M    M   7 12     14 360
 8  69  47  58   2   7   0 0.00    M    M  4.3 16  60   M    M   4 12     20  60
 9  72  44  58   3   7   0 0.00    M    M  2.9  9  60   M    M   0        13  40
10  78  48  63   8   2   0 0.00    M    M  1.2  8 110   M    M   0        13 190
11  79  50  65  11   0   0    T    M    M  3.5 10 210   M    M   4        14 210
12  68  35  52  -2  13   0 0.03    M    M  7.6 20 310   M    M   4 1      26 310
13  67  32  50  -4  15   0 0.00    M    M  5.4 15 200   M    M   0 1      20 200
14  65  41  53  -1  12   0 0.00    M    M  5.0 16 260   M    M   0        22 260
15  72  35  54   1  11   0 0.00    M    M  3.8 15 150   M    M   0        19 150
16  61  47  54   1  11   0 0.44    M    M  9.5 18 280   M    M   9 13     26 260
17  57  41  49  -4  16   0 0.00    M    M 11.4 21 290   M    M   8        26 320
18  60  33  47  -5  18   0 0.00    M    M  1.1 10 300   M    M   0 1      13 270
19  66  31  49  -3  16   0 0.00    M    M  1.9 10 170   M    M   0        14 130
20   M   M   M   M   M   M    M    M    M    M  M   M   M    M   M         M   M
================================================================================
SM 1372  888       147  48  1.46    M     99.4          M       55
================================================================================
AV 72.2 46.7                               5.2 FASTST   M    M   3    MAX(MPH)
                                 MISC ---->    21 290                 28 230
================================================================================
NOTES:
# LAST OF SEVERAL OCCURRENCES

COLUMN 17 PEAK WIND IN M.P.H.

PRELIMINARY LOCAL CLIMATOLOGICAL DATA (WS FORM: F-6) , PAGE 2

                                          STATION:   ZANESVILLE OH
                                          MONTH:     OCTOBER
                                          YEAR:      2019
                                          LATITUDE:   39 56 N
                                          LONGITUDE:  81 54 W

[TEMPERATURE DATA]      [PRECIPITATION DATA]       SYMBOLS USED IN COLUMN 16

AVERAGE MONTHLY: 59.5   TOTAL FOR MONTH:   1.46    1 = FOG OR MIST
DPTR FM NORMAL:   4.7   DPTR FM NORMAL:   -0.25    2 = FOG REDUCING VISIBILITY
HIGHEST:    93 ON  3    GRTST 24HR  0.99 ON  6- 7      TO 1/4 MILE OR LESS
LOWEST:     31 ON 19                               3 = THUNDER
                        SNOW, ICE PELLETS, HAIL    4 = ICE PELLETS
                        TOTAL MONTH:  M            5 = HAIL
                        GRTST 24HR    M  ON   M    6 = FREEZING RAIN OR DRIZZLE
                        GRTST DEPTH:  M  ON   M    7 = DUSTSTORM OR SANDSTORM:
                                                       VSBY 1/2 MILE OR LESS
                                                   8 = SMOKE OR HAZE
[NO. OF DAYS WITH]      [WEATHER - DAYS WITH]      9 = BLOWING SNOW
                                                   X = TORNADO
MAX 32 OR BELOW:   0    0.01 INCH OR MORE:   4
MAX 90 OR ABOVE:   3    0.10 INCH OR MORE:   3
MIN 32 OR BELOW:   2    0.50 INCH OR MORE:   1
MIN  0 OR BELOW:   0    1.00 INCH OR MORE:   0

[HDD (BASE 65) ]
TOTAL THIS MO.   147    CLEAR  (SCALE 0-3)  10
DPTR FM NORMAL   -65    PTCLDY (SCALE 4-7)   7
TOTAL FM JUL 1   150    CLOUDY (SCALE 8-10)  2
DPTR FM NORMAL  -171

[CDD (BASE 65) ]
TOTAL THIS MO.    48
DPTR FM NORMAL    41    [PRESSURE DATA]
TOTAL FM JAN 1  1095    HIGHEST SLP M ON M
DPTR FM NORMAL   329    LOWEST  SLP 29.63 ON 16

[REMARKS]
