000
CDAK48 PAFC 310210
CLIADQ


CLIMATE REPORT
NATIONAL WEATHER SERVICE ANCHORAGE, AK
608 PM AKDT FRI OCT 30 2020


...................................

...THE KODIAK CLIMATE SUMMARY FOR OCTOBER 30 2020...
VALID TODAY AS OF 0500 PM LOCAL TIME.

CLIMATE NORMAL PERIOD 1981 TO 2010
CLIMATE RECORD PERIOD 1913 TO 2020


WEATHER ITEM   OBSERVED TIME   RECORD YEAR NORMAL DEPARTURE LAST
                VALUE   (LST)  VALUE       VALUE  FROM      YEAR
                                                  NORMAL
..................................................................
TEMPERATURE (F)
 TODAY
  MAXIMUM         35        MM  56    1936  43     -8       47
  MINIMUM         26   1200 AM   9    1917  31     -5       30
  AVERAGE         31                        37     -6       39

PRECIPITATION (IN)
  TODAY            0.01          2.21 1995   0.24  -0.23     0.03
  MONTH TO DATE    7.33                      8.01  -0.68     9.67
  SINCE SEP 1     18.59                     15.36   3.23    14.76
  SINCE JAN 1     43.29                     62.15 -18.86    50.14

DEGREE DAYS
 HEATING
  TODAY           34                        28      6       26
  MONTH TO DATE  654                       732    -78      622
  SINCE SEP 1   1082                      1200   -118      964
  SINCE JUL 1   1458                      1833   -375     1246

 COOLING
  TODAY            0                         0      0        0
  MONTH TO DATE    0                         0      0        0
  SINCE SEP 1      0                         0      0        0
  SINCE JAN 1     11                         1     10       56
..................................................................


WIND (MPH)
  RESULTANT WIND SPEED   4   RESULTANT WIND DIRECTION  NW (320)
  HIGHEST WIND SPEED    10   HIGHEST WIND DIRECTION    NW (310)
  HIGHEST GUST SPEED    MM   HIGHEST GUST DIRECTION    MM
  AVERAGE WIND SPEED     5.5



WEATHER CONDITIONS
 THE FOLLOWING WEATHER WAS RECORDED TODAY.
  LIGHT SNOW


RELATIVE HUMIDITY (PERCENT)
 HIGHEST    85
 LOWEST     61
 AVERAGE    73

..........................................................


THE KODIAK CLIMATE NORMALS FOR TOMORROW
                         NORMAL    RECORD    YEAR
 MAXIMUM TEMPERATURE (F)   42        56      1929
 MINIMUM TEMPERATURE (F)   31         7      1917


SUNRISE AND SUNSET
OCTOBER 30 2020.......SUNRISE   920 AM AKDT  SUNSET   626 PM AKDT
OCTOBER 31 2020.......SUNRISE   923 AM AKDT  SUNSET   624 PM AKDT


-  INDICATES NEGATIVE NUMBERS.
R  INDICATES RECORD WAS SET OR TIED.
MM INDICATES DATA IS MISSING.
T  INDICATES TRACE AMOUNT.




$$
