553
CDAK48 PAFC 221222
CLIADQ


CLIMATE REPORT
NATIONAL WEATHER SERVICE ANCHORAGE, AK
421 AM AKDT SAT SEP 22 2018


...................................

...THE KODIAK CLIMATE SUMMARY FOR SEPTEMBER 21 2018...

CLIMATE NORMAL PERIOD 1981 TO 2010
CLIMATE RECORD PERIOD 1913 TO 2018


WEATHER ITEM   OBSERVED TIME   RECORD YEAR NORMAL DEPARTURE LAST
                VALUE   (LST)  VALUE       VALUE  FROM      YEAR
                                                  NORMAL
..................................................................
TEMPERATURE (F)
 YESTERDAY
  MAXIMUM         58    327 PM  63    2000  54      4       53
                                      1965
                                      1945
  MINIMUM         43    442 AM  26    1992  42      1       48
  AVERAGE         51                        48      3       51

PRECIPITATION (IN)
  YESTERDAY        0.08          4.48 1939   0.26  -0.18     0.20
  MONTH TO DATE    1.35                      4.81  -3.46     5.42
  SINCE SEP 1      1.35                      4.81  -3.46     5.42
  SINCE JAN 1     46.01                     51.60  -5.59    45.94

SNOWFALL (IN)
  YESTERDAY        0.0          MM      MM   0.0    0.0      0.0
  MONTH TO DATE    0.0                       0.0    0.0      0.0
  SINCE SEP 1      0.0                       0.0    0.0      0.0
  SINCE JUL 1      0.0                       0.0    0.0      0.0
  SNOW DEPTH       0

DEGREE DAYS
 HEATING
  YESTERDAY       14                        17     -3       14
  MONTH TO DATE  198                       300   -102      302
  SINCE SEP 1    198                       300   -102      302
  SINCE JUL 1    700                       933   -233      907

 COOLING
  YESTERDAY        0                         0      0        0
  MONTH TO DATE    0                         0      0        0
  SINCE SEP 1      0                         0      0        0
  SINCE JAN 1      8                         1      7        0
..................................................................


WIND (MPH)
  RESULTANT WIND SPEED   3   RESULTANT WIND DIRECTION  SW (240)
  HIGHEST WIND SPEED    16   HIGHEST WIND DIRECTION    SW (210)
  HIGHEST GUST SPEED    23   HIGHEST GUST DIRECTION     S (180)
  AVERAGE WIND SPEED     4.5



WEATHER CONDITIONS
 THE FOLLOWING WEATHER WAS RECORDED YESTERDAY.
  LIGHT RAIN


RELATIVE HUMIDITY (PERCENT)
 HIGHEST    93
 LOWEST     72
 AVERAGE    83

..........................................................


THE KODIAK CLIMATE NORMALS FOR TODAY
                         NORMAL    RECORD    YEAR
 MAXIMUM TEMPERATURE (F)   54        64      1951
 MINIMUM TEMPERATURE (F)   41        29      2003
                                             1992


SUNRISE AND SUNSET
SEPTEMBER 22 2018.....SUNRISE   755 AM AKDT  SUNSET   809 PM AKDT
SEPTEMBER 23 2018.....SUNRISE   758 AM AKDT  SUNSET   806 PM AKDT


-  INDICATES NEGATIVE NUMBERS.
R  INDICATES RECORD WAS SET OR TIED.
MM INDICATES DATA IS MISSING.
T  INDICATES TRACE AMOUNT.




$$
