000
CDAK48 PAFC 180053
CLIADQ


CLIMATE REPORT
NATIONAL WEATHER SERVICE ANCHORAGE, AK
452 PM AKDT THU OCT 17 2019


...................................

...THE KODIAK CLIMATE SUMMARY FOR OCTOBER 17 2019...
VALID TODAY AS OF 0400 PM LOCAL TIME.

CLIMATE NORMAL PERIOD 1981 TO 2010
CLIMATE RECORD PERIOD 1913 TO 2019


WEATHER ITEM   OBSERVED TIME   RECORD YEAR NORMAL DEPARTURE LAST
                VALUE   (LST)  VALUE       VALUE  FROM      YEAR
                                                  NORMAL
..................................................................
TEMPERATURE (F)
 TODAY
  MAXIMUM         46    249 PM  55    1978  46      0       54
  MINIMUM         40    258 AM  23    2016  34      6       38
  AVERAGE         43                        40      3       46

PRECIPITATION (IN)
  TODAY            0.03          1.92 1925   0.27  -0.24     0.08
  MONTH TO DATE    2.16                      4.66  -2.50     1.26
  SINCE SEP 1      7.25                     12.01  -4.76     4.46
  SINCE JAN 1     42.63                     58.80 -16.17    49.12

SNOWFALL (IN)
  TODAY           MM            MM      MM   0.1   MM        0.0
  MONTH TO DATE   MM                         0.3   MM        0.0
  SINCE SEP 1     MM                         0.3   MM        0.0
  SINCE JUL 1     MM                         0.3   MM        0.0
  SNOW DEPTH      MM

DEGREE DAYS
 HEATING
  TODAY           22                        25     -3       19
  MONTH TO DATE  342                       386    -44      286
  SINCE SEP 1    684                       854   -170      610
  SINCE JUL 1    966                      1487   -521     1112

 COOLING
  TODAY            0                         0      0        0
  MONTH TO DATE    0                         0      0        0
  SINCE SEP 1      0                         0      0        0
  SINCE JAN 1     56                         1     55        8
..................................................................


WIND (MPH)
  RESULTANT WIND SPEED   6   RESULTANT WIND DIRECTION  NW (300)
  HIGHEST WIND SPEED    16   HIGHEST WIND DIRECTION    NW (300)
  HIGHEST GUST SPEED    19   HIGHEST GUST DIRECTION    NW (310)
  AVERAGE WIND SPEED     6.6



WEATHER CONDITIONS
 THE FOLLOWING WEATHER WAS RECORDED TODAY.
  LIGHT RAIN
  FOG


RELATIVE HUMIDITY (PERCENT)
 HIGHEST    92
 LOWEST     70
 AVERAGE    81

..........................................................


THE KODIAK CLIMATE NORMALS FOR TOMORROW
                         NORMAL    RECORD    YEAR
 MAXIMUM TEMPERATURE (F)   46        59      1929
 MINIMUM TEMPERATURE (F)   34        22      2016
                                             1915


SUNRISE AND SUNSET
OCTOBER 17 2019.......SUNRISE   849 AM AKDT  SUNSET   701 PM AKDT
OCTOBER 18 2019.......SUNRISE   851 AM AKDT  SUNSET   658 PM AKDT


-  INDICATES NEGATIVE NUMBERS.
R  INDICATES RECORD WAS SET OR TIED.
MM INDICATES DATA IS MISSING.
T  INDICATES TRACE AMOUNT.




$$
