000
CDAK48 PAFC 041238
CLIADQ


CLIMATE REPORT
NATIONAL WEATHER SERVICE ANCHORAGE, AK
436 AM AKDT THU JUN 4 2020


...................................

...THE KODIAK CLIMATE SUMMARY FOR JUNE 3 2020...

CLIMATE NORMAL PERIOD 1981 TO 2010
CLIMATE RECORD PERIOD 1913 TO 2020


WEATHER ITEM   OBSERVED TIME   RECORD YEAR NORMAL DEPARTURE LAST
                VALUE   (LST)  VALUE       VALUE  FROM      YEAR
                                                  NORMAL
..................................................................
TEMPERATURE (F)
 YESTERDAY
  MAXIMUM         52    352 PM  73    1980  53     -1       56
  MINIMUM         47    859 AM  33    2007  42      5       38
                                      1973
  AVERAGE         50                        47      3       47

PRECIPITATION (IN)
  YESTERDAY        0.14          1.64 1955   0.21  -0.07     0.03
  MONTH TO DATE    1.25                      0.63   0.62     0.06
  SINCE JUN 1      1.25                      0.63   0.62     0.06
  SINCE JAN 1     15.50                     32.02 -16.52    28.48

DEGREE DAYS
 HEATING
  YESTERDAY       15                        18     -3       18
  MONTH TO DATE   46                        54     -8       56
  SINCE JUN 1     46                        54     -8       56
  SINCE JUL 1   7429                      8388   -959     7181

 COOLING
  YESTERDAY        0                         0      0        0
  MONTH TO DATE    0                         0      0        0
  SINCE JUN 1      0                         0      0        0
  SINCE JAN 1      0                         0      0        0
..................................................................


WIND (MPH)
  RESULTANT WIND SPEED  12   RESULTANT WIND DIRECTION  NE (30)
  HIGHEST WIND SPEED    21   HIGHEST WIND DIRECTION    NE (30)
  HIGHEST GUST SPEED    26   HIGHEST GUST DIRECTION    NE (30)
  AVERAGE WIND SPEED    12.7



WEATHER CONDITIONS
 THE FOLLOWING WEATHER WAS RECORDED YESTERDAY.
  RAIN
  LIGHT RAIN
  FOG
  HAZE


RELATIVE HUMIDITY (PERCENT)
 HIGHEST    93
 LOWEST     77
 AVERAGE    85

..........................................................


THE KODIAK CLIMATE NORMALS FOR TODAY
                         NORMAL    RECORD    YEAR
 MAXIMUM TEMPERATURE (F)   53        73      1996
 MINIMUM TEMPERATURE (F)   42        31      1973


SUNRISE AND SUNSET
JUNE  4 2020..........SUNRISE   515 AM AKDT  SUNSET  1103 PM AKDT
JUNE  5 2020..........SUNRISE   514 AM AKDT  SUNSET  1104 PM AKDT


-  INDICATES NEGATIVE NUMBERS.
R  INDICATES RECORD WAS SET OR TIED.
MM INDICATES DATA IS MISSING.
T  INDICATES TRACE AMOUNT.




$$
