320
CDAK48 PAFC 170049
CLIADQ


CLIMATE REPORT
NATIONAL WEATHER SERVICE ANCHORAGE, AK
349 PM AKST SUN DEC 16 2018


...................................

...THE KODIAK CLIMATE SUMMARY FOR DECEMBER 16 2018...
VALID TODAY AS OF 0300 PM LOCAL TIME.

CLIMATE NORMAL PERIOD 1981 TO 2010
CLIMATE RECORD PERIOD 1913 TO 2018


WEATHER ITEM   OBSERVED TIME   RECORD YEAR NORMAL DEPARTURE LAST
                VALUE   (LST)  VALUE       VALUE  FROM      YEAR
                                                  NORMAL
..................................................................
TEMPERATURE (F)
 TODAY
  MAXIMUM         35    142 AM  50    1984  36     -1       40
                                      1955
  MINIMUM         32    916 AM   1    1999  26      6       29
  AVERAGE         34                        31      3       35

PRECIPITATION (IN)
  TODAY            T             1.49 1985   0.30  -0.30     0.00
  MONTH TO DATE    3.81                      4.56  -0.75     8.06
  SINCE DEC 1      3.81                      4.56  -0.75     8.06
  SINCE JAN 1     70.84                     73.83  -2.99    62.90

SNOWFALL (IN)
  TODAY           MM             4.5  1956   0.5   MM        0.0
  MONTH TO DATE    T                         7.6   -7.6      0.0
  SINCE DEC 1      T                         7.6   -7.6      0.0
  SINCE JUL 1      T                        15.1  -15.1      7.5
  SNOW DEPTH      MM

DEGREE DAYS
 HEATING
  TODAY           31                        34     -3       30
  MONTH TO DATE  486                       539    -53      436
  SINCE DEC 1    486                       539    -53      436
  SINCE JUL 1   2676                      3334   -658     2999

 COOLING
  TODAY            0                         0      0        0
  MONTH TO DATE    0                         0      0        0
  SINCE DEC 1      0                         0      0        0
  SINCE JAN 1      8                         1      7        0
..................................................................


WIND (MPH)
  RESULTANT WIND SPEED  15   RESULTANT WIND DIRECTION  NW (300)
  HIGHEST WIND SPEED    25   HIGHEST WIND DIRECTION    NW (300)
  HIGHEST GUST SPEED    34   HIGHEST GUST DIRECTION     W (290)
  AVERAGE WIND SPEED    15.4



WEATHER CONDITIONS
 THE FOLLOWING WEATHER WAS RECORDED TODAY.
  LIGHT SNOW
  FOG


RELATIVE HUMIDITY (PERCENT)
 HIGHEST    89
 LOWEST     64
 AVERAGE    77

..........................................................


THE KODIAK CLIMATE NORMALS FOR TOMORROW
                         NORMAL    RECORD    YEAR
 MAXIMUM TEMPERATURE (F)   36        48      1984
 MINIMUM TEMPERATURE (F)   26        -2      1997


SUNRISE AND SUNSET
DECEMBER 16 2018......SUNRISE   949 AM AKST  SUNSET   422 PM AKST
DECEMBER 17 2018......SUNRISE   950 AM AKST  SUNSET   423 PM AKST


-  INDICATES NEGATIVE NUMBERS.
R  INDICATES RECORD WAS SET OR TIED.
MM INDICATES DATA IS MISSING.
T  INDICATES TRACE AMOUNT.




$$
