000
CDAK48 PAFC 191255
CLIADQ


CLIMATE REPORT
NATIONAL WEATHER SERVICE ANCHORAGE, AK
454 AM AKDT TUE JUN 19 2018


...................................

...THE KODIAK CLIMATE SUMMARY FOR JUNE 18 2018...

CLIMATE NORMAL PERIOD 1981 TO 2010
CLIMATE RECORD PERIOD 1913 TO 2018


WEATHER ITEM   OBSERVED TIME   RECORD YEAR NORMAL DEPARTURE LAST
                VALUE   (LST)  VALUE       VALUE  FROM      YEAR
                                                  NORMAL
..................................................................
TEMPERATURE (F)
 YESTERDAY
  MAXIMUM         62    135 PM  78    1926  55      7       56
  MINIMUM         49    540 AM  37    1985  45      4       44
  AVERAGE         56                        50      6       50

PRECIPITATION (IN)
  YESTERDAY        0.22          1.90 1948   0.19   0.03      T
  MONTH TO DATE    2.34                      3.73  -1.39     2.51
  SINCE MAR 1     19.41                     20.69  -1.28    17.73
  SINCE JAN 1     30.34                     35.12  -4.78    23.27

SNOWFALL (IN)
  YESTERDAY        0.0          MM      MM   0.0    0.0      0.0
  MONTH TO DATE    0.0                       0.0    0.0      0.0
  SINCE MAR 1      1.1                      19.5  -18.4      2.6
  SINCE JUL 1     17.9                      68.9  -51.0     28.4
  SNOW DEPTH       0

DEGREE DAYS
 HEATING
  YESTERDAY        9                        15     -6       15
  MONTH TO DATE  240                       296    -56      270
  SINCE JUN 1    240                       296    -56      270
  SINCE JUL 1   7770                      8630   -860     8078

 COOLING
  YESTERDAY        0                         0      0        0
  MONTH TO DATE    0                         0      0        0
  SINCE JUN 1      0                         0      0        0
  SINCE JAN 1      0                         0      0        0
..................................................................


WIND (MPH)
  RESULTANT WIND SPEED  10   RESULTANT WIND DIRECTION  SE (150)
  HIGHEST WIND SPEED    18   HIGHEST WIND DIRECTION     S (160)
  HIGHEST GUST SPEED    24   HIGHEST GUST DIRECTION     S (170)
  AVERAGE WIND SPEED    11.7



WEATHER CONDITIONS
 THE FOLLOWING WEATHER WAS RECORDED YESTERDAY.
  LIGHT RAIN
  FOG


RELATIVE HUMIDITY (PERCENT)
 HIGHEST   100
 LOWEST     60
 AVERAGE    80

..........................................................


THE KODIAK CLIMATE NORMALS FOR TODAY
                         NORMAL    RECORD    YEAR
 MAXIMUM TEMPERATURE (F)   55        81      1926
 MINIMUM TEMPERATURE (F)   45        34      1966


SUNRISE AND SUNSET
JUNE 19 2018..........SUNRISE   508 AM AKDT  SUNSET  1115 PM AKDT
JUNE 20 2018..........SUNRISE   509 AM AKDT  SUNSET  1115 PM AKDT


-  INDICATES NEGATIVE NUMBERS.
R  INDICATES RECORD WAS SET OR TIED.
MM INDICATES DATA IS MISSING.
T  INDICATES TRACE AMOUNT.




$$
