000
CDAK48 PAFC 161356
CLIANC

CLIMATE REPORT
NATIONAL WEATHER SERVICE ANCHORAGE, AK
454 AM AKST MON DEC 16 2019


...................................

...THE ANCHORAGE AK CLIMATE SUMMARY FOR DECEMBER 15 2019...

CLIMATE NORMAL PERIOD 1981 TO 2010
CLIMATE RECORD PERIOD 1952 TO 2019


WEATHER ITEM   OBSERVED TIME   RECORD YEAR NORMAL DEPARTURE LAST
                VALUE   (LST)  VALUE       VALUE  FROM      YEAR
                                                  NORMAL
..................................................................
TEMPERATURE (F)
 YESTERDAY
  MAXIMUM         33    624 PM  44    1986  25      8       24
  MINIMUM         28    758 AM -19    1980  13     15       16
  AVERAGE         31                        19     12       20

PRECIPITATION (IN)
  YESTERDAY        0.00          0.41 1966   0.04  -0.04
  MONTH TO DATE    0.43                      0.57  -0.14
  SINCE DEC 1      0.43                      0.57  -0.14
  SINCE JAN 1     14.03                     16.04  -2.01

SNOWFALL (IN)
  YESTERDAY        0.0           7.4  1998   0.6   -0.6      0.1
  MONTH TO DATE    8.0                       8.5   -0.5     17.7
  SINCE DEC 1      8.0                       8.5   -0.5     17.7
  SINCE JUL 1     19.0                      29.9  -10.9     22.9
  SNOW DEPTH       T

DEGREE DAYS
 HEATING
  YESTERDAY       34                              -12
  MONTH TO DATE  522                             -161
  SINCE DEC 1    522                             -161
  SINCE JUL 1   2611                            -1236

 COOLING
  YESTERDAY        0                                0
  MONTH TO DATE    0                                0
  SINCE DEC 1      0                                0
  SINCE JAN 1    105                              103
..................................................................


WIND (MPH)
  HIGHEST WIND SPEED    14   HIGHEST WIND DIRECTION     N (340)
  HIGHEST GUST SPEED    17   HIGHEST GUST DIRECTION    NW (330)
  AVERAGE WIND SPEED     4.2




RELATIVE HUMIDITY (PERCENT)
 HIGHEST    78
 LOWEST     56
 AVERAGE    67

..........................................................


THE ANCHORAGE AK CLIMATE NORMALS FOR TODAY
                         NORMAL    RECORD    YEAR
 MAXIMUM TEMPERATURE (F)   25        44      2005
 MINIMUM TEMPERATURE (F)   13       -19      1980


SUNRISE AND SUNSET
DECEMBER 16 2019......SUNRISE  1010 AM AKST  SUNSET   341 PM AKST
DECEMBER 17 2019......SUNRISE  1011 AM AKST  SUNSET   341 PM AKST

CIVIL TWILIGHT
DECEMBER 16 2019        START   909 AM AKST     END   443 PM AKST
DECEMBER 17 2019        START   910 AM AKST     END   443 PM AKST



-  INDICATES NEGATIVE NUMBERS.
R  INDICATES RECORD WAS SET OR TIED.
MM INDICATES DATA IS MISSING.
T  INDICATES TRACE AMOUNT.




$$
&&
------------------------------------------------------
AMOUNT OF DAYLIGHT TODAY  (HOUR:MIN)........ 5:31
GAIN/LOSS SINCE YESTERDAY (HOUR:MIN:SEC)....-0:01:09
