101
CDAK48 PAFC 150048
CLIANC

CLIMATE REPORT
NATIONAL WEATHER SERVICE ANCHORAGE, AK
448 PM AKDT FRI JUN 14 2024

...................................

...THE ANCHORAGE AK CLIMATE SUMMARY FOR JUNE 14 2024...
VALID TODAY AS OF 0400 PM LOCAL TIME.

CLIMATE NORMAL PERIOD: 1991 TO 2020
CLIMATE RECORD PERIOD: 1952 TO 2024


WEATHER ITEM   OBSERVED TIME   RECORD YEAR NORMAL DEPARTURE LAST
                VALUE   (LST)  VALUE       VALUE  FROM      YEAR
                                                  NORMAL
...................................................................
TEMPERATURE (F)
 TODAY
  MAXIMUM         67   2:31 PM  85    1969  63      4       58
  MINIMUM         44   2:54 AM  41    1955  48     -4       47
                                      2007
  AVERAGE         56                        56      0       53

PRECIPITATION (IN)
  TODAY            0.00          1.23 1978   0.03  -0.03     0.00
  MONTH TO DATE    0.47                      0.41   0.06     0.45
  SINCE JUN 1      0.47                      0.41   0.06     0.45
  SINCE JAN 1      5.07                      3.79   1.28     4.25

SNOWFALL (IN)
  TODAY            0.0           0.0    MM   0.0    0.0      0.0
  MONTH TO DATE    0.0                       0.0    0.0      0.0
  SINCE JUN 1      0.0                       0.0    0.0      0.0
  SINCE JUL 1    133.3                      77.9   55.4    107.9
  SNOW DEPTH       0

DEGREE DAYS
 HEATING
  TODAY            9                         9      0       12
  MONTH TO DATE  157                       152      5      180
  SINCE JUN 1    157                       152      5      180
  SINCE JUL 1   9856                      9857     -1    10022

 COOLING
  TODAY            0                         0      0        0
  MONTH TO DATE    0                         0      0        0
  SINCE JUN 1      0                         0      0        0
  SINCE JAN 1      0                         0      0        0
...................................................................


WIND (MPH)
  RESULTANT WIND SPEED   2   RESULTANT WIND DIRECTION  SW (240)
  HIGHEST WIND SPEED    12   HIGHEST WIND DIRECTION     W (290)
  HIGHEST GUST SPEED    25   HIGHEST GUST DIRECTION     N (340)
  AVERAGE WIND SPEED     3.6


SKY COVER
  AVERAGE SKY COVER 0.4


WEATHER CONDITIONS
THE FOLLOWING WEATHER WAS RECORDED TODAY.
  NO SIGNIFICANT WEATHER WAS OBSERVED.


RELATIVE HUMIDITY (PERCENT)
 HIGHEST    89           4:00 AM
 LOWEST     50          12:00 PM
 AVERAGE    70

..........................................................


THE ANCHORAGE AK CLIMATE NORMALS FOR TOMORROW
                         NORMAL    RECORD    YEAR
 MAXIMUM TEMPERATURE (F)   64        83      2015
 MINIMUM TEMPERATURE (F)   49        39      2000


SUNRISE AND SUNSET
JUNE 14 2024..........SUNRISE   4:22 AM AKDT  SUNSET  11:39 PM AKDT
JUNE 15 2024..........SUNRISE   4:22 AM AKDT  SUNSET  11:40 PM AKDT

CIVIL TWILIGHT
JUNE 14 2024..........  START     **.** AKDT     END     **.** AKDT
JUNE 15 2024..........  START     **.** AKDT     END     **.** AKDT

-  INDICATES NEGATIVE NUMBERS.
R  INDICATES RECORD WAS SET OR TIED.
MM INDICATES DATA IS MISSING.
T  INDICATES TRACE AMOUNT.




$$