000
CDAK48 PAFC 111323
CLIANC

CLIMATE REPORT
NATIONAL WEATHER SERVICE ANCHORAGE, AK
409 AM AKST TUE DEC 11 2018


...................................

...THE ANCHORAGE AK CLIMATE SUMMARY FOR DECEMBER 10 2018...

CLIMATE NORMAL PERIOD 1981 TO 2010
CLIMATE RECORD PERIOD 1952 TO 2018


WEATHER ITEM   OBSERVED TIME   RECORD YEAR NORMAL DEPARTURE LAST
                VALUE   (LST)  VALUE       VALUE  FROM      YEAR
                                                  NORMAL
..................................................................
TEMPERATURE (F)
 YESTERDAY
  MAXIMUM         29   1044 PM  46    2017  25      4       46
  MINIMUM         24    851 AM -27    1955  14     10       31
  AVERAGE         27                        19      8       39

PRECIPITATION (IN)
  YESTERDAY        T             0.75 1963   0.04  -0.04
  MONTH TO DATE    0.74                      0.38   0.36
  SINCE DEC 1      0.74                      0.38   0.36
  SINCE JAN 1     16.79                     15.85   0.94

SNOWFALL (IN)
  YESTERDAY        T             6.2  2003   0.6   -0.6      0.0
  MONTH TO DATE    1.8                       5.6   -3.8      1.0
  SINCE DEC 1      1.8                       5.6   -3.8      1.0
  SINCE JUL 1      7.0                      27.0  -20.0      9.3
  SNOW DEPTH       2

DEGREE DAYS
 HEATING
  YESTERDAY       38                               -8
  MONTH TO DATE  331                             -122
  SINCE DEC 1    331                             -122
  SINCE JUL 1   2600                            -1017

 COOLING
  YESTERDAY        0                                0
  MONTH TO DATE    0                                0
  SINCE DEC 1      0                                0
  SINCE JAN 1     12                               10
..................................................................


WIND (MPH)
  HIGHEST WIND SPEED    15   HIGHEST WIND DIRECTION     N (350)
  HIGHEST GUST SPEED    19   HIGHEST GUST DIRECTION     N (350)
  AVERAGE WIND SPEED     8.8




RELATIVE HUMIDITY (PERCENT)
 HIGHEST    81
 LOWEST     69
 AVERAGE    75

..........................................................


THE ANCHORAGE AK CLIMATE NORMALS FOR TODAY
                         NORMAL    RECORD    YEAR
 MAXIMUM TEMPERATURE (F)   25        47      1985
 MINIMUM TEMPERATURE (F)   14       -25      1955


SUNRISE AND SUNSET
DECEMBER 11 2018......SUNRISE  1004 AM AKST  SUNSET   343 PM AKST
DECEMBER 12 2018......SUNRISE  1006 AM AKST  SUNSET   342 PM AKST

CIVIL TWILIGHT
DECEMBER 11 2018        START   904 AM AKST     END   444 PM AKST
DECEMBER 12 2018        START   905 AM AKST     END   444 PM AKST



-  INDICATES NEGATIVE NUMBERS.
R  INDICATES RECORD WAS SET OR TIED.
MM INDICATES DATA IS MISSING.
T  INDICATES TRACE AMOUNT.




$$
&&
------------------------------------------------------
AMOUNT OF DAYLIGHT TODAY  (HOUR:MIN)........ 5:39
GAIN/LOSS SINCE YESTERDAY (HOUR:MIN:SEC)....-0:02:03
