000
CDAK48 PAFC 191253
CLIANC

CLIMATE REPORT
NATIONAL WEATHER SERVICE ANCHORAGE, AK
450 AM AKDT TUE JUN 19 2018


...................................

...THE ANCHORAGE AK CLIMATE SUMMARY FOR JUNE 18 2018...

CLIMATE NORMAL PERIOD 1981 TO 2010
CLIMATE RECORD PERIOD 1952 TO 2018


WEATHER ITEM   OBSERVED TIME   RECORD YEAR NORMAL DEPARTURE LAST
                VALUE   (LST)  VALUE       VALUE  FROM      YEAR
                                                  NORMAL
..................................................................
TEMPERATURE (F)
 YESTERDAY
  MAXIMUM         63    510 PM  82    2013  63      0       61
  MINIMUM         51    717 AM  41    1955  48      3       47
  AVERAGE         57                        56      1       54

PRECIPITATION (IN)
  YESTERDAY        0.12          0.33 1974   0.03   0.09
  MONTH TO DATE    1.06                      0.54   0.52
  SINCE MAR 1      2.53                      2.33   0.20
  SINCE JAN 1      5.67                      3.78   1.89

SNOWFALL (IN)
  YESTERDAY        0.0           0.0    MM   0.0    0.0      0.0
  MONTH TO DATE    0.0                       0.0    0.0      0.0
  SINCE MAR 1     10.8                      14.2   -3.4     10.3
  SINCE JUL 1     59.1                      74.5  -15.4     82.4
  SNOW DEPTH       0

DEGREE DAYS
 HEATING
  YESTERDAY        8                               -1
  MONTH TO DATE  162                              -33
  SINCE JUN 1    162                              -33
  SINCE JUL 1   9293                             -802

 COOLING
  YESTERDAY        0                                0
  MONTH TO DATE    0                                0
  SINCE JUN 1      0                                0
  SINCE JAN 1      0                                0
..................................................................


WIND (MPH)
  HIGHEST WIND SPEED    28   HIGHEST WIND DIRECTION    SE (150)
  HIGHEST GUST SPEED    39   HIGHEST GUST DIRECTION    SE (150)
  AVERAGE WIND SPEED    12.3




RELATIVE HUMIDITY (PERCENT)
 HIGHEST    96
 LOWEST     52
 AVERAGE    74

..........................................................


THE ANCHORAGE AK CLIMATE NORMALS FOR TODAY
                         NORMAL    RECORD    YEAR
 MAXIMUM TEMPERATURE (F)   64        77      1961
 MINIMUM TEMPERATURE (F)   49        41      1976


SUNRISE AND SUNSET
JUNE 19 2018..........SUNRISE   421 AM AKDT  SUNSET  1142 PM AKDT
JUNE 20 2018..........SUNRISE   421 AM AKDT  SUNSET  1142 PM AKDT

CIVIL TWILIGHT
JUNE 19 2018            START     **.** GMT     END     **.** GMT
JUNE 20 2018            START     **.** GMT     END     **.** GMT



-  INDICATES NEGATIVE NUMBERS.
R  INDICATES RECORD WAS SET OR TIED.
MM INDICATES DATA IS MISSING.
T  INDICATES TRACE AMOUNT.




$$
&&
------------------------------------------------------
AMOUNT OF DAYLIGHT TODAY  (HOUR:MIN)........19:21
GAIN/LOSS SINCE YESTERDAY (HOUR:MIN:SEC)....+0:00:25
