000
CDAK48 PAFC 210029
CLIANC

CLIMATE REPORT
NATIONAL WEATHER SERVICE ANCHORAGE, AK
428 PM AKDT THU SEP 20 2018


...................................

...THE ANCHORAGE AK CLIMATE SUMMARY FOR SEPTEMBER 20 2018...
VALID TODAY AS OF 0400 PM LOCAL TIME.

CLIMATE NORMAL PERIOD 1981 TO 2010
CLIMATE RECORD PERIOD 1952 TO 2018


WEATHER ITEM   OBSERVED TIME   RECORD YEAR NORMAL DEPARTURE LAST
                VALUE   (LST)  VALUE       VALUE  FROM      YEAR
                                                  NORMAL
..................................................................
TEMPERATURE (F)
 TODAY
  MAXIMUM         61    259 PM  66    1995  54      7       58
  MINIMUM         52    242 AM  30    1992  41     11       42
                                      1957
  AVERAGE         57                        47     10       50

PRECIPITATION (IN)
  TODAY            0.00          1.20 1976   0.10  -0.10     0.00
  MONTH TO DATE    T                         2.01  -2.01     1.35
  SINCE SEP 1      T                         2.01  -2.01     1.35
  SINCE JAN 1     10.91                     11.30  -0.39    13.29

SNOWFALL (IN)
  TODAY            0.0           T    2003   0.0    0.0      0.0
                                      1993
                                      1956
  MONTH TO DATE    0.0                       0.1   -0.1      0.0
  SINCE SEP 1      0.0                       0.1   -0.1      0.0
  SINCE JUL 1      0.0                       0.1   -0.1      0.0
  SNOW DEPTH       0

DEGREE DAYS
 HEATING
  TODAY            8                        18    -10       15
  MONTH TO DATE  171                       292   -121      241
  SINCE SEP 1    171                       292   -121      241
  SINCE JUL 1    489                       742   -253      609

 COOLING
  TODAY            0                         0      0        0
  MONTH TO DATE    0                         0      0        0
  SINCE SEP 1      0                         0      0        0
  SINCE JAN 1     12                         2     10        3
..................................................................


WIND (MPH)
  RESULTANT WIND SPEED   2   RESULTANT WIND DIRECTION  SW (230)
  HIGHEST WIND SPEED     9   HIGHEST WIND DIRECTION     S (170)
  HIGHEST GUST SPEED    14   HIGHEST GUST DIRECTION     S (170)
  AVERAGE WIND SPEED     2.8


SKY COVER
  POSSIBLE SUNSHINE  MM
  AVERAGE SKY COVER 0.9


WEATHER CONDITIONS
 THE FOLLOWING WEATHER WAS RECORDED TODAY.
  NO SIGNIFICANT WEATHER WAS OBSERVED.


RELATIVE HUMIDITY (PERCENT)
 HIGHEST    96          1200 AM
 LOWEST     64           100 PM
 AVERAGE    80

..........................................................


THE ANCHORAGE AK CLIMATE NORMALS FOR TOMORROW
                         NORMAL    RECORD    YEAR
 MAXIMUM TEMPERATURE (F)   53        67      1995
 MINIMUM TEMPERATURE (F)   40        28      1992


SUNRISE AND SUNSET
SEPTEMBER 20 2018.....SUNRISE   740 AM AKDT  SUNSET   806 PM AKDT
SEPTEMBER 21 2018.....SUNRISE   742 AM AKDT  SUNSET   802 PM AKDT

CIVIL TWILIGHT
SEPTEMBER 20 2018       START   657 AM AKDT     END   849 PM AKDT
SEPTEMBER 21 2018       START   659 AM AKDT     END   846 PM AKDT



-  INDICATES NEGATIVE NUMBERS.
R  INDICATES RECORD WAS SET OR TIED.
MM INDICATES DATA IS MISSING.
T  INDICATES TRACE AMOUNT.




$$
&&
------------------------------------------------------
AMOUNT OF DAYLIGHT TODAY  (HOUR:MIN)........12:26
GAIN/LOSS SINCE YESTERDAY (HOUR:MIN:SEC)....-0:05:39
