000
CDAK48 PAFC 181329
CLIANC

CLIMATE REPORT
NATIONAL WEATHER SERVICE ANCHORAGE, AK
522 AM AKDT FRI OCT 18 2019


...................................

...THE ANCHORAGE AK CLIMATE SUMMARY FOR OCTOBER 17 2019...

CLIMATE NORMAL PERIOD 1981 TO 2010
CLIMATE RECORD PERIOD 1952 TO 2019


WEATHER ITEM   OBSERVED TIME   RECORD YEAR NORMAL DEPARTURE LAST
                VALUE   (LST)  VALUE       VALUE  FROM      YEAR
                                                  NORMAL
..................................................................
TEMPERATURE (F)
 YESTERDAY
  MAXIMUM         45    355 PM  56    2018  40      5       56
  MINIMUM         33   1048 PM   8    1959  29      4       48
  AVERAGE         39                        34      5       52

PRECIPITATION (IN)
  YESTERDAY        0.04          0.67 1999   0.06  -0.02
  MONTH TO DATE    1.29                      1.33  -0.04
  SINCE SEP 1      5.07                      4.32   0.75
  SINCE JAN 1     11.00                     13.61  -2.61

SNOWFALL (IN)
  YESTERDAY        0.0           8.5  2001   0.3   MM        0.0
  MONTH TO DATE    0.2                       3.3   -3.1      0.0
  SINCE SEP 1      0.2                       3.7   -3.5      0.0
  SINCE JUL 1      0.2                       3.7   -3.5      0.0
  SNOW DEPTH       0

DEGREE DAYS
 HEATING
  YESTERDAY       26                               -5
  MONTH TO DATE  400                              -49
  SINCE SEP 1    762                             -181
  SINCE JUL 1    905                             -488

 COOLING
  YESTERDAY        0                                0
  MONTH TO DATE    0                                0
  SINCE SEP 1      0                                0
  SINCE JAN 1    105                              103
..................................................................


WIND (MPH)
  HIGHEST WIND SPEED    15   HIGHEST WIND DIRECTION    NE (40)
  HIGHEST GUST SPEED    19   HIGHEST GUST DIRECTION    NE (30)
  AVERAGE WIND SPEED     5.1




RELATIVE HUMIDITY (PERCENT)
 HIGHEST    89
 LOWEST     53
 AVERAGE    71

..........................................................


THE ANCHORAGE AK CLIMATE NORMALS FOR TODAY
                         NORMAL    RECORD    YEAR
 MAXIMUM TEMPERATURE (F)   39        54      2013
 MINIMUM TEMPERATURE (F)   28         2      1959


SUNRISE AND SUNSET
OCTOBER 18 2019.......SUNRISE   850 AM AKDT  SUNSET   639 PM AKDT
OCTOBER 19 2019.......SUNRISE   853 AM AKDT  SUNSET   636 PM AKDT

CIVIL TWILIGHT
OCTOBER 18 2019         START   806 AM AKDT     END   724 PM AKDT
OCTOBER 19 2019         START   809 AM AKDT     END   721 PM AKDT



-  INDICATES NEGATIVE NUMBERS.
R  INDICATES RECORD WAS SET OR TIED.
MM INDICATES DATA IS MISSING.
T  INDICATES TRACE AMOUNT.




$$
&&
------------------------------------------------------
AMOUNT OF DAYLIGHT TODAY  (HOUR:MIN)........ 9:49
GAIN/LOSS SINCE YESTERDAY (HOUR:MIN:SEC)....-0:05:38
