000
CDAK48 PAFC 201256
CLIANC

CLIMATE REPORT
NATIONAL WEATHER SERVICE ANCHORAGE, AK
355 AM AKST TUE FEB 20 2018


...................................

...THE ANCHORAGE AK CLIMATE SUMMARY FOR FEBRUARY 19 2018...

CLIMATE NORMAL PERIOD 1981 TO 2010
CLIMATE RECORD PERIOD 1952 TO 2018


WEATHER ITEM   OBSERVED TIME   RECORD YEAR NORMAL DEPARTURE LAST
                VALUE   (LST)  VALUE       VALUE  FROM      YEAR
                                                  NORMAL
..................................................................
TEMPERATURE (F)
 YESTERDAY
  MAXIMUM         27    508 PM  48    1977  28     -1       28
  MINIMUM         24   1034 PM -21    1965  15      9       20
  AVERAGE         26                        21      5       24

PRECIPITATION (IN)
  YESTERDAY        0.01          0.32 1968   0.03  -0.02
  MONTH TO DATE    0.88                      0.52   0.36
  SINCE SEP 1      8.41                      8.54  -0.13
  SINCE JAN 1      1.70                      1.25   0.45

SNOWFALL (IN)
  YESTERDAY        T             6.9  1968   0.4   -0.4      3.4
  MONTH TO DATE    9.0                       7.8    1.2     16.5
  SINCE SEP 1     31.2                      57.2  -26.0     69.0
  SINCE JUL 1     31.2                      57.2  -26.0     69.0
  SNOW DEPTH      13

DEGREE DAYS
 HEATING
  YESTERDAY       39                               -5
  MONTH TO DATE  884                               16
  SINCE DEC 1   3451                             -328
  SINCE JUL 1   6325                             -618

 COOLING
  YESTERDAY        0                                0
  MONTH TO DATE    0                                0
  SINCE DEC 1      0                                0
  SINCE JAN 1      0                                0
..................................................................


WIND (MPH)
  HIGHEST WIND SPEED    14   HIGHEST WIND DIRECTION    NE (40)
  HIGHEST GUST SPEED    15   HIGHEST GUST DIRECTION    NE (40)
  AVERAGE WIND SPEED     4.0




RELATIVE HUMIDITY (PERCENT)
 HIGHEST   100
 LOWEST     81
 AVERAGE    91

..........................................................


THE ANCHORAGE AK CLIMATE NORMALS FOR TODAY
                         NORMAL    RECORD    YEAR
 MAXIMUM TEMPERATURE (F)   28        43      2010
                                             1977
 MINIMUM TEMPERATURE (F)   15       -14      1990
                                             1954


SUNRISE AND SUNSET
FEBRUARY 20 2018......SUNRISE   827 AM AKST  SUNSET   602 PM AKST
FEBRUARY 21 2018......SUNRISE   824 AM AKST  SUNSET   604 PM AKST

CIVIL TWILIGHT
FEBRUARY 20 2018        START    743 AM GMT     END    647 PM GMT
FEBRUARY 21 2018        START    740 AM GMT     END    649 PM GMT



-  INDICATES NEGATIVE NUMBERS.
R  INDICATES RECORD WAS SET OR TIED.
MM INDICATES DATA IS MISSING.
T  INDICATES TRACE AMOUNT.




$$
&&
------------------------------------------------------
AMOUNT OF DAYLIGHT TODAY  (HOUR:MIN)........ 9:35
GAIN/LOSS SINCE YESTERDAY (HOUR:MIN:SEC)....+0:05:41
