000
CDAK48 PAFC 261333
CLIANC

CLIMATE REPORT
NATIONAL WEATHER SERVICE ANCHORAGE, AK
533 AM AKDT MON OCT 26 2020


...................................

...THE ANCHORAGE AK CLIMATE SUMMARY FOR OCTOBER 25 2020...

CLIMATE NORMAL PERIOD 1981 TO 2010
CLIMATE RECORD PERIOD 1952 TO 2020


WEATHER ITEM   OBSERVED TIME   RECORD YEAR NORMAL DEPARTURE LAST
                VALUE   (LST)  VALUE       VALUE  FROM      YEAR
                                                  NORMAL
..................................................................
TEMPERATURE (F)
 YESTERDAY
  MAXIMUM         37    258 PM  50    2018  36      1       47
                                      2002
                                      1992
  MINIMUM         34   1147 PM   0    1970  24     10       34
                                      1956
  AVERAGE         36                        30      6       41

PRECIPITATION (IN)
  YESTERDAY        0.57          0.62 1976   0.04   0.53
  MONTH TO DATE    0.96                      1.76  -0.80
  SINCE SEP 1      2.84                      4.75  -1.91
  SINCE JAN 1     13.70                     14.04  -0.34

SNOWFALL (IN)
  YESTERDAY        T             6.7  1976   0.3   -0.3      0.0
  MONTH TO DATE    0.6                       5.9   -5.3      0.2
  SINCE SEP 1      0.6                       6.3   -5.7      0.2
  SINCE JUL 1      0.6                       6.3   -5.7      0.2
  SNOW DEPTH       0

DEGREE DAYS
 HEATING
  YESTERDAY       29                               -6
  MONTH TO DATE  622                              -91
  SINCE SEP 1   1046                             -161
  SINCE JUL 1   1348                             -309

 COOLING
  YESTERDAY        0                                0
  MONTH TO DATE    0                                0
  SINCE SEP 1      0                                0
  SINCE JAN 1      3                                1
..................................................................


WIND (MPH)
  HIGHEST WIND SPEED    16   HIGHEST WIND DIRECTION     N (340)
  HIGHEST GUST SPEED    21   HIGHEST GUST DIRECTION     N (340)
  AVERAGE WIND SPEED     7.6




RELATIVE HUMIDITY (PERCENT)
 HIGHEST    MM
 LOWEST     MM
 AVERAGE    MM

..........................................................


THE ANCHORAGE AK CLIMATE NORMALS FOR TODAY
                         NORMAL    RECORD    YEAR
 MAXIMUM TEMPERATURE (F)   35        52      2018
 MINIMUM TEMPERATURE (F)   24         3      1996


SUNRISE AND SUNSET
OCTOBER 26 2020.......SUNRISE   913 AM AKDT  SUNSET   613 PM AKDT
OCTOBER 27 2020.......SUNRISE   916 AM AKDT  SUNSET   611 PM AKDT

CIVIL TWILIGHT
OCTOBER 26 2020         START   828 AM AKDT     END   700 PM AKDT
OCTOBER 27 2020         START   830 AM AKDT     END   657 PM AKDT



-  INDICATES NEGATIVE NUMBERS.
R  INDICATES RECORD WAS SET OR TIED.
MM INDICATES DATA IS MISSING.
T  INDICATES TRACE AMOUNT.




$$
&&
------------------------------------------------------
AMOUNT OF DAYLIGHT TODAY  (HOUR:MIN)........ 9:00
GAIN/LOSS SINCE YESTERDAY (HOUR:MIN:SEC)....-0:05:34
