000
CDAK48 PAFC 191314
CLIBET


CLIMATE REPORT
NATIONAL WEATHER SERVICE ANCHORAGE, AK
414 AM AKST MON FEB 19 2018


...................................

...THE BETHEL CLIMATE SUMMARY FOR FEBRUARY 18 2018...

CLIMATE NORMAL PERIOD 1981 TO 2010
CLIMATE RECORD PERIOD 1948 TO 2018


WEATHER ITEM   OBSERVED TIME   RECORD YEAR NORMAL DEPARTURE LAST
                VALUE   (LST)  VALUE       VALUE  FROM      YEAR
                                                  NORMAL
..................................................................
TEMPERATURE (F)
 YESTERDAY
  MAXIMUM         39    136 AM  48    1934  19     20       -9
  MINIMUM         31   1159 PM -36    1932   5     26      -18
  AVERAGE         35                        12     23      -13

PRECIPITATION (IN)
  YESTERDAY        0.05          0.51 2009   0.03   0.02     0.00
  MONTH TO DATE    0.82                      0.46   0.36     0.29
  SINCE SEP 1     10.90                      8.36   2.54     6.64
  SINCE JAN 1      1.12                      1.24  -0.12     1.50

SNOWFALL (IN)
  YESTERDAY        0.5           2.6  1996   0.2    0.3      0.0
  MONTH TO DATE    4.7                       4.3    0.4      2.9
  SINCE SEP 1     24.4                      43.2  -18.8     23.8
  SINCE JUL 1     24.4                      43.2  -18.8     23.8
  SNOW DEPTH       8

DEGREE DAYS
 HEATING
  YESTERDAY       30                        53    -23       78
  MONTH TO DATE  776                       987   -211     1178
  SINCE DEC 1   3666                      4491   -825     4515
  SINCE JUL 1   6832                      8214  -1382     7743

 COOLING
  YESTERDAY        0                         0      0        0
  MONTH TO DATE    0                         0      0        0
  SINCE DEC 1      0                         0      0        0
  SINCE JAN 1      0                         0      0        0
..................................................................


WIND (MPH)
  RESULTANT WIND SPEED  16   RESULTANT WIND DIRECTION   S (170)
  HIGHEST WIND SPEED    31   HIGHEST WIND DIRECTION    SE (140)
  HIGHEST GUST SPEED    40   HIGHEST GUST DIRECTION    SE (140)
  AVERAGE WIND SPEED    17.7



WEATHER CONDITIONS
 THE FOLLOWING WEATHER WAS RECORDED YESTERDAY.
  LIGHT SNOW
  FOG


RELATIVE HUMIDITY (PERCENT)
 HIGHEST    96
 LOWEST     59
 AVERAGE    78

..........................................................


THE BETHEL CLIMATE NORMALS FOR TODAY
                         NORMAL    RECORD    YEAR
 MAXIMUM TEMPERATURE (F)   19        47      1934
 MINIMUM TEMPERATURE (F)    5       -32      1932


SUNRISE AND SUNSET
FEBRUARY 19 2018......SUNRISE   916 AM AKST  SUNSET   647 PM AKST
FEBRUARY 20 2018......SUNRISE   913 AM AKST  SUNSET   650 PM AKST


-  INDICATES NEGATIVE NUMBERS.
R  INDICATES RECORD WAS SET OR TIED.
MM INDICATES DATA IS MISSING.
T  INDICATES TRACE AMOUNT.




$$
