360
CDAK48 PAFC 180056
CLIBET


CLIMATE REPORT
NATIONAL WEATHER SERVICE ANCHORAGE, AK
456 PM AKDT SUN JUN 17 2018


...................................

...THE BETHEL CLIMATE SUMMARY FOR JUNE 17 2018...
VALID TODAY AS OF 0400 PM LOCAL TIME.

CLIMATE NORMAL PERIOD 1981 TO 2010
CLIMATE RECORD PERIOD 1948 TO 2018


WEATHER ITEM   OBSERVED TIME   RECORD YEAR NORMAL DEPARTURE LAST
                VALUE   (LST)  VALUE       VALUE  FROM      YEAR
                                                  NORMAL
..................................................................
TEMPERATURE (F)
 TODAY
  MAXIMUM         52    246 PM  90    1926  62    -10       61
  MINIMUM         46    719 AM  35    1939  45      1       49
  AVERAGE         49                        53     -4       55

PRECIPITATION (IN)
  TODAY            0.18          0.56 2005   0.07   0.11     0.00
  MONTH TO DATE    1.05                      0.92   0.13     0.87
  SINCE MAR 1      4.35                      3.51   0.84     3.95
  SINCE JAN 1      6.12                      5.01   1.11     5.84

SNOWFALL (IN)
  TODAY            0.0          MM      MM   0.0    0.0      0.0
  MONTH TO DATE    0.0                       0.0    0.0      0.0
  SINCE MAR 1     10.8                      16.0   -5.2      3.8
  SINCE JUL 1     40.4                      61.8  -21.4     31.2
  SNOW DEPTH       0

DEGREE DAYS
 HEATING
  TODAY           16                        12      4       10
  MONTH TO DATE  185                       244    -59      131
  SINCE JUN 1    185                       244    -59      131
  SINCE JUL 1  10391                     12385  -1994    11701

 COOLING
  TODAY            0                         0      0        0
  MONTH TO DATE    0                         0      0        0
  SINCE JUN 1      0                         0      0        0
  SINCE JAN 1      0                         0      0        0
..................................................................


WIND (MPH)
  RESULTANT WIND SPEED   8   RESULTANT WIND DIRECTION  SE (120)
  HIGHEST WIND SPEED    20   HIGHEST WIND DIRECTION     S (170)
  HIGHEST GUST SPEED    23   HIGHEST GUST DIRECTION     S (180)
  AVERAGE WIND SPEED     9.0



WEATHER CONDITIONS
 THE FOLLOWING WEATHER WAS RECORDED TODAY.
  LIGHT RAIN
  FOG


RELATIVE HUMIDITY (PERCENT)
 HIGHEST   100
 LOWEST     89
 AVERAGE    95

..........................................................


THE BETHEL CLIMATE NORMALS FOR TOMORROW
                         NORMAL    RECORD    YEAR
 MAXIMUM TEMPERATURE (F)   62        88      2013
 MINIMUM TEMPERATURE (F)   45        32      1932


SUNRISE AND SUNSET
JUNE 17 2018..........SUNRISE   513 AM AKDT  SUNSET  1223 AM AKDT
JUNE 18 2018..........SUNRISE   513 AM AKDT  SUNSET  1223 AM AKDT


-  INDICATES NEGATIVE NUMBERS.
R  INDICATES RECORD WAS SET OR TIED.
MM INDICATES DATA IS MISSING.
T  INDICATES TRACE AMOUNT.




$$
