349
CDAK48 PAFC 200034
CLIBET


CLIMATE REPORT
NATIONAL WEATHER SERVICE ANCHORAGE, AK
434 PM AKDT WED SEP 19 2018


...................................

...THE BETHEL CLIMATE SUMMARY FOR SEPTEMBER 19 2018...
VALID TODAY AS OF 0400 PM LOCAL TIME.

CLIMATE NORMAL PERIOD 1981 TO 2010
CLIMATE RECORD PERIOD 1948 TO 2018


WEATHER ITEM   OBSERVED TIME   RECORD YEAR NORMAL DEPARTURE LAST
                VALUE   (LST)  VALUE       VALUE  FROM      YEAR
                                                  NORMAL
..................................................................
TEMPERATURE (F)
 TODAY
  MAXIMUM         53        MM  71    2010  51      2       47
  MINIMUM         45        MM  25    1972  38      7       33
  AVERAGE         49                        44      5       40

PRECIPITATION (IN)
  TODAY            T             0.86 1924   0.09  -0.09     0.23
  MONTH TO DATE    0.67                      1.81  -1.14     1.91
  SINCE SEP 1      0.67                      1.81  -1.14     1.91
  SINCE JAN 1     15.57                     13.23   2.34    16.84

SNOWFALL (IN)
  TODAY            0.0          MM      MM   0.1   -0.1      0.0
  MONTH TO DATE    0.0                       0.2   -0.2      0.0
  SINCE SEP 1      0.0                       0.2   -0.2      0.0
  SINCE JUL 1      0.0                       0.2   -0.2      0.0
  SNOW DEPTH       0

DEGREE DAYS
 HEATING
  TODAY           16                        21     -5       25
  MONTH TO DATE  258                       323    -65      321
  SINCE SEP 1    258                       323    -65      321
  SINCE JUL 1    866                       959    -93      872

 COOLING
  TODAY            0                         0      0        0
  MONTH TO DATE    0                         0      0        0
  SINCE SEP 1      0                         0      0        0
  SINCE JAN 1      1                         4     -3        6
..................................................................


WIND (MPH)
  RESULTANT WIND SPEED   9   RESULTANT WIND DIRECTION  SW (220)
  HIGHEST WIND SPEED    14   HIGHEST WIND DIRECTION    SW (220)
  HIGHEST GUST SPEED    MM   HIGHEST GUST DIRECTION    MM
  AVERAGE WIND SPEED     9.4



WEATHER CONDITIONS
 THE FOLLOWING WEATHER WAS RECORDED TODAY.
  NO SIGNIFICANT WEATHER WAS OBSERVED.


RELATIVE HUMIDITY (PERCENT)
 HIGHEST   100
 LOWEST     77
 AVERAGE    89

..........................................................


THE BETHEL CLIMATE NORMALS FOR TOMORROW
                         NORMAL    RECORD    YEAR
 MAXIMUM TEMPERATURE (F)   51        64      1926
 MINIMUM TEMPERATURE (F)   37        24      1987
                                             1939


SUNRISE AND SUNSET
SEPTEMBER 19 2018.....SUNRISE   825 AM AKDT  SUNSET   856 PM AKDT
SEPTEMBER 20 2018.....SUNRISE   827 AM AKDT  SUNSET   853 PM AKDT


-  INDICATES NEGATIVE NUMBERS.
R  INDICATES RECORD WAS SET OR TIED.
MM INDICATES DATA IS MISSING.
T  INDICATES TRACE AMOUNT.




$$
