027
CDAK48 PAFC 121306
CLIBET


CLIMATE REPORT
NATIONAL WEATHER SERVICE ANCHORAGE, AK
406 AM AKST WED DEC 12 2018


...................................

...THE BETHEL CLIMATE SUMMARY FOR DECEMBER 11 2018...

CLIMATE NORMAL PERIOD 1981 TO 2010
CLIMATE RECORD PERIOD 1948 TO 2018


WEATHER ITEM   OBSERVED TIME   RECORD YEAR NORMAL DEPARTURE LAST
                VALUE   (LST)  VALUE       VALUE  FROM      YEAR
                                                  NORMAL
..................................................................
TEMPERATURE (F)
 YESTERDAY
  MAXIMUM         20    759 AM  40    1932  18      2       31
  MINIMUM          9   1157 PM -30    1975   5      4       21
                                      1964
                                      1953
  AVERAGE         15                        11      4       26

PRECIPITATION (IN)
  YESTERDAY        0.06          0.54 2000   0.03   0.03     0.01
  MONTH TO DATE    0.46                      0.43   0.03     0.39
  SINCE DEC 1      0.46                      0.43   0.03     0.39
  SINCE JAN 1     20.53                     17.85   2.68    24.06

SNOWFALL (IN)
  YESTERDAY        0.6           5.0  2000   0.3    0.3       T
  MONTH TO DATE    0.6                       4.3   -3.7      4.4
  SINCE DEC 1      0.6                       4.3   -3.7      4.4
  SINCE JUL 1      1.0                      22.2  -21.2     11.7
  SNOW DEPTH       2

DEGREE DAYS
 HEATING
  YESTERDAY       50                        54     -4       39
  MONTH TO DATE  438                       579   -141      452
  SINCE DEC 1    438                       579   -141      452
  SINCE JUL 1   3428                      4302   -874     3618

 COOLING
  YESTERDAY        0                         0      0        0
  MONTH TO DATE    0                         0      0        0
  SINCE DEC 1      0                         0      0        0
  SINCE JAN 1      1                         4     -3        6
..................................................................


WIND (MPH)
  RESULTANT WIND SPEED  15   RESULTANT WIND DIRECTION   W (260)
  HIGHEST WIND SPEED    26   HIGHEST WIND DIRECTION    NW (300)
  HIGHEST GUST SPEED    34   HIGHEST GUST DIRECTION    NW (300)
  AVERAGE WIND SPEED    15.9



WEATHER CONDITIONS
 THE FOLLOWING WEATHER WAS RECORDED YESTERDAY.
  LIGHT SNOW
  FOG
  HAZE


RELATIVE HUMIDITY (PERCENT)
 HIGHEST    92
 LOWEST     80
 AVERAGE    86

..........................................................


THE BETHEL CLIMATE NORMALS FOR TODAY
                         NORMAL    RECORD    YEAR
 MAXIMUM TEMPERATURE (F)   18        41      2000
 MINIMUM TEMPERATURE (F)    5       -32      1953


SUNRISE AND SUNSET
DECEMBER 12 2018......SUNRISE  1049 AM AKST  SUNSET   433 PM AKST
DECEMBER 13 2018......SUNRISE  1050 AM AKST  SUNSET   433 PM AKST


-  INDICATES NEGATIVE NUMBERS.
R  INDICATES RECORD WAS SET OR TIED.
MM INDICATES DATA IS MISSING.
T  INDICATES TRACE AMOUNT.




$$
