975
CDAK48 PAFC 181325
CLIBET


CLIMATE REPORT
NATIONAL WEATHER SERVICE ANCHORAGE, AK
522 AM AKDT FRI OCT 18 2019


...................................

...THE BETHEL CLIMATE SUMMARY FOR OCTOBER 17 2019...

CLIMATE NORMAL PERIOD 1981 TO 2010
CLIMATE RECORD PERIOD 1948 TO 2019


WEATHER ITEM   OBSERVED TIME   RECORD YEAR NORMAL DEPARTURE LAST
                VALUE   (LST)  VALUE       VALUE  FROM      YEAR
                                                  NORMAL
..................................................................
TEMPERATURE (F)
 YESTERDAY
  MAXIMUM         31    227 PM  52    1969  35     -4       50
  MINIMUM         22   1159 PM   2    2008  24     -2       39
  AVERAGE         27                        30     -3       45

PRECIPITATION (IN)
  YESTERDAY        0.00          0.56 2005   0.05  -0.05     0.13
  MONTH TO DATE    1.31                      1.02   0.29     1.62
  SINCE SEP 1      5.95                      3.77   2.18     3.47
  SINCE JAN 1     18.83                     15.19   3.64    18.37

SNOWFALL (IN)
  YESTERDAY       MM            MM      MM   0.1   MM        0.0
  MONTH TO DATE   MM                         1.5   MM        0.0
  SINCE SEP 1     MM                         2.1   MM        0.0
  SINCE JUL 1     MM                         2.1   MM        0.0
  SNOW DEPTH      MM

DEGREE DAYS
 HEATING
  YESTERDAY       38                        35      3       20
  MONTH TO DATE  466                       528    -62      318
  SINCE SEP 1    951                      1110   -159      730
  SINCE JUL 1   1353                      1746   -393     1338

 COOLING
  YESTERDAY        0                         0      0        0
  MONTH TO DATE    0                         0      0        0
  SINCE SEP 1      0                         0      0        0
  SINCE JAN 1      6                         4      2        1
..................................................................


WIND (MPH)
  RESULTANT WIND SPEED   9   RESULTANT WIND DIRECTION   N (20)
  HIGHEST WIND SPEED    16   HIGHEST WIND DIRECTION     N (10)
  HIGHEST GUST SPEED    20   HIGHEST GUST DIRECTION    NE (30)
  AVERAGE WIND SPEED     9.8



WEATHER CONDITIONS
 THE FOLLOWING WEATHER WAS RECORDED YESTERDAY.
  FOG


RELATIVE HUMIDITY (PERCENT)
 HIGHEST    92
 LOWEST     69
 AVERAGE    81

..........................................................


THE BETHEL CLIMATE NORMALS FOR TODAY
                         NORMAL    RECORD    YEAR
 MAXIMUM TEMPERATURE (F)   34        56      1925
 MINIMUM TEMPERATURE (F)   24         1      1929


SUNRISE AND SUNSET
OCTOBER 18 2019.......SUNRISE   936 AM AKDT  SUNSET   727 PM AKDT
OCTOBER 19 2019.......SUNRISE   939 AM AKDT  SUNSET   724 PM AKDT


-  INDICATES NEGATIVE NUMBERS.
R  INDICATES RECORD WAS SET OR TIED.
MM INDICATES DATA IS MISSING.
T  INDICATES TRACE AMOUNT.




$$
