000
CDAK48 PAFC 090040
CLIBET

CLIMATE REPORT
NATIONAL WEATHER SERVICE ANCHORAGE, AK
440 PM AKDT SAT MAY 08 2021

...................................

...THE BETHEL CLIMATE SUMMARY FOR MAY 8 2021...
VALID TODAY AS OF 0400 PM LOCAL TIME.

CLIMATE NORMAL PERIOD: 1981 TO 2010
CLIMATE RECORD PERIOD: 1948 TO 2021


WEATHER ITEM   OBSERVED TIME   RECORD YEAR NORMAL DEPARTURE LAST
                VALUE   (LST)  VALUE       VALUE  FROM      YEAR
                                                  NORMAL
...................................................................
TEMPERATURE (F)
 TODAY
  MAXIMUM         51   1:34 PM  66    1940  47      4       57
  MINIMUM         33   6:39 AM   6    1965  31      2       43
  AVERAGE         42                        39      3       50

PRECIPITATION (IN)
  TODAY            0.00          0.35 2003   0.04  -0.04      T
  MONTH TO DATE    T                         0.27  -0.27     0.03
  SINCE MAR 1      T                         1.72  -1.72     3.26
  SINCE JAN 1      1.37                      3.22  -1.85     5.61

DEGREE DAYS
 HEATING
  TODAY           23                        26     -3       15
  MONTH TO DATE  192                       222    -30      163
  SINCE MAR 1   2899                      2909    -10     2684
  SINCE JUL 1  10976                     11647   -671    11433

 COOLING
  TODAY            0                         0      0        0
  MONTH TO DATE    0                         0      0        0
  SINCE MAR 1      0                         0      0        0
  SINCE JAN 1      0                         0      0        0
...................................................................


WIND (MPH)
  RESULTANT WIND SPEED   7   RESULTANT WIND DIRECTION   E (90)
  HIGHEST WIND SPEED    14   HIGHEST WIND DIRECTION     E (110)
  HIGHEST GUST SPEED    17   HIGHEST GUST DIRECTION     E (110)
  AVERAGE WIND SPEED     8.0


SKY COVER
  AVERAGE SKY COVER 0.5


WEATHER CONDITIONS
THE FOLLOWING WEATHER WAS RECORDED TODAY.
  NO SIGNIFICANT WEATHER WAS OBSERVED.


RELATIVE HUMIDITY (PERCENT)
 HIGHEST    85
 LOWEST     52
 AVERAGE    69

..........................................................


THE BETHEL CLIMATE NORMALS FOR TOMORROW
                         NORMAL    RECORD    YEAR
 MAXIMUM TEMPERATURE (F)   48        67      1940
 MINIMUM TEMPERATURE (F)   31        13      1964


SUNRISE AND SUNSET
MAY  8 2021...........SUNRISE   6:20 AM AKDT  SUNSET  11:09 PM AKDT
MAY  9 2021...........SUNRISE   6:18 AM AKDT  SUNSET  11:12 PM AKDT


-  INDICATES NEGATIVE NUMBERS.
R  INDICATES RECORD WAS SET OR TIED.
MM INDICATES DATA IS MISSING.
T  INDICATES TRACE AMOUNT.




$$
