000
CDAK48 PAFC 100050
CLIBET


CLIMATE REPORT
NATIONAL WEATHER SERVICE ANCHORAGE, AK
450 PM AKDT SUN AUG 9 2020


...................................

...THE BETHEL CLIMATE SUMMARY FOR AUGUST 9 2020...
VALID TODAY AS OF 0400 PM LOCAL TIME.

CLIMATE NORMAL PERIOD 1981 TO 2010
CLIMATE RECORD PERIOD 1948 TO 2020


WEATHER ITEM   OBSERVED TIME   RECORD YEAR NORMAL DEPARTURE LAST
                VALUE   (LST)  VALUE       VALUE  FROM      YEAR
                                                  NORMAL
..................................................................
TEMPERATURE (F)
 TODAY
  MAXIMUM         57    259 PM  87    2003  61     -4       66
  MINIMUM         43    504 AM  36    1928  48     -5       57
  AVERAGE         50                        54     -4       62

PRECIPITATION (IN)
  TODAY            0.03          0.63 1969   0.11  -0.08     0.00
  MONTH TO DATE    1.15                      0.94   0.21     2.77
  SINCE JUN 1      4.61                      5.02  -0.41     6.17
  SINCE JAN 1     11.35                      9.11   2.24    12.25

DEGREE DAYS
 HEATING
  TODAY           15                        11      4        3
  MONTH TO DATE   85                        93     -8       54
  SINCE JUN 1    670                       749    -79      363
  SINCE JUL 1    342                       371    -29      202

 COOLING
  TODAY            0                         0      0        0
  MONTH TO DATE    0                         0      0        0
  SINCE JUN 1      3                         3      0        6
  SINCE JAN 1      3                         3      0        6
..................................................................


WIND (MPH)
  RESULTANT WIND SPEED   7   RESULTANT WIND DIRECTION  SE (150)
  HIGHEST WIND SPEED    12   HIGHEST WIND DIRECTION     S (180)
  HIGHEST GUST SPEED    14   HIGHEST GUST DIRECTION     S (190)
  AVERAGE WIND SPEED     6.7



WEATHER CONDITIONS
 THE FOLLOWING WEATHER WAS RECORDED TODAY.
  LIGHT RAIN
  FOG


RELATIVE HUMIDITY (PERCENT)
 HIGHEST   100
 LOWEST     86
 AVERAGE    93

..........................................................


THE BETHEL CLIMATE NORMALS FOR TOMORROW
                         NORMAL    RECORD    YEAR
 MAXIMUM TEMPERATURE (F)   61        79      1930
 MINIMUM TEMPERATURE (F)   48        38      2002
                                             1937


SUNRISE AND SUNSET
AUGUST  9 2020........SUNRISE   645 AM AKDT  SUNSET  1059 PM AKDT
AUGUST 10 2020........SUNRISE   647 AM AKDT  SUNSET  1056 PM AKDT


-  INDICATES NEGATIVE NUMBERS.
R  INDICATES RECORD WAS SET OR TIED.
MM INDICATES DATA IS MISSING.
T  INDICATES TRACE AMOUNT.




$$
