000
CDUS44 KOHX 302138
CLIBNA


CLIMATE REPORT
NATIONAL WEATHER SERVICE NASHVILLE TN
438 PM CDT FRI OCT 30 2020


...................................

...THE NASHVILLE CLIMATE SUMMARY FOR OCTOBER 30 2020...
VALID TODAY AS OF 0400 PM LOCAL TIME.

CLIMATE NORMAL PERIOD 1981 TO 2010
CLIMATE RECORD PERIOD 1871 TO 2020


WEATHER ITEM   OBSERVED TIME   RECORD YEAR NORMAL DEPARTURE
                VALUE   (LST)  VALUE       VALUE  FROM
                                                  NORMAL
...............................................................
TEMPERATURE (F)
 TODAY
  MAXIMUM         57    259 PM  86    1937  67    -10
  MINIMUM         47    905 AM  26    1952  45      2
  AVERAGE         52                        56     -4

PRECIPITATION (IN)
  TODAY            0.00          2.02 1949   0.10  -0.10
  MONTH TO DATE    3.51                      2.93   0.58
  SINCE JAN 1     46.74                     38.59   8.15

SNOWFALL (IN)
  TODAY            0.0           1.0  1925
  MONTH TO DATE    0.0
  SINCE SEP 1      0.0
  SINCE JUL 1      0.0

DEGREE DAYS
 HEATING
  TODAY           13                                3
  MONTH TO DATE  117                              -65
  SINCE SEP 1    127                              -79
  SINCE JUL 1    127                              -79

 COOLING
  TODAY            0                               -1
  MONTH TO DATE   56                                8
  SINCE SEP 1    301                               33
  SINCE JAN 1   1912                              270
...............................................................


WIND (MPH)
  HIGHEST WIND SPEED    15   HIGHEST WIND DIRECTION    NW (330)
  HIGHEST GUST SPEED    21   HIGHEST GUST DIRECTION    NW (320)
  AVERAGE WIND SPEED     9.5




RELATIVE HUMIDITY (PERCENT)
 HIGHEST    77
 LOWEST     47
 AVERAGE    62

..........................................................


THE NASHVILLE CLIMATE NORMALS FOR TOMORROW
                         NORMAL    RECORD    YEAR
 MAXIMUM TEMPERATURE (F)   67        85      2016
                                             1950
 MINIMUM TEMPERATURE (F)   44        27      1980
                                             1887


SUNRISE AND SUNSET
OCTOBER 30 2020.......SUNRISE   708 AM CDT   SUNSET   552 PM CDT
OCTOBER 31 2020.......SUNRISE   709 AM CDT   SUNSET   551 PM CDT


-  INDICATES NEGATIVE NUMBERS.
R  INDICATES RECORD WAS SET OR TIED.
MM INDICATES DATA IS MISSING.
T  INDICATES TRACE AMOUNT.




$$
