000
CDUS44 KOHX 232155
CLIBNA


CLIMATE REPORT
NATIONAL WEATHER SERVICE NASHVILLE TN
452 PM CDT MON APR 23 2018


...................................

...THE NASHVILLE CLIMATE SUMMARY FOR APRIL 23 2018...
VALID TODAY AS OF 0400 PM LOCAL TIME.

CLIMATE NORMAL PERIOD 1981 TO 2010
CLIMATE RECORD PERIOD 1871 TO 2018


WEATHER ITEM   OBSERVED TIME   RECORD YEAR NORMAL DEPARTURE
                VALUE   (LST)  VALUE       VALUE  FROM
                                                  NORMAL
...............................................................
TEMPERATURE (F)
 TODAY
  MAXIMUM         70    110 PM  90    1980  73     -3
  MINIMUM         58    433 AM  31    1986  50      8
  AVERAGE         64                        61      3

PRECIPITATION (IN)
  TODAY            0.28          2.95 1878   0.15   0.13
  MONTH TO DATE    5.39                      2.91   2.48
  SINCE JAN 1     22.76                     14.71   8.05

SNOWFALL (IN)
  TODAY            0.0           0.0  2002
                                      2001
  MONTH TO DATE    0.0
  SINCE MAR 1      0.6
  SINCE JUL 1      3.0

DEGREE DAYS
 HEATING
  TODAY            1                               -4
  MONTH TO DATE  257                               70
  SINCE MAR 1    701                               41
  SINCE JUL 1   3348                             -250

 COOLING
  TODAY            0                               -2
  MONTH TO DATE   11                              -15
  SINCE MAR 1     13                              -21
  SINCE JAN 1     34                                0
...............................................................


WIND (MPH)
  HIGHEST WIND SPEED    25   HIGHEST WIND DIRECTION     E (110)
  HIGHEST GUST SPEED    32   HIGHEST GUST DIRECTION    SE (120)
  AVERAGE WIND SPEED    10.5




RELATIVE HUMIDITY (PERCENT)
 HIGHEST    93
 LOWEST     68
 AVERAGE    81

..........................................................


THE NASHVILLE CLIMATE NORMALS FOR TOMORROW
                         NORMAL    RECORD    YEAR
 MAXIMUM TEMPERATURE (F)   73        90      1925
 MINIMUM TEMPERATURE (F)   50        34      1986
                                             1910


SUNRISE AND SUNSET
APRIL 23 2018.........SUNRISE   603 AM CDT   SUNSET   727 PM CDT
APRIL 24 2018.........SUNRISE   602 AM CDT   SUNSET   728 PM CDT


-  INDICATES NEGATIVE NUMBERS.
R  INDICATES RECORD WAS SET OR TIED.
MM INDICATES DATA IS MISSING.
T  INDICATES TRACE AMOUNT.




$$
