509
CDUS44 KOHX 231405
CLIBNA


CLIMATE REPORT
NATIONAL WEATHER SERVICE NASHVILLE TN
905 AM CDT WED OCT 23 2019


...................................

...THE NASHVILLE CLIMATE SUMMARY FOR OCTOBER 23 2019...
VALID AS OF 0900 AM LOCAL TIME.

CLIMATE NORMAL PERIOD 1981 TO 2010
CLIMATE RECORD PERIOD 1871 TO 2019


WEATHER ITEM   OBSERVED TIME   RECORD YEAR NORMAL DEPARTURE
                VALUE   (LST)  VALUE       VALUE  FROM
                                                  NORMAL
...............................................................
TEMPERATURE (F)
 TODAY
  MINIMUM         40    530 AM  30    1952  47     -7

PRECIPITATION (IN)
  TODAY            0.00          2.18 2007   0.10  -0.10
  MONTH TO DATE    3.18                      2.21   0.97
  SINCE JAN 1     50.60                     37.87  12.73

SNOWFALL (IN)
  TODAY            0.0           0.0  2002
                                      2001
                                      2000
  MONTH TO DATE    0.0
  SINCE SEP 1      0.0
  SINCE JUL 1      0.0

DEGREE DAYS
 HEATING
  TODAY           19                               11
  MONTH TO DATE   94                              -26
  SINCE SEP 1     94                              -50
  SINCE JUL 1     94                              -50

 COOLING
  TODAY            0                               -1
  MONTH TO DATE  107                               66
  SINCE SEP 1    576                              315
  SINCE JAN 1   2278                              643
...............................................................


WIND (MPH)
  HIGHEST WIND SPEED     7   HIGHEST WIND DIRECTION     S (190)
  HIGHEST GUST SPEED     8   HIGHEST GUST DIRECTION     W (280)
  AVERAGE WIND SPEED     4.3




RELATIVE HUMIDITY (PERCENT)
 HIGHEST    82
 LOWEST     54
 AVERAGE    68

..........................................................


THE NASHVILLE CLIMATE NORMALS FOR TOMORROW
                         NORMAL    RECORD    YEAR
 MAXIMUM TEMPERATURE (F)   69        85      2000
                                             1927
 MINIMUM TEMPERATURE (F)   46        28      1981


SUNRISE AND SUNSET
OCTOBER 23 2019.......SUNRISE   701 AM CDT   SUNSET   601 PM CDT
OCTOBER 24 2019.......SUNRISE   702 AM CDT   SUNSET   600 PM CDT


-  INDICATES NEGATIVE NUMBERS.
R  INDICATES RECORD WAS SET OR TIED.
MM INDICATES DATA IS MISSING.
T  INDICATES TRACE AMOUNT.




$$
