000
CDUS44 KOHX 180035
CLIBNA


CLIMATE REPORT
NATIONAL WEATHER SERVICE NASHVILLE TN
734 PM CDT WED OCT 17 2018


...................................

...THE NASHVILLE CLIMATE SUMMARY FOR OCTOBER 17 2018...
VALID TODAY AS OF 0700 PM LOCAL TIME.

CLIMATE NORMAL PERIOD 1981 TO 2010
CLIMATE RECORD PERIOD 1871 TO 2018


WEATHER ITEM   OBSERVED TIME   RECORD YEAR NORMAL DEPARTURE
                VALUE   (LST)  VALUE       VALUE  FROM
                                                  NORMAL
...............................................................
TEMPERATURE (F)
 TODAY
  MAXIMUM         70    257 PM  86    2016  71     -1
                                      2007
                                      1965
  MINIMUM         45    539 AM  31    1977  48     -3
                                      1948
  AVERAGE         58                        60     -2

PRECIPITATION (IN)
  TODAY            0.00          3.18 1928   0.10  -0.10
  MONTH TO DATE    2.27                      1.64   0.63
  SINCE JAN 1     48.38                     37.30  11.08

SNOWFALL (IN)
  TODAY            0.0           0.0  2002
                                      2001
                                      2000
  MONTH TO DATE    0.0
  SINCE SEP 1      0.0
  SINCE JUL 1      0.0

DEGREE DAYS
 HEATING
  TODAY            7                                1
  MONTH TO DATE   50                              -26
  SINCE SEP 1     52                              -48
  SINCE JUL 1     52                              -48

 COOLING
  TODAY            0                               -1
  MONTH TO DATE  134                               99
  SINCE SEP 1    515                              260
  SINCE JAN 1   2332                              703
...............................................................


WIND (MPH)
  HIGHEST WIND SPEED    12   HIGHEST WIND DIRECTION    NW (320)
  HIGHEST GUST SPEED    22   HIGHEST GUST DIRECTION    NW (310)
  AVERAGE WIND SPEED     3.6




RELATIVE HUMIDITY (PERCENT)
 HIGHEST    93
 LOWEST     37
 AVERAGE    65

..........................................................


THE NASHVILLE CLIMATE NORMALS FOR TOMORROW
                         NORMAL    RECORD    YEAR
 MAXIMUM TEMPERATURE (F)   71        87      2016
                                             1953
 MINIMUM TEMPERATURE (F)   48        28      1948


SUNRISE AND SUNSET
OCTOBER 17 2018.......SUNRISE   655 AM CDT   SUNSET   608 PM CDT
OCTOBER 18 2018.......SUNRISE   656 AM CDT   SUNSET   607 PM CDT


-  INDICATES NEGATIVE NUMBERS.
R  INDICATES RECORD WAS SET OR TIED.
MM INDICATES DATA IS MISSING.
T  INDICATES TRACE AMOUNT.




$$
