000
CDUS44 KOHX 170703
CLIBNA


CLIMATE REPORT
NATIONAL WEATHER SERVICE NASHVILLE TN
203 AM CDT TUE JUL 17 2018


...................................

...THE NASHVILLE CLIMATE SUMMARY FOR JULY 16 2018...

CLIMATE NORMAL PERIOD 1981 TO 2010
CLIMATE RECORD PERIOD 1871 TO 2018


WEATHER ITEM   OBSERVED TIME   RECORD YEAR NORMAL DEPARTURE
                VALUE   (LST)  VALUE       VALUE  FROM
                                                  NORMAL
...............................................................
TEMPERATURE (F)
 YESTERDAY
  MAXIMUM         93    314 PM 104    1980  89      4
  MINIMUM         73    258 AM  57    2014  70      3
                                      1967
                                      1945
  AVERAGE         83                        80      3

PRECIPITATION (IN)
  YESTERDAY        0.48          3.04 1929   0.12   0.36
  MONTH TO DATE    2.11                      1.96   0.15
  SINCE JAN 1     34.29                     27.40   6.89

SNOWFALL (IN)
  YESTERDAY        0.0           0.0  2002
                                      2001
  MONTH TO DATE    0.0
  SINCE JUN 1      0.0
  SINCE JUL 1      0.0

DEGREE DAYS
 HEATING
  YESTERDAY        0                                0
  MONTH TO DATE    0                                0
  SINCE JUN 1      0                               -3
  SINCE JUL 1      0                                0

 COOLING
  YESTERDAY       18                                3
  MONTH TO DATE  292                               64
  SINCE JUN 1    742                              190
  SINCE JAN 1   1110                              379
...............................................................


WIND (MPH)
  HIGHEST WIND SPEED    17   HIGHEST WIND DIRECTION    NE (50)
  HIGHEST GUST SPEED    20   HIGHEST GUST DIRECTION    NE (60)
  AVERAGE WIND SPEED     4.4




RELATIVE HUMIDITY (PERCENT)
 HIGHEST    93
 LOWEST     49

..........................................................


THE NASHVILLE CLIMATE NORMALS FOR TODAY
                         NORMAL    RECORD    YEAR
 MAXIMUM TEMPERATURE (F)   89       101      1902
 MINIMUM TEMPERATURE (F)   70        56      1945


SUNRISE AND SUNSET
JULY 17 2018..........SUNRISE   543 AM CDT   SUNSET   803 PM CDT
JULY 18 2018..........SUNRISE   543 AM CDT   SUNSET   802 PM CDT


-  INDICATES NEGATIVE NUMBERS.
R  INDICATES RECORD WAS SET OR TIED.
MM INDICATES DATA IS MISSING.
T  INDICATES TRACE AMOUNT.




$$
