000
CDUS44 KOHX 161425
CLIBNA


CLIMATE REPORT
NATIONAL WEATHER SERVICE NASHVILLE TN
825 AM CST WED JAN 16 2019


...................................

...THE NASHVILLE CLIMATE SUMMARY FOR JANUARY 16 2019...
VALID AS OF 0800 AM LOCAL TIME.

CLIMATE NORMAL PERIOD 1981 TO 2010
CLIMATE RECORD PERIOD 1871 TO 2019


WEATHER ITEM   OBSERVED TIME   RECORD YEAR NORMAL DEPARTURE
                VALUE   (LST)  VALUE       VALUE  FROM
                                                  NORMAL
...............................................................
TEMPERATURE (F)
 TODAY
  MINIMUM         27    659 AM  -6    1982  28     -1

PRECIPITATION (IN)
  TODAY            0.00          1.67 1876   0.13  -0.13
  MONTH TO DATE    1.21                      1.88  -0.67
  SINCE JAN 1      1.21                      1.88  -0.67

SNOWFALL (IN)
  TODAY            0.0           7.0  2003
                                      1948
  MONTH TO DATE    T
  SINCE DEC 1      0.2
  SINCE JUL 1      0.2

DEGREE DAYS
 HEATING
  TODAY           36                                8
  MONTH TO DATE  347                              -96
  SINCE DEC 1    960                             -246
  SINCE JUL 1   1703                             -177

 COOLING
  TODAY            0                                0
  MONTH TO DATE    0                                0
  SINCE DEC 1      0                               -1
  SINCE JAN 1      0                                0
...............................................................


WIND (MPH)
  HIGHEST WIND SPEED     8   HIGHEST WIND DIRECTION     S (180)
  HIGHEST GUST SPEED     9   HIGHEST GUST DIRECTION     S (180)
  AVERAGE WIND SPEED     5.5




RELATIVE HUMIDITY (PERCENT)
 HIGHEST    92
 LOWEST     85
 AVERAGE    89

..........................................................


THE NASHVILLE CLIMATE NORMALS FOR TOMORROW
                         NORMAL    RECORD    YEAR
 MAXIMUM TEMPERATURE (F)   47        71      1937
                                             1907
 MINIMUM TEMPERATURE (F)   28       -11      1982


SUNRISE AND SUNSET
JANUARY 16 2019.......SUNRISE   657 AM CST   SUNSET   457 PM CST
JANUARY 17 2019.......SUNRISE   656 AM CST   SUNSET   458 PM CST


-  INDICATES NEGATIVE NUMBERS.
R  INDICATES RECORD WAS SET OR TIED.
MM INDICATES DATA IS MISSING.
T  INDICATES TRACE AMOUNT.




$$
